{"id":154,"date":"2021-09-02T11:27:41","date_gmt":"2021-09-02T11:27:41","guid":{"rendered":"https:\/\/www.bau-styl.hu\/berles\/?page_id=154"},"modified":"2024-04-09T18:37:05","modified_gmt":"2024-04-09T18:37:05","slug":"kezdooldal","status":"publish","type":"page","link":"https:\/\/www.bau-styl.hu\/berles\/","title":{"rendered":"Kezd\u0151oldal"},"content":{"rendered":"\n<style type=\"text\/css\" data-created_by=\"avia_inline_auto\" id=\"style-css-av-13hj9u-4f744018fa93fdceed450d6f99f0e37d\">\n.avia-section.av-13hj9u-4f744018fa93fdceed450d6f99f0e37d{\nbackground-repeat:no-repeat;\nbackground-image:url(https:\/\/www.bau-styl.hu\/berles\/wp-content\/uploads\/2021\/09\/Munkagep-9.jpg);\nbackground-position:50% 50%;\nbackground-attachment:scroll;\n}\n.avia-section.av-13hj9u-4f744018fa93fdceed450d6f99f0e37d .av-section-color-overlay{\nopacity:0.5;\nbackground-color:#000000;\n}\n#top .avia-section.av-13hj9u-4f744018fa93fdceed450d6f99f0e37d .scroll-down-link{\ncolor:#ffffff;\n}\n#top .avia-section.av-13hj9u-4f744018fa93fdceed450d6f99f0e37d .scroll-down-link.avia-svg-icon svg:first-child{\nstroke:#ffffff;\nfill:#ffffff;\n}\n<\/style>\n<div id='av_section_1'  class='avia-section av-13hj9u-4f744018fa93fdceed450d6f99f0e37d main_color avia-section-large avia-no-border-styling  avia-builder-el-0  el_before_av_section  avia-builder-el-first  avia-full-stretch avia-bg-style-scroll av-section-color-overlay-active av-minimum-height av-minimum-height-75 av-height-75  container_wrap fullsize'  data-section-bg-repeat='stretch' data-av_minimum_height_pc='75' data-av_min_height_opt='75'><div class=\"av-section-color-overlay-wrap\"><div class=\"av-section-color-overlay\"><\/div><a href='#next-section' title='' class='scroll-down-link av-custom-scroll-down-color avia-svg-icon avia-font-svg_entypo-fontello' data-av_svg_icon='down-open-mini' data-av_iconset='svg_entypo-fontello'><svg version=\"1.1\" xmlns=\"http:\/\/www.w3.org\/2000\/svg\" width=\"15\" height=\"32\" viewBox=\"0 0 15 32\" preserveAspectRatio=\"xMidYMid meet\" aria-labelledby='av-svg-title-1' aria-describedby='av-svg-desc-1' role=\"graphics-symbol\" aria-hidden=\"true\">\n<title id='av-svg-title-1'>Scroll to next section<\/title>\n<desc id='av-svg-desc-1'>Scroll to next section<\/desc>\n<path d=\"M12.96 12.16q0.704-0.832 1.536 0 0.832 0.704 0 1.536l-6.272 6.144q-0.704 0.704-1.536 0l-6.272-6.144q-0.832-0.832 0-1.536 0.768-0.768 1.6 0l5.44 4.992z\"><\/path>\n<\/svg><\/a><div class='container av-section-cont-open' ><main  role=\"main\" itemprop=\"mainContentOfPage\"  class='template-page content  av-content-full alpha units'><div class='post-entry post-entry-type-page post-entry-154'><div class='entry-content-wrapper clearfix'>\n\n<style type=\"text\/css\" data-created_by=\"avia_inline_auto\" id=\"style-css-av-kt34nw3j-816a20eeb6ef732620df21ef6dbdc48a\">\n#top .av-special-heading.av-kt34nw3j-816a20eeb6ef732620df21ef6dbdc48a{\npadding-bottom:10px;\ncolor:#ffffff;\nfont-size:50px;\n}\nbody .av-special-heading.av-kt34nw3j-816a20eeb6ef732620df21ef6dbdc48a .av-special-heading-tag .heading-char{\nfont-size:25px;\n}\n#top #wrap_all .av-special-heading.av-kt34nw3j-816a20eeb6ef732620df21ef6dbdc48a .av-special-heading-tag{\nfont-size:50px;\n}\n.av-special-heading.av-kt34nw3j-816a20eeb6ef732620df21ef6dbdc48a .special-heading-inner-border{\nborder-color:#ffffff;\n}\n.av-special-heading.av-kt34nw3j-816a20eeb6ef732620df21ef6dbdc48a .av-subheading{\nfont-size:15px;\n}\n\n@media only screen and (min-width: 480px) and (max-width: 767px){ \n#top #wrap_all .av-special-heading.av-kt34nw3j-816a20eeb6ef732620df21ef6dbdc48a .av-special-heading-tag{\nfont-size:20px;\n}\n}\n\n@media only screen and (max-width: 479px){ \n#top #wrap_all .av-special-heading.av-kt34nw3j-816a20eeb6ef732620df21ef6dbdc48a .av-special-heading-tag{\nfont-size:20px;\n}\n}\n<\/style>\n<div  class='av-special-heading av-kt34nw3j-816a20eeb6ef732620df21ef6dbdc48a av-special-heading-h1 custom-color-heading blockquote modern-quote modern-centered  avia-builder-el-1  el_before_av_hr  avia-builder-el-first  av-inherit-size'><h1 class='av-special-heading-tag '  itemprop=\"headline\"  >Szerezzen be mindent egy helyen, ami \u00e9p\u00edtkez\u00e9s\u00e9hez kellhet! F\u00f6d\u00e9mzsalut\u00f3l a munkag\u00e9pekig<\/h1><div class=\"special-heading-border\"><div class=\"special-heading-inner-border\"><\/div><\/div><\/div>\n\n<style type=\"text\/css\" data-created_by=\"avia_inline_auto\" id=\"style-css-av-ut21m-0283577603cc3e87740380ac8cf63e05\">\n#top .hr.hr-invisible.av-ut21m-0283577603cc3e87740380ac8cf63e05{\nheight:50px;\n}\n<\/style>\n<div  class='hr av-ut21m-0283577603cc3e87740380ac8cf63e05 hr-invisible  avia-builder-el-2  el_after_av_heading  avia-builder-el-last '><span class='hr-inner '><span class=\"hr-inner-style\"><\/span><\/span><\/div>\n\n<\/div><\/div><\/main><!-- close content main element --><\/div><\/div><\/div><div id='av_section_2'  class='avia-section av-a1ggq-f90fa676e85d908f085c77c688eac271 footer_color avia-section-default avia-no-border-styling  avia-builder-el-3  el_after_av_section  el_before_av_section  av-desktop-hide av-medium-hide av-small-hide av-mini-hide avia-bg-style-scroll container_wrap fullsize'  ><div class='container av-section-cont-open' ><div class='template-page content  av-content-full alpha units'><div class='post-entry post-entry-type-page post-entry-154'><div class='entry-content-wrapper clearfix'>\n<section  class='av_textblock_section av-lnxhhzsd-f716a0b5eaaac3c89d68d0e2a25ea215 '   itemscope=\"itemscope\" itemtype=\"https:\/\/schema.org\/CreativeWork\" ><div class='avia_textblock'  itemprop=\"text\" ><p style=\"text-align: center;\"><span style=\"font-weight: 400;\">\u00dcnnepi nyitvatart\u00e1sunk:<\/span><span style=\"font-weight: 400;\"><br \/>\n<\/span><span style=\"font-weight: 400;\">2023.12.21-t\u0151l 2024.01.07-ig z\u00e1rva lesz\u00fcnk. <\/span><span style=\"font-weight: 400;\"><br \/>\n<\/span><span style=\"font-weight: 400;\">Janu\u00e1r 8-t\u00f3l sok szeretettel v\u00e1runk mindenkit a megszokott nyitvatart\u00e1ssal!<\/span><\/p>\n<\/div><\/section>\n\n<\/div><\/div><\/div><!-- close content main div --><\/div><\/div><div id='av_section_3'  class='avia-section av-ollai-1dbcebd02fd696cd68873328bdb99246 main_color avia-section-default avia-no-border-styling  avia-builder-el-5  el_after_av_section  avia-builder-el-last  avia-bg-style-scroll container_wrap fullsize'  ><div class='container av-section-cont-open' ><div class='template-page content  av-content-full alpha units'><div class='post-entry post-entry-type-page post-entry-154'><div class='entry-content-wrapper clearfix'>\n\n<style type=\"text\/css\" data-created_by=\"avia_inline_auto\" id=\"style-css-av-kt34oj75-0429570ea2ea6619c79100cf6054fa33\">\n#top .av-special-heading.av-kt34oj75-0429570ea2ea6619c79100cf6054fa33{\npadding-bottom:10px;\ncolor:#f37820;\n}\nbody .av-special-heading.av-kt34oj75-0429570ea2ea6619c79100cf6054fa33 .av-special-heading-tag .heading-char{\nfont-size:25px;\n}\n.av-special-heading.av-kt34oj75-0429570ea2ea6619c79100cf6054fa33 .special-heading-inner-border{\nborder-color:#f37820;\n}\n.av-special-heading.av-kt34oj75-0429570ea2ea6619c79100cf6054fa33 .av-subheading{\nfont-size:15px;\n}\n<\/style>\n<div  class='av-special-heading av-kt34oj75-0429570ea2ea6619c79100cf6054fa33 av-special-heading-h2 custom-color-heading blockquote modern-quote modern-centered  avia-builder-el-6  el_before_av_one_full  avia-builder-el-first '><h2 class='av-special-heading-tag '  itemprop=\"headline\"  >Miben tudunk seg\u00edteni?<\/h2><div class=\"special-heading-border\"><div class=\"special-heading-inner-border\"><\/div><\/div><\/div>\n\n<style type=\"text\/css\" data-created_by=\"avia_inline_auto\" id=\"style-css-av-aflq2-314852a0b2c566398bf612dd9e91d7c7\">\n.flex_column.av-aflq2-314852a0b2c566398bf612dd9e91d7c7{\nborder-radius:0px 0px 0px 0px;\npadding:0px 0px 0px 0px;\n}\n<\/style>\n<div  class='flex_column av-aflq2-314852a0b2c566398bf612dd9e91d7c7 av_one_full  avia-builder-el-7  el_after_av_heading  el_before_av_hr  first flex_column_div av-zero-column-padding  '     ><section  class='av_textblock_section av-kt37cx8d-08eabd0cf8159cc825584dd55dff01b1 '   itemscope=\"itemscope\" itemtype=\"https:\/\/schema.org\/CreativeWork\" ><div class='avia_textblock'  itemprop=\"text\" ><p style=\"text-align: center;\">Sz\u00e9lesebb szolg\u00e1ltat\u00e1spalett\u00e1val szeretn\u00e9nk partnereink seg\u00edts\u00e9g\u00e9re lenni, \u00edgy az \u00e9p\u00edt\u0151anyagok, burkolatok \u00e9s szaniterek \u00e9rt\u00e9kes\u00edt\u00e9se mellett m\u00e1r speci\u00e1lis eszk\u00f6z\u00f6k b\u00e9rl\u00e9s\u00e9vel kapcsolatban is fordulhat hozz\u00e1nk.<\/p>\n<p style=\"text-align: center;\">Engedje meg, hogy t\u00e1mogassuk \u00e9p\u00edtkez\u00e9se minden pillanat\u00e1n\u00e1l, a tereprendez\u00e9st\u0151l eg\u00e9szen az utols\u00f3 cser\u00e9pig!<\/p>\n<\/div><\/section><\/div>\n<style type=\"text\/css\" data-created_by=\"avia_inline_auto\" id=\"style-css-av-b078i-77dbe78cd8027b0556605e38d3f8b55c\">\n#top .hr.hr-invisible.av-b078i-77dbe78cd8027b0556605e38d3f8b55c{\nheight:50px;\n}\n<\/style>\n<div  class='hr av-b078i-77dbe78cd8027b0556605e38d3f8b55c hr-invisible  avia-builder-el-9  el_after_av_one_full  el_before_av_one_fourth '><span class='hr-inner '><span class=\"hr-inner-style\"><\/span><\/span><\/div>\n\n<style type=\"text\/css\" data-created_by=\"avia_inline_auto\" id=\"style-css-av-jfm2q-51df513a6f11ba3d8220afda4dbb8501\">\n.flex_column.av-jfm2q-51df513a6f11ba3d8220afda4dbb8501{\nborder-radius:0px 0px 0px 0px;\npadding:0px 0px 0px 0px;\n}\n<\/style>\n<div  class='flex_column av-jfm2q-51df513a6f11ba3d8220afda4dbb8501 av_one_fourth  avia-builder-el-10  el_after_av_hr  el_before_av_one_fourth  first flex_column_div av-zero-column-padding  '     ><p>\n<style type=\"text\/css\" data-created_by=\"avia_inline_auto\" id=\"style-css-av-kt34pkfh-3c713c5f79650c8c1b12c69504e3982a\">\n.avia-image-container.av-kt34pkfh-3c713c5f79650c8c1b12c69504e3982a img.avia_image{\nbox-shadow:none;\n}\n.avia-image-container.av-kt34pkfh-3c713c5f79650c8c1b12c69504e3982a .av-image-caption-overlay-center{\ncolor:#ffffff;\n}\n<\/style>\n<div  class='avia-image-container av-kt34pkfh-3c713c5f79650c8c1b12c69504e3982a av-styling-no-styling av-hover-grow av-hide-overflow av-img-linked avia-align-center  avia-builder-el-11  el_before_av_heading  avia-builder-el-first '   itemprop=\"image\" itemscope=\"itemscope\" itemtype=\"https:\/\/schema.org\/ImageObject\" ><div class=\"avia-image-container-inner\"><div class=\"avia-image-overlay-wrap\"><a href=\"https:\/\/www.bau-styl.hu\/berles\/zsaluberles\/\" class='avia_image '  aria-label='F\u00f6d\u00e9mzsalu (8)'><img decoding=\"async\" fetchpriority=\"high\" class='wp-image-33 avia-img-lazy-loading-not-33 avia_image ' src=\"https:\/\/www.bau-styl.hu\/berles\/wp-content\/uploads\/2020\/10\/Fodemzsalu-8-495x400.jpg\" alt='' title='F\u00f6d\u00e9mzsalu (8)'  height=\"400\" width=\"495\"  itemprop=\"thumbnailUrl\" srcset=\"https:\/\/www.bau-styl.hu\/berles\/wp-content\/uploads\/2020\/10\/Fodemzsalu-8-495x400.jpg 495w, https:\/\/www.bau-styl.hu\/berles\/wp-content\/uploads\/2020\/10\/Fodemzsalu-8-845x684.jpg 845w\" sizes=\"(max-width: 495px) 100vw, 495px\" \/><\/a><\/div><\/div><\/div><br \/>\n\n<style type=\"text\/css\" data-created_by=\"avia_inline_auto\" id=\"style-css-av-kt34p7rf-ab71d76119a787b0c23d31b618c78851\">\n#top .av-special-heading.av-kt34p7rf-ab71d76119a787b0c23d31b618c78851{\nmargin:0 0 0 0;\npadding-bottom:10px;\n}\nbody .av-special-heading.av-kt34p7rf-ab71d76119a787b0c23d31b618c78851 .av-special-heading-tag .heading-char{\nfont-size:25px;\n}\n.av-special-heading.av-kt34p7rf-ab71d76119a787b0c23d31b618c78851 .av-subheading{\nfont-size:15px;\n}\n<\/style>\n<div  class='av-special-heading av-kt34p7rf-ab71d76119a787b0c23d31b618c78851 av-special-heading-h3 blockquote modern-quote modern-centered  avia-builder-el-12  el_after_av_image  avia-builder-el-last  av-linked-heading'><h3 class='av-special-heading-tag '  itemprop=\"headline\"  ><a class=\"av-heading-link\" href=\"https:\/\/www.bau-styl.hu\/berles\/zsaluberles\/\" >F\u00f6d\u00e9mzsalurendszer<\/a><\/h3><div class=\"special-heading-border\"><div class=\"special-heading-inner-border\"><\/div><\/div><\/div><\/p><\/div>\n<style type=\"text\/css\" data-created_by=\"avia_inline_auto\" id=\"style-css-av-hes5u-5462086b215ca1ad92887cea31470d15\">\n.flex_column.av-hes5u-5462086b215ca1ad92887cea31470d15{\nborder-radius:0px 0px 0px 0px;\npadding:0px 0px 0px 0px;\n}\n<\/style>\n<div  class='flex_column av-hes5u-5462086b215ca1ad92887cea31470d15 av_one_fourth  avia-builder-el-13  el_after_av_one_fourth  el_before_av_one_fourth  flex_column_div av-zero-column-padding  '     ><p>\n<style type=\"text\/css\" data-created_by=\"avia_inline_auto\" id=\"style-css-av-kt34q0ky-d5a5018ad5a179faf419c17a747d6465\">\n.avia-image-container.av-kt34q0ky-d5a5018ad5a179faf419c17a747d6465 img.avia_image{\nbox-shadow:none;\n}\n.avia-image-container.av-kt34q0ky-d5a5018ad5a179faf419c17a747d6465 .av-image-caption-overlay-center{\ncolor:#ffffff;\n}\n<\/style>\n<div  class='avia-image-container av-kt34q0ky-d5a5018ad5a179faf419c17a747d6465 av-styling-no-styling av-hover-grow av-hide-overflow av-img-linked avia-align-center  avia-builder-el-14  el_before_av_heading  avia-builder-el-first '   itemprop=\"image\" itemscope=\"itemscope\" itemtype=\"https:\/\/schema.org\/ImageObject\" ><div class=\"avia-image-container-inner\"><div class=\"avia-image-overlay-wrap\"><a href=\"https:\/\/www.bau-styl.hu\/berles\/foldmunkagep-berles\/\" class='avia_image '  aria-label='Munkag\u00e9p (10)'><img decoding=\"async\" fetchpriority=\"high\" class='wp-image-256 avia-img-lazy-loading-not-256 avia_image ' src=\"https:\/\/www.bau-styl.hu\/berles\/wp-content\/uploads\/2021\/09\/Munkagep-10-495x400.jpg\" alt='' title='Munkag\u00e9p (10)'  height=\"400\" width=\"495\"  itemprop=\"thumbnailUrl\"  \/><\/a><\/div><\/div><\/div><br \/>\n\n<style type=\"text\/css\" data-created_by=\"avia_inline_auto\" id=\"style-css-av-kt34pt3w-fbae697430ab55f7cfee2d103d0ebe5a\">\n#top .av-special-heading.av-kt34pt3w-fbae697430ab55f7cfee2d103d0ebe5a{\nmargin:0 0 0 0;\npadding-bottom:10px;\n}\nbody .av-special-heading.av-kt34pt3w-fbae697430ab55f7cfee2d103d0ebe5a .av-special-heading-tag .heading-char{\nfont-size:25px;\n}\n.av-special-heading.av-kt34pt3w-fbae697430ab55f7cfee2d103d0ebe5a .av-subheading{\nfont-size:15px;\n}\n<\/style>\n<div  class='av-special-heading av-kt34pt3w-fbae697430ab55f7cfee2d103d0ebe5a av-special-heading-h3 blockquote modern-quote modern-centered  avia-builder-el-15  el_after_av_image  avia-builder-el-last  av-linked-heading'><h3 class='av-special-heading-tag '  itemprop=\"headline\"  ><a class=\"av-heading-link\" href=\"https:\/\/www.bau-styl.hu\/berles\/foldmunkagep-berles\/\" >F\u00f6ldmunkag\u00e9pek<\/a><\/h3><div class=\"special-heading-border\"><div class=\"special-heading-inner-border\"><\/div><\/div><\/div><\/p><\/div>\n<style type=\"text\/css\" data-created_by=\"avia_inline_auto\" id=\"style-css-av-9o1fu-6ef8aba2c998282199e79485ad76b8da\">\n.flex_column.av-9o1fu-6ef8aba2c998282199e79485ad76b8da{\nborder-radius:0px 0px 0px 0px;\npadding:0px 0px 0px 0px;\n}\n<\/style>\n<div  class='flex_column av-9o1fu-6ef8aba2c998282199e79485ad76b8da av_one_fourth  avia-builder-el-16  el_after_av_one_fourth  el_before_av_one_fourth  flex_column_div av-zero-column-padding  '     ><p>\n<style type=\"text\/css\" data-created_by=\"avia_inline_auto\" id=\"style-css-av-l2boxqbt-0c5f21c15cbfa2d85625008878825e71\">\n.avia-image-container.av-l2boxqbt-0c5f21c15cbfa2d85625008878825e71 img.avia_image{\nbox-shadow:none;\n}\n.avia-image-container.av-l2boxqbt-0c5f21c15cbfa2d85625008878825e71 .av-image-caption-overlay-center{\ncolor:#ffffff;\n}\n<\/style>\n<div  class='avia-image-container av-l2boxqbt-0c5f21c15cbfa2d85625008878825e71 av-styling-no-styling av-hover-grow av-hide-overflow av-img-linked avia-align-center  avia-builder-el-17  el_before_av_heading  avia-builder-el-first '   itemprop=\"image\" itemscope=\"itemscope\" itemtype=\"https:\/\/schema.org\/ImageObject\" ><div class=\"avia-image-container-inner\"><div class=\"avia-image-overlay-wrap\"><a href=\"https:\/\/www.bau-styl.hu\/berles\/homlokzati-allvanyrendszer-berles\/\" class='avia_image '  aria-label='homlokzati \u00e1llv\u00e1ny b\u00e9rl\u00e9s (3)'><img decoding=\"async\" fetchpriority=\"high\" class='wp-image-282 avia-img-lazy-loading-not-282 avia_image ' src=\"https:\/\/www.bau-styl.hu\/berles\/wp-content\/uploads\/2022\/04\/homlokzati-allvany-berles-3-495x400.jpg\" alt='' title='homlokzati \u00e1llv\u00e1ny b\u00e9rl\u00e9s (3)'  height=\"400\" width=\"495\"  itemprop=\"thumbnailUrl\" srcset=\"https:\/\/www.bau-styl.hu\/berles\/wp-content\/uploads\/2022\/04\/homlokzati-allvany-berles-3-495x400.jpg 495w, https:\/\/www.bau-styl.hu\/berles\/wp-content\/uploads\/2022\/04\/homlokzati-allvany-berles-3-845x684.jpg 845w\" sizes=\"(max-width: 495px) 100vw, 495px\" \/><\/a><\/div><\/div><\/div><br \/>\n\n<style type=\"text\/css\" data-created_by=\"avia_inline_auto\" id=\"style-css-av-l2boy0ix-68a238fcee8fa6794af79502fe9f850e\">\n#top .av-special-heading.av-l2boy0ix-68a238fcee8fa6794af79502fe9f850e{\nmargin:0 0 0 0;\npadding-bottom:10px;\n}\nbody .av-special-heading.av-l2boy0ix-68a238fcee8fa6794af79502fe9f850e .av-special-heading-tag .heading-char{\nfont-size:25px;\n}\n.av-special-heading.av-l2boy0ix-68a238fcee8fa6794af79502fe9f850e .av-subheading{\nfont-size:15px;\n}\n<\/style>\n<div  class='av-special-heading av-l2boy0ix-68a238fcee8fa6794af79502fe9f850e av-special-heading-h3 blockquote modern-quote modern-centered  avia-builder-el-18  el_after_av_image  avia-builder-el-last  av-linked-heading'><h3 class='av-special-heading-tag '  itemprop=\"headline\"  ><a class=\"av-heading-link\" href=\"https:\/\/www.bau-styl.hu\/berles\/homlokzati-allvanyrendszer-berles\/\" >Homlokzati \u00e1llv\u00e1nyrendszer<\/a><\/h3><div class=\"special-heading-border\"><div class=\"special-heading-inner-border\"><\/div><\/div><\/div><\/p><\/div>\n<style type=\"text\/css\" data-created_by=\"avia_inline_auto\" id=\"style-css-av-8hmfm-2dc84cf19c92858b3b2fa091dcfb964d\">\n.flex_column.av-8hmfm-2dc84cf19c92858b3b2fa091dcfb964d{\nborder-radius:0px 0px 0px 0px;\npadding:0px 0px 0px 0px;\n}\n<\/style>\n<div  class='flex_column av-8hmfm-2dc84cf19c92858b3b2fa091dcfb964d av_one_fourth  avia-builder-el-19  el_after_av_one_fourth  avia-builder-el-last  flex_column_div av-zero-column-padding  '     ><p>\n<style type=\"text\/css\" data-created_by=\"avia_inline_auto\" id=\"style-css-av-kt34vc86-ada1973eab6fd338f51e1256e2b72c24\">\n.avia-image-container.av-kt34vc86-ada1973eab6fd338f51e1256e2b72c24 img.avia_image{\nbox-shadow:none;\n}\n.avia-image-container.av-kt34vc86-ada1973eab6fd338f51e1256e2b72c24 .av-image-caption-overlay-center{\ncolor:#ffffff;\n}\n<\/style>\n<div  class='avia-image-container av-kt34vc86-ada1973eab6fd338f51e1256e2b72c24 av-styling-no-styling av-hover-grow av-hide-overflow av-img-linked avia-align-center  avia-builder-el-20  el_before_av_heading  avia-builder-el-first '   itemprop=\"image\" itemscope=\"itemscope\" itemtype=\"https:\/\/schema.org\/ImageObject\" ><div class=\"avia-image-container-inner\"><div class=\"avia-image-overlay-wrap\"><a href=\"https:\/\/www.bau-styl.hu\/berles\/kisgep-berles\/\" class='avia_image '  aria-label='kisg\u00e9p'><img decoding=\"async\" fetchpriority=\"high\" class='wp-image-214 avia-img-lazy-loading-not-214 avia_image ' src=\"https:\/\/www.bau-styl.hu\/berles\/wp-content\/uploads\/2021\/09\/kisgep-495x400.jpg\" alt='' title='kisg\u00e9p'  height=\"400\" width=\"495\"  itemprop=\"thumbnailUrl\" srcset=\"https:\/\/www.bau-styl.hu\/berles\/wp-content\/uploads\/2021\/09\/kisgep-495x400.jpg 495w, https:\/\/www.bau-styl.hu\/berles\/wp-content\/uploads\/2021\/09\/kisgep-845x684.jpg 845w\" sizes=\"(max-width: 495px) 100vw, 495px\" \/><\/a><\/div><\/div><\/div><br \/>\n\n<style type=\"text\/css\" data-created_by=\"avia_inline_auto\" id=\"style-css-av-kt34r38y-76ec37cd24895fda1aed395840cc2608\">\n#top .av-special-heading.av-kt34r38y-76ec37cd24895fda1aed395840cc2608{\nmargin:0 0 0 0;\npadding-bottom:10px;\n}\nbody .av-special-heading.av-kt34r38y-76ec37cd24895fda1aed395840cc2608 .av-special-heading-tag .heading-char{\nfont-size:25px;\n}\n.av-special-heading.av-kt34r38y-76ec37cd24895fda1aed395840cc2608 .av-subheading{\nfont-size:15px;\n}\n<\/style>\n<div  class='av-special-heading av-kt34r38y-76ec37cd24895fda1aed395840cc2608 av-special-heading-h3 blockquote modern-quote modern-centered  avia-builder-el-21  el_after_av_image  avia-builder-el-last  av-linked-heading'><h3 class='av-special-heading-tag '  itemprop=\"headline\"  ><a class=\"av-heading-link\" href=\"https:\/\/www.bau-styl.hu\/berles\/kisgep-berles\/\" >Kisg\u00e9pek<\/a><\/h3><div class=\"special-heading-border\"><div class=\"special-heading-inner-border\"><\/div><\/div><\/div><\/p><\/div>\n","protected":false},"excerpt":{"rendered":"","protected":false},"author":1,"featured_media":0,"parent":0,"menu_order":0,"comment_status":"closed","ping_status":"closed","template":"","meta":{"footnotes":""},"class_list":["post-154","page","type-page","status-publish","hentry"],"aioseo_notices":[],"_links":{"self":[{"href":"https:\/\/www.bau-styl.hu\/berles\/wp-json\/wp\/v2\/pages\/154","targetHints":{"allow":["GET"]}}],"collection":[{"href":"https:\/\/www.bau-styl.hu\/berles\/wp-json\/wp\/v2\/pages"}],"about":[{"href":"https:\/\/www.bau-styl.hu\/berles\/wp-json\/wp\/v2\/types\/page"}],"author":[{"embeddable":true,"href":"https:\/\/www.bau-styl.hu\/berles\/wp-json\/wp\/v2\/users\/1"}],"replies":[{"embeddable":true,"href":"https:\/\/www.bau-styl.hu\/berles\/wp-json\/wp\/v2\/comments?post=154"}],"version-history":[{"count":1,"href":"https:\/\/www.bau-styl.hu\/berles\/wp-json\/wp\/v2\/pages\/154\/revisions"}],"predecessor-version":[{"id":626,"href":"https:\/\/www.bau-styl.hu\/berles\/wp-json\/wp\/v2\/pages\/154\/revisions\/626"}],"wp:attachment":[{"href":"https:\/\/www.bau-styl.hu\/berles\/wp-json\/wp\/v2\/media?parent=154"}],"curies":[{"name":"wp","href":"https:\/\/api.w.org\/{rel}","templated":true}]}}