{"id":1775,"date":"2019-10-18T10:18:34","date_gmt":"2019-10-18T10:18:34","guid":{"rendered":"https:\/\/www.bau-styl.hu\/epitoanyag\/?page_id=1775"},"modified":"2019-10-18T10:20:19","modified_gmt":"2019-10-18T10:20:19","slug":"szallitasi-feltetelek","status":"publish","type":"page","link":"https:\/\/www.bau-styl.hu\/epitoanyag\/szallitasi-feltetelek\/","title":{"rendered":"Sz\u00e1ll\u00edt\u00e1si felt\u00e9telek"},"content":{"rendered":"<div id='av_section_1'  class='avia-section av-av_section-3ef07c12a2bb1670acbb6a6393332f22 main_color avia-section-default avia-no-border-styling  avia-builder-el-0  avia-builder-el-no-sibling  avia-bg-style-scroll container_wrap sidebar_left'  ><div class='container av-section-cont-open' ><main  role=\"main\" itemprop=\"mainContentOfPage\"  class='template-page content  av-content-small units'><div class='post-entry post-entry-type-page post-entry-1775'><div class='entry-content-wrapper clearfix'>\n<section  class='av_textblock_section av-k1vzd23d-a8c3c949b4a73f33980ce18497072b85 '   itemscope=\"itemscope\" itemtype=\"https:\/\/schema.org\/CreativeWork\" ><div class='avia_textblock'  itemprop=\"text\" ><p style=\"text-align: justify;\"><b>\u00c1ltal\u00e1nos sz\u00e1ll\u00edt\u00e1si felt\u00e9telek 2019 \/ 2020<\/b><b><br \/>\n<\/b><b>Bau-Styl Kft.<\/b><\/p>\n<p style=\"text-align: justify;\"><span style=\"font-weight: 400;\">A Bau-Styl Kft. \u00e1ltal szervezett sz\u00e1ll\u00edt\u00e1sok \u00f6nrakod\u00f3s, billen\u0151 plat\u00f3s, emel\u0151h\u00e1tfalas, \u00e9s k\u00e9zi pakol\u00f3s j\u00e1rm\u0171vekkel t\u00f6rt\u00e9nnek telephelyt\u0151l telekhat\u00e1rig, megfelel\u0151 \u00fatviszonyok eset\u00e9n.<\/span><\/p>\n<p style=\"text-align: justify;\"><span style=\"font-weight: 400;\">Megrendel\u00e9skor a vev\u0151 k\u00f6teles a sz\u00e1ll\u00edt\u00f3t pontosan t\u00e1j\u00e9koztatni k\u00fcl\u00f6n\u00f6sen az \u00fatviszonyokr\u00f3l\u00a0 \u00e9s a teljes\u00edt\u00e9s hely\u00e9hez vezet\u0151 optim\u00e1lis \u00fatvonalr\u00f3l.<\/span><span style=\"font-weight: 400;\"><br \/>\n<\/span><span style=\"font-weight: 400;\">Nyilatkozik arr\u00f3l, hogy a sz\u00e1ll\u00edt\u00e1si c\u00edm milyen m\u00e9ret\u0171 g\u00e9pj\u00e1rm\u0171vel id\u0151j\u00e1r\u00e1st\u00f3l f\u00fcggetlen\u00fcl\u00a0biztons\u00e1gosan megk\u00f6zel\u00edthet\u0151.<\/span><span style=\"font-weight: 400;\"><br \/>\n<\/span><span style=\"font-weight: 400;\">A t\u00e1j\u00e9koztat\u00e1s elmulaszt\u00e1s\u00e1b\u00f3l sz\u00e1rmaz\u00f3 t\u00f6bbletk\u00f6lts\u00e9get a megrendel\u0151 k\u00f6teles megfizetni a sz\u00e1ll\u00edt\u00f3nak, illetve az ebb\u0151l sz\u00e1rmaz\u00f3 k\u00e1r\u00e9rt felel\u0151s.<\/span><\/p>\n<p style=\"text-align: justify;\"><span style=\"font-weight: 400;\">Ha a sz\u00e1ll\u00edt\u00e1s sor\u00e1n az \u00e1ru lerak\u00e1sa az \u00e1ru\u00e1tvev\u0151 mulaszt\u00e1sa miatt meghi\u00fasul- bele\u00e9rtve ebbe a lerakod\u00e1si helysz\u00edn lerak\u00e1sra val\u00f3 alkalmatlans\u00e1g\u00e1t is- a megrendel\u0151 k\u00f6teles az eredm\u00e9nytelen sz\u00e1ll\u00edt\u00e1s k\u00f6lts\u00e9geinek megt\u00e9r\u00edt\u00e9s\u00e9re.<\/span><\/p>\n<p style=\"text-align: justify;\"><b>Behajt\u00e1si felt\u00e9telek:<\/b><\/p>\n<ul style=\"text-align: justify;\">\n<li style=\"font-weight: 400;\"><span style=\"font-weight: 400;\">Megfelel\u0151 \u00fattest (nincsenek g\u00f6dr\u00f6k, ki\u00e1ll\u00f3 k\u00f6vek, csatorna fedelek stb.) sz\u00e1raz, nem laza, megfelel\u0151 \u00fatszerkezet.<\/span><\/li>\n<li style=\"font-weight: 400;\"><span style=\"font-weight: 400;\">El\u00e9g magas \u00e9s sz\u00e9les, a behajt\u00e1sra alkalmas amennyiben a legkisebb s\u00e9r\u00fcl\u00e9st sem okoz a k\u00f6rnyezet az aut\u00f3ra \u00e9s az aut\u00f3 a k\u00f6rnyezet\u00e9re.<\/span><\/li>\n<li style=\"font-weight: 400;\"><span style=\"font-weight: 400;\">A behajt\u00e1s nem okozhat t\u0171z, robban\u00e1s \u00e9s balesetvesz\u00e9lyt!<\/span><\/li>\n<li style=\"font-weight: 400;\"><span style=\"font-weight: 400;\">Ha a fenti felt\u00e9telek nem \u00e1llnak fenn, akkor a g\u00e9pj\u00e1rm\u0171vezet\u0151 K\u00d6TELES MEGTAGADNI a behajt\u00e1st.<\/span><\/li>\n<\/ul>\n<p style=\"text-align: justify;\"><b>Rakod\u00e1si felt\u00e9telek:<\/b><\/p>\n<ul style=\"text-align: justify;\">\n<li><b><span style=\"font-weight: 400;\">A daruz\u00e1s a TGK. mell\u00e9 t\u00f6rt\u00e9n\u0151 egy letalpal\u00e1ssal val\u00f3 lerakod\u00e1st foglal mag\u00e1ba.<\/span><\/b><\/li>\n<\/ul>\n<ul>\n<li><span style=\"font-weight: 400;\">Ter\u00fcleten sz\u00e9trak\u00e1s, tov\u00e1bbi daruz\u00e1s, (f\u00f6d\u00e9mez\u00e9s, emeletre rakod\u00e1s stb.) k\u00fcl\u00f6n d\u00edj ellen\u00e9ben t\u00f6rt\u00e9nik.<\/span><\/li>\n<\/ul>\n<ul>\n<li><span style=\"font-weight: 400;\">Fa\u00e1ru, betongerend\u00e1k \u00e9s f\u00f6d\u00e9mre pakol\u00e1s eset\u00e9n a megrendel\u0151 k\u00f6teles seg\u00edt\u0151 szem\u00e9lyt biztos\u00edtani a g\u00e9pj\u00e1rm\u0171vezet\u0151 r\u00e9sz\u00e9re.<\/span><\/li>\n<\/ul>\n<ul>\n<li><span style=\"font-weight: 400;\">A k\u00edv\u00e1nt \/ megrendelt daruz\u00e1si szolg\u00e1ltat\u00e1st a megrendel\u0151 egy \u00e1tv\u00e9teli elismerv\u00e9ny kit\u00f6lt\u00e9st k\u00f6vet\u0151en veszi \u00e1t, a sz\u00e1mla a telephelyre vissza\u00e9rkez\u00e9st k\u00f6vet\u0151en ker\u00fcl ki\u00e1ll\u00edt\u00e1sra.<\/span><\/li>\n<\/ul>\n<p style=\"text-align: justify;\"><b>\u00c1ll\u00e1sid\u0151:<\/b><\/p>\n<ul style=\"text-align: justify;\">\n<li><b><span style=\"font-weight: 400;\">A fuvard\u00edj 20 perc v\u00e1rakoz\u00e1si id\u0151t foglal mag\u00e1ban. (Tov\u00e1bbiakban d\u00edjmentes alapid\u0151.)<\/span><\/b><\/li>\n<\/ul>\n<ul>\n<li><span style=\"font-weight: 400;\">A d\u00edjmentes alapid\u0151n t\u00fali \u00e1ll\u00e1s kisz\u00e1ml\u00e1zand\u00f3, \u00e9s a megrendel\u0151t terheli 10.000 Ft+\u00c1fa\/ 15 perc d\u00edjjal minden megkezdett 15 perc eset\u00e9ben, fels\u0151 hat\u00e1ra maximum 1 \u00f3ra.<\/span><\/li>\n<\/ul>\n<ul>\n<li><span style=\"font-weight: 400;\">Ha a TGK.-nak v\u00e1rhat\u00f3an egy \u00f3r\u00e1n\u00e1l t\u00f6bbet kell v\u00e1rakoznia a lerakod\u00e1sra, \u00fagy a g\u00e9pj\u00e1rm\u0171vezet\u0151 az \u00e1rut visszaviszi a telephelyre \u00e9s a kisz\u00e1ll\u00edt\u00e1st a Bau-Styl Kft. teljes\u00edtettnek tekinti.<\/span><\/li>\n<\/ul>\n<p style=\"text-align: justify;\"><b>Raklapok visszasz\u00e1ll\u00edt\u00e1sa:<\/b><\/p>\n<ul style=\"text-align: justify;\">\n<li><b><span style=\"font-weight: 400;\">A raklapokat hat h\u00f3napig \u00e1ll m\u00f3dunkban visszav\u00e1s\u00e1rolni.<\/span><\/b><\/li>\n<\/ul>\n<ul>\n<li><span style=\"font-weight: 400;\">Kiz\u00e1r\u00f3lag egyes\u00e9vel egym\u00e1sra pakolva, nem \u00f6sszeforgatva, t\u00edpus szerint k\u00fcl\u00f6n pakolt s\u00e9r\u00fcl\u00e9smentes raklapot tudunk visszasz\u00e1ll\u00edtani.\u00a0<\/span><\/li>\n<\/ul>\n<ul>\n<li><span style=\"font-weight: 400;\">A s\u00e9r\u00fclt raklapot, csak abban az esetben \u00e1ll m\u00f3dunkban visszav\u00e1s\u00e1rolni, amennyiben a raklap s\u00e9r\u00fcl\u00e9se a kisz\u00e1ll\u00edt\u00e1skor fel lett t\u00fcntetve a sz\u00e1ll\u00edt\u00f3lev\u00e9len.<\/span><\/li>\n<\/ul>\n<ul>\n<li><span style=\"font-weight: 400;\">A raklapokat egy helyen gy\u0171jtve a fent eml\u00edtett m\u00f3don \u00fagy kell \u00f6sszek\u00e9sz\u00edteni, hogy a TGK. k\u00f6zvetlen\u00fcl mell\u00e9 tudjon \u00e1llni. A g\u00e9pj\u00e1rm\u0171vezet\u0151 be tudja azonos\u00edtani, \u00e9s a pakol\u00e1s a lehet\u0151 legkevesebb id\u0151t vegyen ig\u00e9nybe.<\/span><\/li>\n<\/ul>\n<ul>\n<li><span style=\"font-weight: 400;\">A raklapok a Bau-Styl Kft. telephely\u00e9n \u00e1tv\u00e1logat\u00e1sra ker\u00fclnek. Itt t\u00f6rt\u00e9nik minden esetben a raklapok v\u00e9gleges \u00e1tv\u00e9tele, valamint a min\u0151s\u00e9gi besorol\u00e1sa.<\/span><\/li>\n<\/ul>\n<ul>\n<li><span style=\"font-weight: 400;\">Az \u00e1t nem vett selejtes raklapokat 15 munkanapig \u0151rizz\u00fck meg, ut\u00e1na megsemmis\u00edt\u00e9sre ker\u00fclnek.<\/span><\/li>\n<\/ul>\n<p style=\"text-align: justify;\"><b>Behajt\u00e1si enged\u00e9lyek, behajt\u00e1si hozz\u00e1j\u00e1rul\u00e1sok, ter\u00fcletfoglal\u00e1si enged\u00e9lyek:<\/b><\/p>\n<ul style=\"text-align: justify;\">\n<li><b><span style=\"font-weight: 400;\">A korl\u00e1tozott forgalm\u00fa \u00f6vezetekbe, \u00fatszakaszokra, behajt\u00e1si enged\u00e9ly megl\u00e9te n\u00e9lk\u00fcl a Bau-Styl Kft. sz\u00e1ll\u00edt\u00e1st nem v\u00e9gez.<\/span><\/b><\/li>\n<\/ul>\n<ul>\n<li><span style=\"font-weight: 400;\">A Bau-Styl Kft. Budapest ter\u00fclet\u00e9n az al\u00e1bbi ker\u00fcletekben 5.500 Ft+\u00c1fa ellen\u00e9ben a behajt\u00e1si enged\u00e9lyek \u00fcgyint\u00e9z\u00e9s\u00e9t \u00e1tv\u00e1llalja: I. II. III. XI. XII. XXII.<\/span><\/li>\n<\/ul>\n<ul>\n<li><span style=\"font-weight: 400;\">Budapesten k\u00edv\u00fcl m\u00e1s v\u00e1rosokba t\u00f6rt\u00e9n\u0151 sz\u00e1ll\u00edt\u00e1skor, a behajt\u00e1si enged\u00e9ly megl\u00e9t\u00e9r\u0151l, \u00e9s annak \u00fcgyint\u00e9z\u00e9s\u00e9r\u0151l a megrendel\u0151 gondoskodik.<\/span><\/li>\n<\/ul>\n<p style=\"text-align: justify;\"><span style=\"font-weight: 400;\">Az \u00e1ltal\u00e1nos sz\u00e1ll\u00edt\u00e1si felt\u00e9telek a Sz\u00e1ll\u00edt\u00f3 honlapj\u00e1n (www.baustyl.hu) megtekinthet\u0151k. Sz\u00e1ll\u00edt\u00f3 az esetleges v\u00e1ltoz\u00e1sokat is a honlapon teszi k\u00f6zz\u00e9, a v\u00e1ltoz\u00e1sokr\u00f3l k\u00fcl\u00f6n \u00e9rtes\u00edt\u00e9st nem k\u00f6teles k\u00fcldeni. Amennyiben Sz\u00e1ll\u00edt\u00f3 k\u00fcl\u00f6n \u00e9rtes\u00edt\u00e9st k\u00fcld a Megrendel\u0151nek, akkor a k\u00f6zz\u00e9t\u00e9tel id\u0151pontja Postai k\u00fcldem\u00e9ny eset\u00e9n, a t\u00e9rtivev\u00e9nyen felt\u00fcntetett \u00e1tv\u00e9teli id\u0151pont, aj\u00e1nlott k\u00fcldem\u00e9ny eset\u00e9ben pedig a felad\u00e1st\u00f3l sz\u00e1m\u00edtott \u00f6t\u00f6dik munkanap. Elektronikus megk\u00fcld\u00e9s eset\u00e9n, mely \u00e9rtes\u00edt\u00e9st az egyedi Sz\u00e1ll\u00edt\u00e1si Szerz\u0151d\u00e9sben megadott e-mail c\u00edmre k\u00fcld meg az elk\u00fcld\u00e9s id\u0151pontja a k\u00f6zz\u00e9t\u00e9tel id\u0151pontja. A m\u00f3dos\u00edt\u00e1sok a k\u00f6zz\u00e9t\u00e9tel id\u0151pontj\u00e1t\u00f3l \u00e9rv\u00e9nyesek \u00e9s hat\u00e1lyosak. Megrendel\u0151 kifejezett k\u00f6teless\u00e9ge a szerz\u0151d\u00e9s fenn\u00e1ll\u00e1s\u00e1nak id\u0151tartama alatt az aktu\u00e1lis \u00e1ltal\u00e1nos sz\u00e1ll\u00edt\u00e1si felt\u00e9telek tartalm\u00e1nak nyomon k\u00f6vet\u00e9se.<\/span><\/p>\n<\/div><\/section>\n<\/div><\/div><\/main><!-- close content main element --><\/div><\/div><div id='after_section_1'  class='main_color av_default_container_wrap container_wrap sidebar_left'  ><div class='container av-section-cont-open' ><div class='template-page content  av-content-small units'><div class='post-entry post-entry-type-page post-entry-1775'><div class='entry-content-wrapper clearfix'>\n","protected":false},"excerpt":{"rendered":"","protected":false},"author":245,"featured_media":0,"parent":0,"menu_order":0,"comment_status":"closed","ping_status":"closed","template":"","meta":{"footnotes":""},"class_list":["post-1775","page","type-page","status-publish","hentry"],"aioseo_notices":[],"_links":{"self":[{"href":"https:\/\/www.bau-styl.hu\/epitoanyag\/wp-json\/wp\/v2\/pages\/1775","targetHints":{"allow":["GET"]}}],"collection":[{"href":"https:\/\/www.bau-styl.hu\/epitoanyag\/wp-json\/wp\/v2\/pages"}],"about":[{"href":"https:\/\/www.bau-styl.hu\/epitoanyag\/wp-json\/wp\/v2\/types\/page"}],"author":[{"embeddable":true,"href":"https:\/\/www.bau-styl.hu\/epitoanyag\/wp-json\/wp\/v2\/users\/245"}],"replies":[{"embeddable":true,"href":"https:\/\/www.bau-styl.hu\/epitoanyag\/wp-json\/wp\/v2\/comments?post=1775"}],"version-history":[{"count":0,"href":"https:\/\/www.bau-styl.hu\/epitoanyag\/wp-json\/wp\/v2\/pages\/1775\/revisions"}],"wp:attachment":[{"href":"https:\/\/www.bau-styl.hu\/epitoanyag\/wp-json\/wp\/v2\/media?parent=1775"}],"curies":[{"name":"wp","href":"https:\/\/api.w.org\/{rel}","templated":true}]}}