{"id":35937,"date":"2023-02-28T15:08:03","date_gmt":"2023-02-28T13:08:03","guid":{"rendered":"https:\/\/www.bau-styl.hu\/epitoanyag\/?post_type=product&#038;p=35937"},"modified":"2026-02-16T22:26:25","modified_gmt":"2026-02-16T20:26:25","slug":"bramac-platinum-star-alapcserep-ezust-metal","status":"publish","type":"product","link":"https:\/\/www.bau-styl.hu\/epitoanyag\/termek\/bramac-platinum-star-alapcserep-ezust-metal\/","title":{"rendered":"Bramac Platinum Star Alapcser\u00e9p ez\u00fcst met\u00e1l"},"content":{"rendered":"","protected":false},"excerpt":{"rendered":"<p>A Platinum Star tet\u0151cser\u00e9p modern megjelen\u00e9st k\u00f6lcs\u00f6n\u00f6z az \u00e9p\u00fcletnek a f\u00e9mes hat\u00e1s\u00fa fel\u00fclet\u00e9vel, amely egyes\u00edti a beton er\u0151s ellen\u00e1ll\u00f3-k\u00e9pess\u00e9g\u00e9t \u00e9s az eszt\u00e9tikus, sima megjelen\u00e9st, ami kor\u00e1bban csak a ker\u00e1mia cser\u00e9pfed\u00e9sre volt jellemz\u0151. A Platinum Star fel\u00fclete kiv\u00e1l\u00f3 ellen\u00e1ll\u00f3-k\u00e9pess\u00e9ggel b\u00edr a sz\u00e9ls\u0151s\u00e9ges id\u0151j\u00e1r\u00e1si viszonyokkal \u00e9s a szennyez\u0151d\u00e9sekkel szemben, melyek hosszan tart\u00f3 v\u00e9delmet biztos\u00edtanak. A fejlett gy\u00e1rt\u00e1si technol\u00f3gi\u00e1nak k\u00f6sz\u00f6nhet\u0151en a mai modern csal\u00e1di h\u00e1zak ide\u00e1lis tet\u0151fed\u0151anyaga. Emellett a tet\u0151cserepek fel\u00fclet\u00e9nek h\u0151reflekt\u00e1l\u00f3 hat\u00e1sa cs\u00f6kkenti a tet\u0151fel\u00fclet h\u0151m\u00e9rs\u00e9klet\u00e9t, \u00edgy hozz\u00e1j\u00e1rul a kellemesebb kl\u00edma kialak\u00edt\u00e1s\u00e1hoz az \u00e9p\u00fcleten bel\u00fcl.<\/p>\n<p>&nbsp;<\/p>\n<p>Az alapcser\u00e9p mell\u00e9 opcion\u00e1lis term\u00e9kek, idomcserepek (szell\u0151z\u0151cser\u00e9p, f\u00e9lcser\u00e9p, szeg\u00e9lycser\u00e9p, k\u00fapcser\u00e9p, eloszt\u00f3 k\u00fapcser\u00e9p, kezd\u0151 k\u00fapcser\u00e9p) k\u00f6z\u00fcl v\u00e1laszthat, amelyek \u00e1rair\u00f3l az aj\u00e1nlatk\u00e9r\u00e9s lead\u00e1s\u00e1t k\u00f6vet\u0151en munkat\u00e1rsunk emailben t\u00e1j\u00e9koztatja \u00d6nt.<\/p>\n","protected":false},"featured_media":36014,"template":"","meta":[],"product_brand":[],"product_cat":[355,6654,6659],"product_tag":[],"class_list":{"0":"post-35937","1":"product","2":"type-product","3":"status-publish","4":"has-post-thumbnail","6":"product_cat-tetofedes","7":"product_cat-beton-cserep","8":"product_cat-bramac-beton-alapcserep","10":"first","11":"instock","12":"taxable","13":"shipping-taxable","14":"purchasable","15":"product-type-simple"},"aioseo_notices":[],"_links":{"self":[{"href":"https:\/\/www.bau-styl.hu\/epitoanyag\/wp-json\/wp\/v2\/product\/35937","targetHints":{"allow":["GET"]}}],"collection":[{"href":"https:\/\/www.bau-styl.hu\/epitoanyag\/wp-json\/wp\/v2\/product"}],"about":[{"href":"https:\/\/www.bau-styl.hu\/epitoanyag\/wp-json\/wp\/v2\/types\/product"}],"wp:featuredmedia":[{"embeddable":true,"href":"https:\/\/www.bau-styl.hu\/epitoanyag\/wp-json\/wp\/v2\/media\/36014"}],"wp:attachment":[{"href":"https:\/\/www.bau-styl.hu\/epitoanyag\/wp-json\/wp\/v2\/media?parent=35937"}],"wp:term":[{"taxonomy":"product_brand","embeddable":true,"href":"https:\/\/www.bau-styl.hu\/epitoanyag\/wp-json\/wp\/v2\/product_brand?post=35937"},{"taxonomy":"product_cat","embeddable":true,"href":"https:\/\/www.bau-styl.hu\/epitoanyag\/wp-json\/wp\/v2\/product_cat?post=35937"},{"taxonomy":"product_tag","embeddable":true,"href":"https:\/\/www.bau-styl.hu\/epitoanyag\/wp-json\/wp\/v2\/product_tag?post=35937"}],"curies":[{"name":"wp","href":"https:\/\/api.w.org\/{rel}","templated":true}]}}