{"id":38097,"date":"2024-02-12T09:43:16","date_gmt":"2024-02-12T07:43:16","guid":{"rendered":"https:\/\/www.bau-styl.hu\/epitoanyag\/?post_type=product&#038;p=38097"},"modified":"2026-04-12T13:14:21","modified_gmt":"2026-04-12T11:14:21","slug":"mapei-mapefast-cf-l-fagyasgatlo-kotes-gyorsito-betonadalekszer-6-kg","status":"publish","type":"product","link":"https:\/\/www.bau-styl.hu\/epitoanyag\/termek\/mapei-mapefast-cf-l-fagyasgatlo-kotes-gyorsito-betonadalekszer-6-kg\/","title":{"rendered":"Mapei Mapefast CF\/L Fagy\u00e1sg\u00e1tl\u00f3- k\u00f6t\u00e9s gyors\u00edt\u00f3 betonadal\u00e9kszer 6 kg"},"content":{"rendered":"","protected":false},"excerpt":{"rendered":"<p>Klorid-mentes fagy\u00e1sg\u00e1tl\u00f3 adal\u00e9kszer betonokhoz \u00e9s cementk\u00f6t\u00e9s\u0171 habarcsokhoz.<\/p>\n","protected":false},"featured_media":37704,"template":"","meta":[],"product_brand":[],"product_cat":[9620,129],"product_tag":[6593],"class_list":{"0":"post-38097","1":"product","2":"type-product","3":"status-publish","4":"has-post-thumbnail","6":"product_cat-epitesi-segedanyagok-adalekanyagok","7":"product_cat-hidegburkolas","8":"product_tag-mapei","10":"first","11":"instock","12":"taxable","13":"shipping-taxable","14":"purchasable","15":"product-type-simple"},"aioseo_notices":[],"_links":{"self":[{"href":"https:\/\/www.bau-styl.hu\/epitoanyag\/wp-json\/wp\/v2\/product\/38097","targetHints":{"allow":["GET"]}}],"collection":[{"href":"https:\/\/www.bau-styl.hu\/epitoanyag\/wp-json\/wp\/v2\/product"}],"about":[{"href":"https:\/\/www.bau-styl.hu\/epitoanyag\/wp-json\/wp\/v2\/types\/product"}],"wp:featuredmedia":[{"embeddable":true,"href":"https:\/\/www.bau-styl.hu\/epitoanyag\/wp-json\/wp\/v2\/media\/37704"}],"wp:attachment":[{"href":"https:\/\/www.bau-styl.hu\/epitoanyag\/wp-json\/wp\/v2\/media?parent=38097"}],"wp:term":[{"taxonomy":"product_brand","embeddable":true,"href":"https:\/\/www.bau-styl.hu\/epitoanyag\/wp-json\/wp\/v2\/product_brand?post=38097"},{"taxonomy":"product_cat","embeddable":true,"href":"https:\/\/www.bau-styl.hu\/epitoanyag\/wp-json\/wp\/v2\/product_cat?post=38097"},{"taxonomy":"product_tag","embeddable":true,"href":"https:\/\/www.bau-styl.hu\/epitoanyag\/wp-json\/wp\/v2\/product_tag?post=38097"}],"curies":[{"name":"wp","href":"https:\/\/api.w.org\/{rel}","templated":true}]}}