{"id":38113,"date":"2024-01-16T18:07:14","date_gmt":"2024-01-16T16:07:14","guid":{"rendered":"https:\/\/www.bau-styl.hu\/epitoanyag\/?post_type=product&#038;p=38113"},"modified":"2026-04-12T13:13:19","modified_gmt":"2026-04-12T11:13:19","slug":"mapei-planitop-fast-330-kiegyenlitohabarcs-3-30-mm-bel-es-kulteri-szurke-25-kg","status":"publish","type":"product","link":"https:\/\/www.bau-styl.hu\/epitoanyag\/termek\/mapei-planitop-fast-330-kiegyenlitohabarcs-3-30-mm-bel-es-kulteri-szurke-25-kg\/","title":{"rendered":"Mapei Planitop Fast 330 Kiegyenl\u00edt\u0151habarcs 3-30 mm, bel- \u00e9s k\u00fclt\u00e9ri sz\u00fcrke 25 kg"},"content":{"rendered":"","protected":false},"excerpt":{"rendered":"<p>Gyorsk\u00f6t\u0151, sz\u00e1ler\u0151s\u00edtett cementk\u00f6t\u00e9s\u0171 kiegyenl\u00edt\u0151 habarcs belt\u00e9ri \u00e9s k\u00fclt\u00e9ri padl\u00f3kra \u00e9s falakra, 3 \u00e9s 30 mm k\u00f6z\u00f6tti r\u00e9tegekben alkalmazhat\u00f3 egyenetlens\u00e9gek kiegyenl\u00edt\u00e9s\u00e9re.<\/p>\n","protected":false},"featured_media":37728,"template":"","meta":[],"product_brand":[],"product_cat":[9620,129],"product_tag":[6593],"class_list":{"0":"post-38113","1":"product","2":"type-product","3":"status-publish","4":"has-post-thumbnail","6":"product_cat-epitesi-segedanyagok-adalekanyagok","7":"product_cat-hidegburkolas","8":"product_tag-mapei","10":"first","11":"instock","12":"taxable","13":"shipping-taxable","14":"purchasable","15":"product-type-simple"},"aioseo_notices":[],"_links":{"self":[{"href":"https:\/\/www.bau-styl.hu\/epitoanyag\/wp-json\/wp\/v2\/product\/38113","targetHints":{"allow":["GET"]}}],"collection":[{"href":"https:\/\/www.bau-styl.hu\/epitoanyag\/wp-json\/wp\/v2\/product"}],"about":[{"href":"https:\/\/www.bau-styl.hu\/epitoanyag\/wp-json\/wp\/v2\/types\/product"}],"wp:featuredmedia":[{"embeddable":true,"href":"https:\/\/www.bau-styl.hu\/epitoanyag\/wp-json\/wp\/v2\/media\/37728"}],"wp:attachment":[{"href":"https:\/\/www.bau-styl.hu\/epitoanyag\/wp-json\/wp\/v2\/media?parent=38113"}],"wp:term":[{"taxonomy":"product_brand","embeddable":true,"href":"https:\/\/www.bau-styl.hu\/epitoanyag\/wp-json\/wp\/v2\/product_brand?post=38113"},{"taxonomy":"product_cat","embeddable":true,"href":"https:\/\/www.bau-styl.hu\/epitoanyag\/wp-json\/wp\/v2\/product_cat?post=38113"},{"taxonomy":"product_tag","embeddable":true,"href":"https:\/\/www.bau-styl.hu\/epitoanyag\/wp-json\/wp\/v2\/product_tag?post=38113"}],"curies":[{"name":"wp","href":"https:\/\/api.w.org\/{rel}","templated":true}]}}