{"id":38126,"date":"2024-01-16T18:07:14","date_gmt":"2024-01-16T16:07:14","guid":{"rendered":"https:\/\/www.bau-styl.hu\/epitoanyag\/?post_type=product&#038;p=38126"},"modified":"2026-04-12T13:14:03","modified_gmt":"2026-04-12T11:14:03","slug":"mapei-mapeguard-wp-cementkotesu-ragaszto-665-kg","status":"publish","type":"product","link":"https:\/\/www.bau-styl.hu\/epitoanyag\/termek\/mapei-mapeguard-wp-cementkotesu-ragaszto-665-kg\/","title":{"rendered":"Mapei Mapeguard WP Cementk\u00f6t\u00e9s\u0171 ragaszt\u00f3 6,65 kg"},"content":{"rendered":"","protected":false},"excerpt":{"rendered":"<p>K\u00e9t komponens\u0171, gyorsan sz\u00e1rad\u00f3, rugalmas cementk\u00f6t\u00e9s\u0171 ragaszt\u00f3 a Mapeguard WP 200 \u00e9s a Mapeguard UM35 v\u00edzszigetel\u0151 lemezek illeszt\u00e9sei f\u00f6l\u00f6tti szalagok leragaszt\u00e1s\u00e1hoz \u00e9s a rendszerhez tartoz\u00f3 speci\u00e1lis elemek be\u00e9p\u00edt\u00e9s\u00e9hez.<\/p>\n","protected":false},"featured_media":39886,"template":"","meta":[],"product_brand":[],"product_cat":[9620,129],"product_tag":[6593],"class_list":{"0":"post-38126","1":"product","2":"type-product","3":"status-publish","4":"has-post-thumbnail","6":"product_cat-epitesi-segedanyagok-adalekanyagok","7":"product_cat-hidegburkolas","8":"product_tag-mapei","10":"first","11":"instock","12":"taxable","13":"shipping-taxable","14":"purchasable","15":"product-type-simple"},"aioseo_notices":[],"_links":{"self":[{"href":"https:\/\/www.bau-styl.hu\/epitoanyag\/wp-json\/wp\/v2\/product\/38126","targetHints":{"allow":["GET"]}}],"collection":[{"href":"https:\/\/www.bau-styl.hu\/epitoanyag\/wp-json\/wp\/v2\/product"}],"about":[{"href":"https:\/\/www.bau-styl.hu\/epitoanyag\/wp-json\/wp\/v2\/types\/product"}],"wp:featuredmedia":[{"embeddable":true,"href":"https:\/\/www.bau-styl.hu\/epitoanyag\/wp-json\/wp\/v2\/media\/39886"}],"wp:attachment":[{"href":"https:\/\/www.bau-styl.hu\/epitoanyag\/wp-json\/wp\/v2\/media?parent=38126"}],"wp:term":[{"taxonomy":"product_brand","embeddable":true,"href":"https:\/\/www.bau-styl.hu\/epitoanyag\/wp-json\/wp\/v2\/product_brand?post=38126"},{"taxonomy":"product_cat","embeddable":true,"href":"https:\/\/www.bau-styl.hu\/epitoanyag\/wp-json\/wp\/v2\/product_cat?post=38126"},{"taxonomy":"product_tag","embeddable":true,"href":"https:\/\/www.bau-styl.hu\/epitoanyag\/wp-json\/wp\/v2\/product_tag?post=38126"}],"curies":[{"name":"wp","href":"https:\/\/api.w.org\/{rel}","templated":true}]}}