{"id":38127,"date":"2024-01-16T18:07:14","date_gmt":"2024-01-16T16:07:14","guid":{"rendered":"https:\/\/www.bau-styl.hu\/epitoanyag\/?post_type=product&#038;p=38127"},"modified":"2026-04-12T13:14:30","modified_gmt":"2026-04-12T11:14:30","slug":"mapei-mapeflex-ac4-festheto-akril-feher-310-ml","status":"publish","type":"product","link":"https:\/\/www.bau-styl.hu\/epitoanyag\/termek\/mapei-mapeflex-ac4-festheto-akril-feher-310-ml\/","title":{"rendered":"Mapei Mapeflex AC4 Festhet\u0151 akril feh\u00e9r 310 ml"},"content":{"rendered":"","protected":false},"excerpt":{"rendered":"<p>Festhet\u0151, egykomponens\u0171, diszperzi\u00f3s akril h\u00e9zagkit\u00f6lt\u0151\u00a0anyag\u00a0csatlakoz\u00f3 \u00e9s illeszt\u00e9si h\u00e9zagok rugalmas t\u00f6m\u00edt\u00e9s\u00e9hez.<\/p>\n","protected":false},"featured_media":39887,"template":"","meta":[],"product_brand":[],"product_cat":[129],"product_tag":[6593],"class_list":{"0":"post-38127","1":"product","2":"type-product","3":"status-publish","4":"has-post-thumbnail","6":"product_cat-hidegburkolas","7":"product_tag-mapei","9":"first","10":"instock","11":"taxable","12":"shipping-taxable","13":"purchasable","14":"product-type-simple"},"aioseo_notices":[],"_links":{"self":[{"href":"https:\/\/www.bau-styl.hu\/epitoanyag\/wp-json\/wp\/v2\/product\/38127","targetHints":{"allow":["GET"]}}],"collection":[{"href":"https:\/\/www.bau-styl.hu\/epitoanyag\/wp-json\/wp\/v2\/product"}],"about":[{"href":"https:\/\/www.bau-styl.hu\/epitoanyag\/wp-json\/wp\/v2\/types\/product"}],"wp:featuredmedia":[{"embeddable":true,"href":"https:\/\/www.bau-styl.hu\/epitoanyag\/wp-json\/wp\/v2\/media\/39887"}],"wp:attachment":[{"href":"https:\/\/www.bau-styl.hu\/epitoanyag\/wp-json\/wp\/v2\/media?parent=38127"}],"wp:term":[{"taxonomy":"product_brand","embeddable":true,"href":"https:\/\/www.bau-styl.hu\/epitoanyag\/wp-json\/wp\/v2\/product_brand?post=38127"},{"taxonomy":"product_cat","embeddable":true,"href":"https:\/\/www.bau-styl.hu\/epitoanyag\/wp-json\/wp\/v2\/product_cat?post=38127"},{"taxonomy":"product_tag","embeddable":true,"href":"https:\/\/www.bau-styl.hu\/epitoanyag\/wp-json\/wp\/v2\/product_tag?post=38127"}],"curies":[{"name":"wp","href":"https:\/\/api.w.org\/{rel}","templated":true}]}}