{"id":38136,"date":"2024-01-16T18:07:14","date_gmt":"2024-01-16T16:07:14","guid":{"rendered":"https:\/\/www.bau-styl.hu\/epitoanyag\/?post_type=product&#038;p=38136"},"modified":"2026-04-12T13:14:10","modified_gmt":"2026-04-12T11:14:10","slug":"mapei-mapefibre-ns18-polipropilen-szal-betonozashoz-18-mm-09-kg","status":"publish","type":"product","link":"https:\/\/www.bau-styl.hu\/epitoanyag\/termek\/mapei-mapefibre-ns18-polipropilen-szal-betonozashoz-18-mm-09-kg\/","title":{"rendered":"Mapei Mapefibre NS18 Polipropil\u00e9n sz\u00e1l betonoz\u00e1shoz 18 mm, 0,9 kg"},"content":{"rendered":"","protected":false},"excerpt":{"rendered":"<p>12 \u00e9s 18 mm-e 100%-os tisztas\u00e1g\u00fa, l\u00fag\u00e1ll\u00f3, nem nedsz\u00edv\u00f3 polipropil\u00e9n monofil sz\u00e1lak betonhoz, a friss \u00e9s megszil\u00e1rdult betonban a zsugorod\u00e1si reped\u00e9sek megakad\u00e1lyoz\u00e1s\u00e1ra.<\/p>\n","protected":false},"featured_media":39892,"template":"","meta":[],"product_brand":[],"product_cat":[9620,129],"product_tag":[6593],"class_list":{"0":"post-38136","1":"product","2":"type-product","3":"status-publish","4":"has-post-thumbnail","6":"product_cat-epitesi-segedanyagok-adalekanyagok","7":"product_cat-hidegburkolas","8":"product_tag-mapei","10":"first","11":"instock","12":"taxable","13":"shipping-taxable","14":"purchasable","15":"product-type-simple"},"aioseo_notices":[],"_links":{"self":[{"href":"https:\/\/www.bau-styl.hu\/epitoanyag\/wp-json\/wp\/v2\/product\/38136","targetHints":{"allow":["GET"]}}],"collection":[{"href":"https:\/\/www.bau-styl.hu\/epitoanyag\/wp-json\/wp\/v2\/product"}],"about":[{"href":"https:\/\/www.bau-styl.hu\/epitoanyag\/wp-json\/wp\/v2\/types\/product"}],"wp:featuredmedia":[{"embeddable":true,"href":"https:\/\/www.bau-styl.hu\/epitoanyag\/wp-json\/wp\/v2\/media\/39892"}],"wp:attachment":[{"href":"https:\/\/www.bau-styl.hu\/epitoanyag\/wp-json\/wp\/v2\/media?parent=38136"}],"wp:term":[{"taxonomy":"product_brand","embeddable":true,"href":"https:\/\/www.bau-styl.hu\/epitoanyag\/wp-json\/wp\/v2\/product_brand?post=38136"},{"taxonomy":"product_cat","embeddable":true,"href":"https:\/\/www.bau-styl.hu\/epitoanyag\/wp-json\/wp\/v2\/product_cat?post=38136"},{"taxonomy":"product_tag","embeddable":true,"href":"https:\/\/www.bau-styl.hu\/epitoanyag\/wp-json\/wp\/v2\/product_tag?post=38136"}],"curies":[{"name":"wp","href":"https:\/\/api.w.org\/{rel}","templated":true}]}}