{"id":43090,"date":"2025-05-26T06:59:12","date_gmt":"2025-05-26T04:59:12","guid":{"rendered":"https:\/\/www.bau-styl.hu\/epitoanyag\/?post_type=product&#038;p=43090"},"modified":"2026-04-20T12:14:07","modified_gmt":"2026-04-20T10:14:07","slug":"semmelrock-citytop-terko-voros-10x20x6-cm","status":"publish","type":"product","link":"https:\/\/www.bau-styl.hu\/epitoanyag\/termek\/semmelrock-citytop-terko-voros-10x20x6-cm\/","title":{"rendered":"Semmelrock Citytop t\u00e9rk\u0151 v\u00f6r\u00f6s 10x20x6 cm"},"content":{"rendered":"","protected":false},"excerpt":{"rendered":"<p>Egyszer\u0171en lerakhat\u00f3, klasszikus st\u00edlus\u00fa, v\u00f6r\u00f6s sz\u00edn\u0171, kvarchomokkal kevert fel\u00fclet\u0171 t\u00e9rk\u0151, amely megnyugtat\u00f3an kellemes sz\u00edneivel k\u00fcl\u00f6nleges l\u00e1tv\u00e1nyt ny\u00fajt a kertben, de ak\u00e1r k\u00f6ztereken is.<br \/>\nAlkalmaz\u00e1sa:<br \/>\n&#8211; teraszok, t\u00e9rk\u00f6ves udvarok, h\u00e1z k\u00f6r\u00fcli utak<br \/>\n&#8211; aut\u00f3be\u00e1ll\u00f3k, gar\u00e1zsbej\u00e1ratok \u00e9s parkol\u00f3k<br \/>\n&#8211; el\u0151terek \u00e9s bels\u0151 udvarok<\/p>\n","protected":false},"featured_media":42915,"template":"","meta":[],"product_brand":[11304],"product_cat":[168,175],"product_tag":[],"class_list":{"0":"post-43090","1":"product","2":"type-product","3":"status-publish","4":"has-post-thumbnail","6":"product_brand-semmelrock","7":"product_cat-kertepites-es-terburkolat","8":"product_cat-terkovek","10":"first","11":"instock","12":"taxable","13":"shipping-taxable","14":"purchasable","15":"product-type-simple"},"aioseo_notices":[],"_links":{"self":[{"href":"https:\/\/www.bau-styl.hu\/epitoanyag\/wp-json\/wp\/v2\/product\/43090","targetHints":{"allow":["GET"]}}],"collection":[{"href":"https:\/\/www.bau-styl.hu\/epitoanyag\/wp-json\/wp\/v2\/product"}],"about":[{"href":"https:\/\/www.bau-styl.hu\/epitoanyag\/wp-json\/wp\/v2\/types\/product"}],"wp:featuredmedia":[{"embeddable":true,"href":"https:\/\/www.bau-styl.hu\/epitoanyag\/wp-json\/wp\/v2\/media\/42915"}],"wp:attachment":[{"href":"https:\/\/www.bau-styl.hu\/epitoanyag\/wp-json\/wp\/v2\/media?parent=43090"}],"wp:term":[{"taxonomy":"product_brand","embeddable":true,"href":"https:\/\/www.bau-styl.hu\/epitoanyag\/wp-json\/wp\/v2\/product_brand?post=43090"},{"taxonomy":"product_cat","embeddable":true,"href":"https:\/\/www.bau-styl.hu\/epitoanyag\/wp-json\/wp\/v2\/product_cat?post=43090"},{"taxonomy":"product_tag","embeddable":true,"href":"https:\/\/www.bau-styl.hu\/epitoanyag\/wp-json\/wp\/v2\/product_tag?post=43090"}],"curies":[{"name":"wp","href":"https:\/\/api.w.org\/{rel}","templated":true}]}}