{"id":43137,"date":"2025-05-26T06:59:12","date_gmt":"2025-05-26T04:59:12","guid":{"rendered":"https:\/\/www.bau-styl.hu\/epitoanyag\/?post_type=product&#038;p=43137"},"modified":"2026-04-20T12:14:11","modified_gmt":"2026-04-20T10:14:11","slug":"semmelrock-penter-rot-terburkolo-klinkertegla-erdes-voros-24x118x71-cm","status":"publish","type":"product","link":"https:\/\/www.bau-styl.hu\/epitoanyag\/termek\/semmelrock-penter-rot-terburkolo-klinkertegla-erdes-voros-24x118x71-cm\/","title":{"rendered":"Semmelrock Penter Rot T\u00e9rburkol\u00f3 klinkert\u00e9gla \u00e9rdes, v\u00f6r\u00f6s 24&#215;11,8&#215;7,1 cm"},"content":{"rendered":"","protected":false},"excerpt":{"rendered":"<p>Hagyom\u00e1nyos, v\u00f6r\u00f6s sz\u00edn\u0171, \u00e9rdes fel\u00fclet\u0171 Penter t\u00e9rburkol\u00f3 klinkert\u00e9gla, amely term\u00e9szetes sz\u00edneivel j\u00f3l illeszkedik minden \u00e9p\u00edt\u00e9szeti st\u00edlushoz. Karakterisztikus, egyed\u00fcl\u00e1ll\u00f3 min\u0151s\u00e9g\u0171, klasszikus megjelen\u00e9s\u0171, extra kem\u00e9nyre \u00e9getett burkol\u00f3anyag, amely az id\u0151 m\u00falt\u00e1val \u00e9rettebb\u00e9 \u00e9s egyre szebb\u00e9 v\u00e1lik. T\u00f6bb m\u00e9retben el\u00e9rhet\u0151: 20x10x5,2 cm ; 24&#215;11,8&#215;5,2 cm ; 24&#215;11,8&#215;7,1 cm.<br \/>\nAlkalmaz\u00e1sa:<br \/>\n&#8211; teraszok, udvarok, h\u00e1z k\u00f6r\u00fcli utak, lejt\u0151s \u00f6sv\u00e9nyek, kerti s\u00fct\u00f6get\u0151<br \/>\n&#8211; t\u00e9likertek, bemutat\u00f3kertek<br \/>\n&#8211; el\u0151terek, \u00e1rk\u00e1dok \u00e9s bels\u0151 udvarok<br \/>\n&#8211; gyalogos j\u00e1rda burkolat \u00e9s szint\u00e1thidal\u00e1sok<\/p>\n","protected":false},"featured_media":42878,"template":"","meta":[],"product_brand":[11304],"product_cat":[168,175],"product_tag":[],"class_list":{"0":"post-43137","1":"product","2":"type-product","3":"status-publish","4":"has-post-thumbnail","6":"product_brand-semmelrock","7":"product_cat-kertepites-es-terburkolat","8":"product_cat-terkovek","10":"first","11":"instock","12":"taxable","13":"shipping-taxable","14":"purchasable","15":"product-type-simple"},"aioseo_notices":[],"_links":{"self":[{"href":"https:\/\/www.bau-styl.hu\/epitoanyag\/wp-json\/wp\/v2\/product\/43137","targetHints":{"allow":["GET"]}}],"collection":[{"href":"https:\/\/www.bau-styl.hu\/epitoanyag\/wp-json\/wp\/v2\/product"}],"about":[{"href":"https:\/\/www.bau-styl.hu\/epitoanyag\/wp-json\/wp\/v2\/types\/product"}],"wp:featuredmedia":[{"embeddable":true,"href":"https:\/\/www.bau-styl.hu\/epitoanyag\/wp-json\/wp\/v2\/media\/42878"}],"wp:attachment":[{"href":"https:\/\/www.bau-styl.hu\/epitoanyag\/wp-json\/wp\/v2\/media?parent=43137"}],"wp:term":[{"taxonomy":"product_brand","embeddable":true,"href":"https:\/\/www.bau-styl.hu\/epitoanyag\/wp-json\/wp\/v2\/product_brand?post=43137"},{"taxonomy":"product_cat","embeddable":true,"href":"https:\/\/www.bau-styl.hu\/epitoanyag\/wp-json\/wp\/v2\/product_cat?post=43137"},{"taxonomy":"product_tag","embeddable":true,"href":"https:\/\/www.bau-styl.hu\/epitoanyag\/wp-json\/wp\/v2\/product_tag?post=43137"}],"curies":[{"name":"wp","href":"https:\/\/api.w.org\/{rel}","templated":true}]}}