{"id":43138,"date":"2025-05-26T06:59:12","date_gmt":"2025-05-26T04:59:12","guid":{"rendered":"https:\/\/www.bau-styl.hu\/epitoanyag\/?post_type=product&#038;p=43138"},"modified":"2026-04-20T12:14:11","modified_gmt":"2026-04-20T10:14:11","slug":"semmelrock-penter-rotblaubunt-terburkolo-klinkertegla-nagyon-erdes-piroskektarka-20x10x52-cm","status":"publish","type":"product","link":"https:\/\/www.bau-styl.hu\/epitoanyag\/termek\/semmelrock-penter-rotblaubunt-terburkolo-klinkertegla-nagyon-erdes-piroskektarka-20x10x52-cm\/","title":{"rendered":"Semmelrock Penter Rotblaubunt T\u00e9rburkol\u00f3 klinkert\u00e9gla nagyon \u00e9rdes, pirosk\u00e9ktarka 20x10x5,2 cm"},"content":{"rendered":"","protected":false},"excerpt":{"rendered":"<p>Klasszikus st\u00edlus\u00fa, sajtolt klinkert\u00e9gla piros-k\u00e9k tarka sz\u00edn\u00e1rnyalatban. Nagyon \u00e9rdes fel\u00fclet\u0171 Penter t\u00e9rburkol\u00f3 nagyfok\u00fa terhel\u00e9st b\u00edr, amely a k\u00fcls\u0151 hat\u00e1sokkal szemben ellen\u00e1ll\u00f3 \u00e9s egy \u00e9leten \u00e1t megtartja a sz\u00edn\u00e9t.<br \/>\nAlkalmaz\u00e1sa:<br \/>\n&#8211; teraszok, udvarok, h\u00e1z k\u00f6r\u00fcli utak, lejt\u0151s \u00f6sv\u00e9nyek, kerti s\u00fct\u00f6get\u0151<br \/>\n&#8211; t\u00e9likertek, bemutat\u00f3kertek<br \/>\n&#8211; el\u0151terek, \u00e1rk\u00e1dok \u00e9s bels\u0151 udvarok<br \/>\n&#8211; gyalogos j\u00e1rda burkolat \u00e9s szint\u00e1thidal\u00e1sok<\/p>\n","protected":false},"featured_media":42920,"template":"","meta":[],"product_brand":[11304],"product_cat":[168,175],"product_tag":[],"class_list":{"0":"post-43138","1":"product","2":"type-product","3":"status-publish","4":"has-post-thumbnail","6":"product_brand-semmelrock","7":"product_cat-kertepites-es-terburkolat","8":"product_cat-terkovek","10":"first","11":"instock","12":"taxable","13":"shipping-taxable","14":"purchasable","15":"product-type-simple"},"aioseo_notices":[],"_links":{"self":[{"href":"https:\/\/www.bau-styl.hu\/epitoanyag\/wp-json\/wp\/v2\/product\/43138","targetHints":{"allow":["GET"]}}],"collection":[{"href":"https:\/\/www.bau-styl.hu\/epitoanyag\/wp-json\/wp\/v2\/product"}],"about":[{"href":"https:\/\/www.bau-styl.hu\/epitoanyag\/wp-json\/wp\/v2\/types\/product"}],"wp:featuredmedia":[{"embeddable":true,"href":"https:\/\/www.bau-styl.hu\/epitoanyag\/wp-json\/wp\/v2\/media\/42920"}],"wp:attachment":[{"href":"https:\/\/www.bau-styl.hu\/epitoanyag\/wp-json\/wp\/v2\/media?parent=43138"}],"wp:term":[{"taxonomy":"product_brand","embeddable":true,"href":"https:\/\/www.bau-styl.hu\/epitoanyag\/wp-json\/wp\/v2\/product_brand?post=43138"},{"taxonomy":"product_cat","embeddable":true,"href":"https:\/\/www.bau-styl.hu\/epitoanyag\/wp-json\/wp\/v2\/product_cat?post=43138"},{"taxonomy":"product_tag","embeddable":true,"href":"https:\/\/www.bau-styl.hu\/epitoanyag\/wp-json\/wp\/v2\/product_tag?post=43138"}],"curies":[{"name":"wp","href":"https:\/\/api.w.org\/{rel}","templated":true}]}}