{"id":43209,"date":"2025-05-26T06:59:12","date_gmt":"2025-05-26T04:59:12","guid":{"rendered":"https:\/\/www.bau-styl.hu\/epitoanyag\/?post_type=product&#038;p=43209"},"modified":"2026-04-20T12:14:19","modified_gmt":"2026-04-20T10:14:19","slug":"semmelrock-univerzalis-medence-szegely-sarokelem-pasztellszurke-45x45x35-cm","status":"publish","type":"product","link":"https:\/\/www.bau-styl.hu\/epitoanyag\/termek\/semmelrock-univerzalis-medence-szegely-sarokelem-pasztellszurke-45x45x35-cm\/","title":{"rendered":"Semmelrock Univerz\u00e1lis medence szeg\u00e9ly sarokelem pasztellsz\u00fcrke 45x45x3,5 cm"},"content":{"rendered":"","protected":false},"excerpt":{"rendered":"<p>Az univerz\u00e1lis medence szeg\u00e9ly kiemeli a szabadt\u00e9ri medenc\u00e9k f\u00e9nyeit \u00e9s form\u00e1it, ezenk\u00edv\u00fcl pihen\u0151fel\u00fcletet ny\u00fajt a medence partj\u00e1n t\u00f6rt\u00e9n\u0151 s\u00fctk\u00e9rez\u00e9shez. A pasztell sz\u00ednei \u00e1ltal sokoldal\u00faan haszn\u00e1lhat\u00f3 medenceszeg\u00e9ly t\u00f6k\u00e9letesen illeszkedik b\u00e1rmilyen st\u00edlus\u00fa kertbe.<\/p>\n","protected":false},"featured_media":42973,"template":"","meta":[],"product_brand":[11304],"product_cat":[168,175],"product_tag":[],"class_list":{"0":"post-43209","1":"product","2":"type-product","3":"status-publish","4":"has-post-thumbnail","6":"product_brand-semmelrock","7":"product_cat-kertepites-es-terburkolat","8":"product_cat-terkovek","10":"first","11":"instock","12":"taxable","13":"shipping-taxable","14":"purchasable","15":"product-type-simple"},"aioseo_notices":[],"_links":{"self":[{"href":"https:\/\/www.bau-styl.hu\/epitoanyag\/wp-json\/wp\/v2\/product\/43209","targetHints":{"allow":["GET"]}}],"collection":[{"href":"https:\/\/www.bau-styl.hu\/epitoanyag\/wp-json\/wp\/v2\/product"}],"about":[{"href":"https:\/\/www.bau-styl.hu\/epitoanyag\/wp-json\/wp\/v2\/types\/product"}],"wp:featuredmedia":[{"embeddable":true,"href":"https:\/\/www.bau-styl.hu\/epitoanyag\/wp-json\/wp\/v2\/media\/42973"}],"wp:attachment":[{"href":"https:\/\/www.bau-styl.hu\/epitoanyag\/wp-json\/wp\/v2\/media?parent=43209"}],"wp:term":[{"taxonomy":"product_brand","embeddable":true,"href":"https:\/\/www.bau-styl.hu\/epitoanyag\/wp-json\/wp\/v2\/product_brand?post=43209"},{"taxonomy":"product_cat","embeddable":true,"href":"https:\/\/www.bau-styl.hu\/epitoanyag\/wp-json\/wp\/v2\/product_cat?post=43209"},{"taxonomy":"product_tag","embeddable":true,"href":"https:\/\/www.bau-styl.hu\/epitoanyag\/wp-json\/wp\/v2\/product_tag?post=43209"}],"curies":[{"name":"wp","href":"https:\/\/api.w.org\/{rel}","templated":true}]}}

Semmelrock Univerzális medence szegély sarokelem pasztellszürke 45x45x3,5 cm

<p>Az univerzális medence szegély kiemeli a szabadtéri medencék fényeit és formáit, ezenkívül pihenőfelületet nyújt a medence partján történő sütkérezéshez. A pasztell színei által sokoldalúan használható medenceszegély tökéletesen illeszkedik bármilyen stílusú kertbe.</p>
