{"id":43213,"date":"2025-05-26T06:59:12","date_gmt":"2025-05-26T04:59:12","guid":{"rendered":"https:\/\/www.bau-styl.hu\/epitoanyag\/?post_type=product&#038;p=43213"},"modified":"2026-04-20T16:06:09","modified_gmt":"2026-04-20T14:06:09","slug":"semmelrock-terburkolo-szegely-koporeteggel-szurke-8x25x100-cm","status":"publish","type":"product","link":"https:\/\/www.bau-styl.hu\/epitoanyag\/termek\/semmelrock-terburkolo-szegely-koporeteggel-szurke-8x25x100-cm\/","title":{"rendered":"Semmelrock T\u00e9rburkol\u00f3 szeg\u00e9ly, kop\u00f3r\u00e9teggel sz\u00fcrke 8x25x100 cm"},"content":{"rendered":"","protected":false},"excerpt":{"rendered":"<p>Sz\u00fcrke sz\u00edn\u0171, gyorsan be\u00e9p\u00edthet\u0151, klasszikus st\u00edlus\u00fa, kiemelt \u00fatszeg\u00e9ly kvarc kop\u00f3r\u00e9teggel. k\u00f6zter\u00fcletek, parkol\u00f3k, ipari parkok, utak szeg\u00e9lyez\u00e9s\u00e9re.<br \/>\nAlkalmaz\u00e1sa:<br \/>\n&#8211; parkol\u00f3k<br \/>\n&#8211; utak<br \/>\n&#8211; termin\u00e1lok lez\u00e1r\u00e1sa \u00e9s megt\u00e1maszt\u00e1sa<br \/>\n&#8211; szinthat\u00e1rol\u00e1sok<br \/>\n&#8211; k\u00f6rforgalmak<\/p>\n","protected":false},"featured_media":42896,"template":"","meta":[],"product_brand":[11304],"product_cat":[168,171],"product_tag":[],"class_list":{"0":"post-43213","1":"product","2":"type-product","3":"status-publish","4":"has-post-thumbnail","6":"product_brand-semmelrock","7":"product_cat-kertepites-es-terburkolat","8":"product_cat-szegelykovek","10":"first","11":"instock","12":"taxable","13":"shipping-taxable","14":"purchasable","15":"product-type-simple"},"aioseo_notices":[],"_links":{"self":[{"href":"https:\/\/www.bau-styl.hu\/epitoanyag\/wp-json\/wp\/v2\/product\/43213","targetHints":{"allow":["GET"]}}],"collection":[{"href":"https:\/\/www.bau-styl.hu\/epitoanyag\/wp-json\/wp\/v2\/product"}],"about":[{"href":"https:\/\/www.bau-styl.hu\/epitoanyag\/wp-json\/wp\/v2\/types\/product"}],"wp:featuredmedia":[{"embeddable":true,"href":"https:\/\/www.bau-styl.hu\/epitoanyag\/wp-json\/wp\/v2\/media\/42896"}],"wp:attachment":[{"href":"https:\/\/www.bau-styl.hu\/epitoanyag\/wp-json\/wp\/v2\/media?parent=43213"}],"wp:term":[{"taxonomy":"product_brand","embeddable":true,"href":"https:\/\/www.bau-styl.hu\/epitoanyag\/wp-json\/wp\/v2\/product_brand?post=43213"},{"taxonomy":"product_cat","embeddable":true,"href":"https:\/\/www.bau-styl.hu\/epitoanyag\/wp-json\/wp\/v2\/product_cat?post=43213"},{"taxonomy":"product_tag","embeddable":true,"href":"https:\/\/www.bau-styl.hu\/epitoanyag\/wp-json\/wp\/v2\/product_tag?post=43213"}],"curies":[{"name":"wp","href":"https:\/\/api.w.org\/{rel}","templated":true}]}}

Semmelrock Térburkoló szegély, kopóréteggel szürke 8x25x100 cm

<p>Szürke színű, gyorsan beépíthető, klasszikus stílusú, kiemelt útszegély kvarc kopóréteggel. közterületek, parkolók, ipari parkok, utak szegélyezésére.<br />
Alkalmazása:<br />
&#8211; parkolók<br />
&#8211; utak<br />
&#8211; terminálok lezárása és megtámasztása<br />
&#8211; szinthatárolások<br />
&#8211; körforgalmak</p>
