{"id":43215,"date":"2025-05-26T06:59:12","date_gmt":"2025-05-26T04:59:12","guid":{"rendered":"https:\/\/www.bau-styl.hu\/epitoanyag\/?post_type=product&#038;p=43215"},"modified":"2026-04-20T16:17:17","modified_gmt":"2026-04-20T14:17:17","slug":"semmelrock-utszegely-ives-r2-m-szurke-78x25x15-cm","status":"publish","type":"product","link":"https:\/\/www.bau-styl.hu\/epitoanyag\/termek\/semmelrock-utszegely-ives-r2-m-szurke-78x25x15-cm\/","title":{"rendered":"Semmelrock \u00datszeg\u00e9ly \u00edves R=2 m sz\u00fcrke 78x25x15 cm"},"content":{"rendered":"","protected":false},"excerpt":{"rendered":"<p>Klasszikus st\u00edlus\u00fa, sz\u00fcrke sz\u00edn\u0171, gyorsan be\u00e9p\u00edthet\u0151, \u00edves \u00fatszeg\u00e9ly (R=2 m), kvarc kop\u00f3r\u00e9teggel. K\u00f6zter\u00fcletek, parkol\u00f3k, ipari parkok, utak szeg\u00e9lyez\u00e9s\u00e9re.<br \/>\n16 db elemb\u0151l k\u00f6r \u00e9p\u00edthet\u0151.<br \/>\nAlkalmaz\u00e1sa:<br \/>\n&#8211; parkol\u00f3k<br \/>\n&#8211; utak<br \/>\n&#8211; termin\u00e1lok lez\u00e1r\u00e1sa \u00e9s megt\u00e1maszt\u00e1sa<br \/>\n&#8211; szinthat\u00e1rol\u00e1sok<br \/>\n&#8211; k\u00f6rforgalmak<\/p>\n","protected":false},"featured_media":42886,"template":"","meta":[],"product_brand":[11304],"product_cat":[168,171],"product_tag":[],"class_list":{"0":"post-43215","1":"product","2":"type-product","3":"status-publish","4":"has-post-thumbnail","6":"product_brand-semmelrock","7":"product_cat-kertepites-es-terburkolat","8":"product_cat-szegelykovek","10":"first","11":"instock","12":"taxable","13":"shipping-taxable","14":"purchasable","15":"product-type-simple"},"aioseo_notices":[],"_links":{"self":[{"href":"https:\/\/www.bau-styl.hu\/epitoanyag\/wp-json\/wp\/v2\/product\/43215","targetHints":{"allow":["GET"]}}],"collection":[{"href":"https:\/\/www.bau-styl.hu\/epitoanyag\/wp-json\/wp\/v2\/product"}],"about":[{"href":"https:\/\/www.bau-styl.hu\/epitoanyag\/wp-json\/wp\/v2\/types\/product"}],"wp:featuredmedia":[{"embeddable":true,"href":"https:\/\/www.bau-styl.hu\/epitoanyag\/wp-json\/wp\/v2\/media\/42886"}],"wp:attachment":[{"href":"https:\/\/www.bau-styl.hu\/epitoanyag\/wp-json\/wp\/v2\/media?parent=43215"}],"wp:term":[{"taxonomy":"product_brand","embeddable":true,"href":"https:\/\/www.bau-styl.hu\/epitoanyag\/wp-json\/wp\/v2\/product_brand?post=43215"},{"taxonomy":"product_cat","embeddable":true,"href":"https:\/\/www.bau-styl.hu\/epitoanyag\/wp-json\/wp\/v2\/product_cat?post=43215"},{"taxonomy":"product_tag","embeddable":true,"href":"https:\/\/www.bau-styl.hu\/epitoanyag\/wp-json\/wp\/v2\/product_tag?post=43215"}],"curies":[{"name":"wp","href":"https:\/\/api.w.org\/{rel}","templated":true}]}}

Semmelrock Útszegély íves R=2 m szürke 78x25x15 cm

<p>Klasszikus stílusú, szürke színű, gyorsan beépíthető, íves útszegély (R=2 m), kvarc kopóréteggel. Közterületek, parkolók, ipari parkok, utak szegélyezésére.<br />
16 db elemből kör építhető.<br />
Alkalmazása:<br />
&#8211; parkolók<br />
&#8211; utak<br />
&#8211; terminálok lezárása és megtámasztása<br />
&#8211; szinthatárolások<br />
&#8211; körforgalmak</p>
