{"id":43316,"date":"2025-05-29T11:46:32","date_gmt":"2025-05-29T09:46:32","guid":{"rendered":"https:\/\/www.bau-styl.hu\/epitoanyag\/?post_type=product&#038;p=43316"},"modified":"2025-06-13T13:28:58","modified_gmt":"2025-06-13T11:28:58","slug":"henkel-ceresit-padlopon-tunopren-alapozo-1-l","status":"publish","type":"product","link":"https:\/\/www.bau-styl.hu\/epitoanyag\/termek\/henkel-ceresit-padlopon-tunopren-alapozo-1-l\/","title":{"rendered":"Henkel Ceresit Padlopon Tunopr\u00e9n Alapoz\u00f3 1 l"},"content":{"rendered":"","protected":false},"excerpt":{"rendered":"<p>A CERESIT\u00ae PADLOPON\u00ae TUNOPR\u00c9N speci\u00e1lis, diszperzi\u00f3s alapoz\u00f3 sz\u00edv\u00f3 \u00e9s nem sz\u00edv\u00f3 aljzatra egyar\u00e1nt, aljzatkiegyenl\u00edt\u00e9s \u00e9s hidegburkol\u00e1s megkezd\u00e9se el\u0151tt alkalmazhat\u00f3. Kiv\u00e1l\u00f3 tapad\u00e1st biztos\u00edt a Ceresit aljzatkiegyenl\u00edt\u0151 \u00e9s az aljzat k\u00f6z\u00f6tt.<\/p>\n<p>A t\u00e1j\u00e9koztat\u00f3 <a href=\"https:\/\/www.bau-styl.hu\/epitoanyag\/wp-content\/uploads\/2025\/06\/CERESIT-PADLOPON-TUNOPRN-hu_HU.pdf\" target=\"_blank\" rel=\"noopener\">innen<\/a> let\u00f6lthet\u0151.<\/p>\n","protected":false},"featured_media":43295,"template":"","meta":[],"product_brand":[],"product_cat":[129,4072],"product_tag":[6601],"class_list":{"0":"post-43316","1":"product","2":"type-product","3":"status-publish","4":"has-post-thumbnail","6":"product_cat-hidegburkolas","7":"product_cat-alapozo-hidegburkolas","8":"product_tag-henkel","10":"first","11":"instock","12":"taxable","13":"shipping-taxable","14":"purchasable","15":"product-type-simple"},"aioseo_notices":[],"_links":{"self":[{"href":"https:\/\/www.bau-styl.hu\/epitoanyag\/wp-json\/wp\/v2\/product\/43316","targetHints":{"allow":["GET"]}}],"collection":[{"href":"https:\/\/www.bau-styl.hu\/epitoanyag\/wp-json\/wp\/v2\/product"}],"about":[{"href":"https:\/\/www.bau-styl.hu\/epitoanyag\/wp-json\/wp\/v2\/types\/product"}],"wp:featuredmedia":[{"embeddable":true,"href":"https:\/\/www.bau-styl.hu\/epitoanyag\/wp-json\/wp\/v2\/media\/43295"}],"wp:attachment":[{"href":"https:\/\/www.bau-styl.hu\/epitoanyag\/wp-json\/wp\/v2\/media?parent=43316"}],"wp:term":[{"taxonomy":"product_brand","embeddable":true,"href":"https:\/\/www.bau-styl.hu\/epitoanyag\/wp-json\/wp\/v2\/product_brand?post=43316"},{"taxonomy":"product_cat","embeddable":true,"href":"https:\/\/www.bau-styl.hu\/epitoanyag\/wp-json\/wp\/v2\/product_cat?post=43316"},{"taxonomy":"product_tag","embeddable":true,"href":"https:\/\/www.bau-styl.hu\/epitoanyag\/wp-json\/wp\/v2\/product_tag?post=43316"}],"curies":[{"name":"wp","href":"https:\/\/api.w.org\/{rel}","templated":true}]}}