{"id":43318,"date":"2025-05-29T11:46:32","date_gmt":"2025-05-29T09:46:32","guid":{"rendered":"https:\/\/www.bau-styl.hu\/epitoanyag\/?post_type=product&#038;p=43318"},"modified":"2025-06-13T13:28:59","modified_gmt":"2025-06-13T11:28:59","slug":"henkel-ceresit-padlopon-diszperzios-alapozo-5-l","status":"publish","type":"product","link":"https:\/\/www.bau-styl.hu\/epitoanyag\/termek\/henkel-ceresit-padlopon-diszperzios-alapozo-5-l\/","title":{"rendered":"Henkel Ceresit Padlopon Diszperzi\u00f3s alapoz\u00f3 5 l"},"content":{"rendered":"","protected":false},"excerpt":{"rendered":"<p>A CERESIT\u00ae PADLOPON\u00ae DISZPERZI\u00d3S alapoz\u00f3 nedvsz\u00edv\u00f3 aljzat (pl. beton, esztrich) kell\u0151s\u00edt\u00e9s\u00e9re, pormegk\u00f6t\u00e9sre, tapad\u00f3h\u00edd kialak\u00edt\u00e1s\u00e1ra alkalmazhat\u00f3 old\u00f3szermentes, diszperzi\u00f3s alapoz\u00f3, amely fest\u00e9s, tap\u00e9t\u00e1z\u00e1s, aljzatkiegyenl\u00edt\u00e9s \u00e9s hidegburkol\u00e1s megkezd\u00e9se el\u0151tt alkalmazhat\u00f3. V\u00edzzel 1:3 ar\u00e1nyban hig\u00edthat\u00f3.<\/p>\n<p>A t\u00e1j\u00e9koztat\u00f3 <a href=\"https:\/\/www.bau-styl.hu\/epitoanyag\/wp-content\/uploads\/2025\/06\/CERESIT-PADLOPON-DISZPERZIS-hu_HU.pdf\" target=\"_blank\" rel=\"noopener\">innen<\/a> let\u00f6lthet\u0151.<\/p>\n","protected":false},"featured_media":43293,"template":"","meta":[],"product_brand":[],"product_cat":[129,4072],"product_tag":[6601],"class_list":{"0":"post-43318","1":"product","2":"type-product","3":"status-publish","4":"has-post-thumbnail","6":"product_cat-hidegburkolas","7":"product_cat-alapozo-hidegburkolas","8":"product_tag-henkel","10":"first","11":"instock","12":"taxable","13":"shipping-taxable","14":"purchasable","15":"product-type-simple"},"aioseo_notices":[],"_links":{"self":[{"href":"https:\/\/www.bau-styl.hu\/epitoanyag\/wp-json\/wp\/v2\/product\/43318","targetHints":{"allow":["GET"]}}],"collection":[{"href":"https:\/\/www.bau-styl.hu\/epitoanyag\/wp-json\/wp\/v2\/product"}],"about":[{"href":"https:\/\/www.bau-styl.hu\/epitoanyag\/wp-json\/wp\/v2\/types\/product"}],"wp:featuredmedia":[{"embeddable":true,"href":"https:\/\/www.bau-styl.hu\/epitoanyag\/wp-json\/wp\/v2\/media\/43293"}],"wp:attachment":[{"href":"https:\/\/www.bau-styl.hu\/epitoanyag\/wp-json\/wp\/v2\/media?parent=43318"}],"wp:term":[{"taxonomy":"product_brand","embeddable":true,"href":"https:\/\/www.bau-styl.hu\/epitoanyag\/wp-json\/wp\/v2\/product_brand?post=43318"},{"taxonomy":"product_cat","embeddable":true,"href":"https:\/\/www.bau-styl.hu\/epitoanyag\/wp-json\/wp\/v2\/product_cat?post=43318"},{"taxonomy":"product_tag","embeddable":true,"href":"https:\/\/www.bau-styl.hu\/epitoanyag\/wp-json\/wp\/v2\/product_tag?post=43318"}],"curies":[{"name":"wp","href":"https:\/\/api.w.org\/{rel}","templated":true}]}}