{"id":43331,"date":"2025-05-29T12:22:22","date_gmt":"2025-05-29T10:22:22","guid":{"rendered":"https:\/\/www.bau-styl.hu\/epitoanyag\/?post_type=product&#038;p=43331"},"modified":"2025-06-13T13:28:56","modified_gmt":"2025-06-13T11:28:56","slug":"sika-black-seal-bt-bitumenes-tomitoanyag-300-ml","status":"publish","type":"product","link":"https:\/\/www.bau-styl.hu\/epitoanyag\/termek\/sika-black-seal-bt-bitumenes-tomitoanyag-300-ml\/","title":{"rendered":"Sika Black Seal BT Bitumenes t\u00f6m\u00edt\u0151anyag 300 ml"},"content":{"rendered":"","protected":false},"excerpt":{"rendered":"<p>A Sika\u00ae BlackSeal BT egy butil b\u00e1zis\u00fa, egykomponens\u0171 t\u00f6m\u00edt\u0151- \u00e9s ragaszt\u00f3anyag, amely a legt\u00f6bb \u00e9p\u00edt\u00e9si alapfel\u00fcleten j\u00f3l tapad. Nem ig\u00e9nyel alapoz\u00e1st, k\u00f6nnyen feldolgozhat\u00f3, nyirkos alapfel\u00fcleten is alkalmazhat\u00f3, magas sz\u00e1razanyag tartalom \u2013 kiv\u00e1l\u00f3 r\u00e9skit\u00f6lt\u0151 tulajdons\u00e1g\u00fa zsugorod\u00e1s n\u00e9lk\u00fcl.<\/p>\n<p>A t\u00e1j\u00e9koztat\u00f3 <a href=\"https:\/\/www.bau-styl.hu\/epitoanyag\/wp-content\/uploads\/2025\/06\/blackseal_bt_hu05ta.pdf\" target=\"_blank\" rel=\"noopener\"><span style=\"text-decoration: underline;\">innen<\/span><\/a> let\u00f6lthet\u0151,<\/p>\n","protected":false},"featured_media":43303,"template":"","meta":[],"product_brand":[],"product_cat":[9620,129],"product_tag":[10205],"class_list":{"0":"post-43331","1":"product","2":"type-product","3":"status-publish","4":"has-post-thumbnail","6":"product_cat-epitesi-segedanyagok-adalekanyagok","7":"product_cat-hidegburkolas","8":"product_tag-sika","10":"first","11":"instock","12":"taxable","13":"shipping-taxable","14":"purchasable","15":"product-type-simple"},"aioseo_notices":[],"_links":{"self":[{"href":"https:\/\/www.bau-styl.hu\/epitoanyag\/wp-json\/wp\/v2\/product\/43331","targetHints":{"allow":["GET"]}}],"collection":[{"href":"https:\/\/www.bau-styl.hu\/epitoanyag\/wp-json\/wp\/v2\/product"}],"about":[{"href":"https:\/\/www.bau-styl.hu\/epitoanyag\/wp-json\/wp\/v2\/types\/product"}],"wp:featuredmedia":[{"embeddable":true,"href":"https:\/\/www.bau-styl.hu\/epitoanyag\/wp-json\/wp\/v2\/media\/43303"}],"wp:attachment":[{"href":"https:\/\/www.bau-styl.hu\/epitoanyag\/wp-json\/wp\/v2\/media?parent=43331"}],"wp:term":[{"taxonomy":"product_brand","embeddable":true,"href":"https:\/\/www.bau-styl.hu\/epitoanyag\/wp-json\/wp\/v2\/product_brand?post=43331"},{"taxonomy":"product_cat","embeddable":true,"href":"https:\/\/www.bau-styl.hu\/epitoanyag\/wp-json\/wp\/v2\/product_cat?post=43331"},{"taxonomy":"product_tag","embeddable":true,"href":"https:\/\/www.bau-styl.hu\/epitoanyag\/wp-json\/wp\/v2\/product_tag?post=43331"}],"curies":[{"name":"wp","href":"https:\/\/api.w.org\/{rel}","templated":true}]}}