{"id":43529,"date":"2025-06-02T15:34:37","date_gmt":"2025-06-02T13:34:37","guid":{"rendered":"https:\/\/www.bau-styl.hu\/epitoanyag\/?post_type=product&#038;p=43529"},"modified":"2026-04-20T12:12:30","modified_gmt":"2026-04-20T10:12:30","slug":"kk-kavics-setany-jarolap-sarga-mosott-35x35x45-cm","status":"publish","type":"product","link":"https:\/\/www.bau-styl.hu\/epitoanyag\/termek\/kk-kavics-setany-jarolap-sarga-mosott-35x35x45-cm\/","title":{"rendered":"KK Kavics S\u00e9t\u00e1ny J\u00e1r\u00f3lap s\u00e1rga mosott 35x35x4,5 cm"},"content":{"rendered":"<p><strong>Aj\u00e1nlhatunk hozz\u00e1 m\u00e1st is?<\/strong><\/p>\n<p><span style=\"text-decoration: underline;\"><a href=\"https:\/\/www.bau-styl.hu\/epitoanyag\/termek\/lb-knauf-kvarchomok-0-06-mm-40-kg\/\">Cemix Kvarchomok 0-0,6 mm 40 kg<\/a><\/span><br \/>\n<span style=\"text-decoration: underline;\"><a href=\"https:\/\/www.bau-styl.hu\/epitoanyag\/termek\/murva-0-20\/\">Murva 0-20Murva 0-20 \/ tonna<\/a><\/span><br \/>\n<span style=\"text-decoration: underline;\"><a href=\"https:\/\/www.bau-styl.hu\/epitoanyag\/termek\/murva-12-20\/\">Murva 12-20<\/a><\/span><br \/>\n<span style=\"text-decoration: underline;\"><a href=\"https:\/\/www.bau-styl.hu\/epitoanyag\/termek\/homok-0-4\/\">Homok 0-4 \/ tonna<\/a><\/span><\/p>\n","protected":false},"excerpt":{"rendered":"<p>A KK j\u00e1r\u00f3lapok igaz\u00e1n alkalmazkod\u00f3ak. Klasszikus, n\u00e9gyzet alak\u00fa form\u00e1juknak k\u00f6sz\u00f6nhet\u0151en k\u00f6nnyed\u00e9n \u00e9s term\u00e9szetes m\u00f3don igazodnak b\u00e1rmilyen k\u00f6rnyezethez vagy \u00e9p\u00edt\u00e9szeti st\u00edlushoz. Els\u0151sorban teraszok, balkonok, h\u00e1z k\u00f6r\u00fcli ter\u00fcletek \u00e9s k\u00f6t\u00f6tt magass\u00e1g\u00fa helyek burkol\u00e1s\u00e1ra aj\u00e1nljuk \u0151ket. Minden olyan fel\u00fcletre kiv\u00e1l\u00f3ak, amelyet gyalogosok \u00e9s ker\u00e9kp\u00e1rosok haszn\u00e1lnak, ha nem kell sz\u00e1molni j\u00e1rm\u0171forgalommal. A KK j\u00e1r\u00f3lap mosott eleg\u00e1ns, tiszta \u00e9s patin\u00e1s megjelen\u00e9st biztos\u00edt, amely a v\u00e1logatott, tiszt\u00edtott b\u00e1nyakavicsokb\u00f3l \u00e1ll\u00f3 fel\u00fclet\u00e9nek k\u00f6sz\u00f6nhet\u0151.<\/p>\n","protected":false},"featured_media":43363,"template":"","meta":[],"product_brand":[11287],"product_cat":[168,5044],"product_tag":[],"class_list":{"0":"post-43529","1":"product","2":"type-product","3":"status-publish","4":"has-post-thumbnail","6":"product_brand-kk-kavics-beton","7":"product_cat-kertepites-es-terburkolat","8":"product_cat-kerti-lapok","10":"first","11":"instock","12":"taxable","13":"shipping-taxable","14":"purchasable","15":"product-type-simple"},"aioseo_notices":[],"_links":{"self":[{"href":"https:\/\/www.bau-styl.hu\/epitoanyag\/wp-json\/wp\/v2\/product\/43529","targetHints":{"allow":["GET"]}}],"collection":[{"href":"https:\/\/www.bau-styl.hu\/epitoanyag\/wp-json\/wp\/v2\/product"}],"about":[{"href":"https:\/\/www.bau-styl.hu\/epitoanyag\/wp-json\/wp\/v2\/types\/product"}],"wp:featuredmedia":[{"embeddable":true,"href":"https:\/\/www.bau-styl.hu\/epitoanyag\/wp-json\/wp\/v2\/media\/43363"}],"wp:attachment":[{"href":"https:\/\/www.bau-styl.hu\/epitoanyag\/wp-json\/wp\/v2\/media?parent=43529"}],"wp:term":[{"taxonomy":"product_brand","embeddable":true,"href":"https:\/\/www.bau-styl.hu\/epitoanyag\/wp-json\/wp\/v2\/product_brand?post=43529"},{"taxonomy":"product_cat","embeddable":true,"href":"https:\/\/www.bau-styl.hu\/epitoanyag\/wp-json\/wp\/v2\/product_cat?post=43529"},{"taxonomy":"product_tag","embeddable":true,"href":"https:\/\/www.bau-styl.hu\/epitoanyag\/wp-json\/wp\/v2\/product_tag?post=43529"}],"curies":[{"name":"wp","href":"https:\/\/api.w.org\/{rel}","templated":true}]}}