{"id":43920,"date":"2025-06-13T13:21:17","date_gmt":"2025-06-13T11:21:17","guid":{"rendered":"https:\/\/www.bau-styl.hu\/epitoanyag\/?post_type=product&#038;p=43920"},"modified":"2026-01-19T21:43:43","modified_gmt":"2026-01-19T19:43:43","slug":"leier-balneum-kombi-terko-satirozott-gesztenye-5-cm","status":"publish","type":"product","link":"https:\/\/www.bau-styl.hu\/epitoanyag\/termek\/leier-balneum-kombi-terko-satirozott-gesztenye-5-cm\/","title":{"rendered":"Leier Balneum Kombi t\u00e9rk\u0151 sat\u00edrozott gesztenye 5 cm"},"content":{"rendered":"","protected":false},"excerpt":{"rendered":"<p>BALNEUM t\u00e9rk\u0151 kombin\u00e1lt csomagol\u00e1ssal \u00e9rhet\u0151 el, h\u00e1rom m\u00e9retben. Az egyszer\u0171 rak\u00e1sk\u00e9p ellen\u00e9re dinamikus eleganci\u00e1t k\u00f6lcs\u00f6n\u00f6z a burkolathoz. Felhaszn\u00e1lhat\u00f3 teraszokon, lak\u00f3utc\u00e1k j\u00e1rd\u00e1in, kocsifelhajt\u00f3kon, csobog\u00f3medrekben, kerti pihen\u0151kben, parkol\u00f3kban, udvarokban \u00e9s kerti j\u00e1rd\u00e1kon.<\/p>\n","protected":false},"featured_media":43855,"template":"","meta":[],"product_brand":[],"product_cat":[168,175],"product_tag":[],"class_list":{"0":"post-43920","1":"product","2":"type-product","3":"status-publish","4":"has-post-thumbnail","6":"product_cat-kertepites-es-terburkolat","7":"product_cat-terkovek","9":"first","10":"instock","11":"taxable","12":"shipping-taxable","13":"purchasable","14":"product-type-simple"},"aioseo_notices":[],"_links":{"self":[{"href":"https:\/\/www.bau-styl.hu\/epitoanyag\/wp-json\/wp\/v2\/product\/43920","targetHints":{"allow":["GET"]}}],"collection":[{"href":"https:\/\/www.bau-styl.hu\/epitoanyag\/wp-json\/wp\/v2\/product"}],"about":[{"href":"https:\/\/www.bau-styl.hu\/epitoanyag\/wp-json\/wp\/v2\/types\/product"}],"wp:featuredmedia":[{"embeddable":true,"href":"https:\/\/www.bau-styl.hu\/epitoanyag\/wp-json\/wp\/v2\/media\/43855"}],"wp:attachment":[{"href":"https:\/\/www.bau-styl.hu\/epitoanyag\/wp-json\/wp\/v2\/media?parent=43920"}],"wp:term":[{"taxonomy":"product_brand","embeddable":true,"href":"https:\/\/www.bau-styl.hu\/epitoanyag\/wp-json\/wp\/v2\/product_brand?post=43920"},{"taxonomy":"product_cat","embeddable":true,"href":"https:\/\/www.bau-styl.hu\/epitoanyag\/wp-json\/wp\/v2\/product_cat?post=43920"},{"taxonomy":"product_tag","embeddable":true,"href":"https:\/\/www.bau-styl.hu\/epitoanyag\/wp-json\/wp\/v2\/product_tag?post=43920"}],"curies":[{"name":"wp","href":"https:\/\/api.w.org\/{rel}","templated":true}]}}