{"id":43926,"date":"2025-06-13T13:21:18","date_gmt":"2025-06-13T11:21:18","guid":{"rendered":"https:\/\/www.bau-styl.hu\/epitoanyag\/?post_type=product&#038;p=43926"},"modified":"2026-04-20T12:13:01","modified_gmt":"2026-04-20T10:13:01","slug":"leier-patria-terko-satirozott-jegszurke-7-cm","status":"publish","type":"product","link":"https:\/\/www.bau-styl.hu\/epitoanyag\/termek\/leier-patria-terko-satirozott-jegszurke-7-cm\/","title":{"rendered":"Leier Patria t\u00e9rk\u0151 sat\u00edrozott j\u00e9gsz\u00fcrke 7 cm"},"content":{"rendered":"","protected":false},"excerpt":{"rendered":"<p>A PATRIA t\u00e9rk\u0151 kombin\u00e1lt csomagol\u00e1ssal, 5 m\u00e9retben \u00e9s k\u00e9t burkol\u00e1si sz\u00e9less\u00e9ggel \u00e9rhet\u0151 el. Felhaszn\u00e1lhat\u00f3 teraszokon, lak\u00f3utc\u00e1k j\u00e1rd\u00e1in, kocsifelhajt\u00f3kon, csobog\u00f3medrekben, kerti pihen\u0151kben, parkol\u00f3kban, udvarokban \u00e9s kerti j\u00e1rd\u00e1kon. Vastags\u00e1ga 7 cm<\/p>\n","protected":false},"featured_media":43805,"template":"","meta":[],"product_brand":[11288],"product_cat":[168,175],"product_tag":[],"class_list":{"0":"post-43926","1":"product","2":"type-product","3":"status-publish","4":"has-post-thumbnail","6":"product_brand-leier","7":"product_cat-kertepites-es-terburkolat","8":"product_cat-terkovek","10":"first","11":"instock","12":"taxable","13":"shipping-taxable","14":"purchasable","15":"product-type-simple"},"aioseo_notices":[],"_links":{"self":[{"href":"https:\/\/www.bau-styl.hu\/epitoanyag\/wp-json\/wp\/v2\/product\/43926","targetHints":{"allow":["GET"]}}],"collection":[{"href":"https:\/\/www.bau-styl.hu\/epitoanyag\/wp-json\/wp\/v2\/product"}],"about":[{"href":"https:\/\/www.bau-styl.hu\/epitoanyag\/wp-json\/wp\/v2\/types\/product"}],"wp:featuredmedia":[{"embeddable":true,"href":"https:\/\/www.bau-styl.hu\/epitoanyag\/wp-json\/wp\/v2\/media\/43805"}],"wp:attachment":[{"href":"https:\/\/www.bau-styl.hu\/epitoanyag\/wp-json\/wp\/v2\/media?parent=43926"}],"wp:term":[{"taxonomy":"product_brand","embeddable":true,"href":"https:\/\/www.bau-styl.hu\/epitoanyag\/wp-json\/wp\/v2\/product_brand?post=43926"},{"taxonomy":"product_cat","embeddable":true,"href":"https:\/\/www.bau-styl.hu\/epitoanyag\/wp-json\/wp\/v2\/product_cat?post=43926"},{"taxonomy":"product_tag","embeddable":true,"href":"https:\/\/www.bau-styl.hu\/epitoanyag\/wp-json\/wp\/v2\/product_tag?post=43926"}],"curies":[{"name":"wp","href":"https:\/\/api.w.org\/{rel}","templated":true}]}}