{"id":43929,"date":"2025-06-13T13:21:18","date_gmt":"2025-06-13T11:21:18","guid":{"rendered":"https:\/\/www.bau-styl.hu\/epitoanyag\/?post_type=product&#038;p=43929"},"modified":"2026-04-20T12:13:01","modified_gmt":"2026-04-20T10:13:01","slug":"leier-forum-terko-kozepszurke-40x20-cm-8-cm","status":"publish","type":"product","link":"https:\/\/www.bau-styl.hu\/epitoanyag\/termek\/leier-forum-terko-kozepszurke-40x20-cm-8-cm\/","title":{"rendered":"Leier Forum t\u00e9rk\u0151 k\u00f6z\u00e9psz\u00fcrke 40&#215;20 cm 8 cm"},"content":{"rendered":"","protected":false},"excerpt":{"rendered":"<p>FORUM t\u00e9rk\u0151 neve egyik legf\u0151bb felhaszn\u00e1l\u00e1si ter\u00fclet\u00e9re utal, k\u00fcl\u00f6n\u00f6sen er\u0151s oldaltart\u00e1st biztos\u00edt\u00f3 kivitele \u00e9s nagym\u00e9ret\u0171 form\u00e1i els\u0151sorban k\u00f6zter\u00fcletek burkol\u00e1s\u00e1ra teszik alkalmass\u00e1.<\/p>\n","protected":false},"featured_media":43889,"template":"","meta":[],"product_brand":[11288],"product_cat":[168,175],"product_tag":[],"class_list":{"0":"post-43929","1":"product","2":"type-product","3":"status-publish","4":"has-post-thumbnail","6":"product_brand-leier","7":"product_cat-kertepites-es-terburkolat","8":"product_cat-terkovek","10":"first","11":"instock","12":"taxable","13":"shipping-taxable","14":"purchasable","15":"product-type-simple"},"aioseo_notices":[],"_links":{"self":[{"href":"https:\/\/www.bau-styl.hu\/epitoanyag\/wp-json\/wp\/v2\/product\/43929","targetHints":{"allow":["GET"]}}],"collection":[{"href":"https:\/\/www.bau-styl.hu\/epitoanyag\/wp-json\/wp\/v2\/product"}],"about":[{"href":"https:\/\/www.bau-styl.hu\/epitoanyag\/wp-json\/wp\/v2\/types\/product"}],"wp:featuredmedia":[{"embeddable":true,"href":"https:\/\/www.bau-styl.hu\/epitoanyag\/wp-json\/wp\/v2\/media\/43889"}],"wp:attachment":[{"href":"https:\/\/www.bau-styl.hu\/epitoanyag\/wp-json\/wp\/v2\/media?parent=43929"}],"wp:term":[{"taxonomy":"product_brand","embeddable":true,"href":"https:\/\/www.bau-styl.hu\/epitoanyag\/wp-json\/wp\/v2\/product_brand?post=43929"},{"taxonomy":"product_cat","embeddable":true,"href":"https:\/\/www.bau-styl.hu\/epitoanyag\/wp-json\/wp\/v2\/product_cat?post=43929"},{"taxonomy":"product_tag","embeddable":true,"href":"https:\/\/www.bau-styl.hu\/epitoanyag\/wp-json\/wp\/v2\/product_tag?post=43929"}],"curies":[{"name":"wp","href":"https:\/\/api.w.org\/{rel}","templated":true}]}}