{"id":43990,"date":"2025-06-13T13:21:47","date_gmt":"2025-06-13T11:21:47","guid":{"rendered":"https:\/\/www.bau-styl.hu\/epitoanyag\/?post_type=product&#038;p=43990"},"modified":"2026-01-19T21:43:22","modified_gmt":"2026-01-19T19:43:22","slug":"leier-modern-keritesko-normalko-satirozott-natur-beige-barna-40x20x20-cm","status":"publish","type":"product","link":"https:\/\/www.bau-styl.hu\/epitoanyag\/termek\/leier-modern-keritesko-normalko-satirozott-natur-beige-barna-40x20x20-cm\/","title":{"rendered":"Leier Modern Ker\u00edt\u00e9sk\u0151 norm\u00e1lk\u0151 sat\u00edrozott nat\u00far beige-barna 40x20x20 cm"},"content":{"rendered":"","protected":false},"excerpt":{"rendered":"<p>MODERN ker\u00edt\u00e9sk\u0151 t\u00f6k\u00e9letes a letisztult t\u00f6megform\u00e1l\u00e1s\u00fa \u00e9p\u00fcletek ker\u00edt\u00e9s\u00e9hez. Egyszer\u0171, klasszikus kialak\u00edt\u00e1sa kit\u0171n\u0151en keretezi a beton, f\u00e9m, fa, \u00fcveg fel\u00fcletekkel hangs\u00falyozott, egyszer\u0171 geometriai form\u00e1kb\u00f3l alkotott \u00e9p\u00edtm\u00e9nyeket.<\/p>\n","protected":false},"featured_media":43833,"template":"","meta":[],"product_brand":[],"product_cat":[168,169],"product_tag":[],"class_list":{"0":"post-43990","1":"product","2":"type-product","3":"status-publish","4":"has-post-thumbnail","6":"product_cat-kertepites-es-terburkolat","7":"product_cat-kerites-elemek","9":"first","10":"instock","11":"taxable","12":"shipping-taxable","13":"purchasable","14":"product-type-simple"},"aioseo_notices":[],"_links":{"self":[{"href":"https:\/\/www.bau-styl.hu\/epitoanyag\/wp-json\/wp\/v2\/product\/43990","targetHints":{"allow":["GET"]}}],"collection":[{"href":"https:\/\/www.bau-styl.hu\/epitoanyag\/wp-json\/wp\/v2\/product"}],"about":[{"href":"https:\/\/www.bau-styl.hu\/epitoanyag\/wp-json\/wp\/v2\/types\/product"}],"wp:featuredmedia":[{"embeddable":true,"href":"https:\/\/www.bau-styl.hu\/epitoanyag\/wp-json\/wp\/v2\/media\/43833"}],"wp:attachment":[{"href":"https:\/\/www.bau-styl.hu\/epitoanyag\/wp-json\/wp\/v2\/media?parent=43990"}],"wp:term":[{"taxonomy":"product_brand","embeddable":true,"href":"https:\/\/www.bau-styl.hu\/epitoanyag\/wp-json\/wp\/v2\/product_brand?post=43990"},{"taxonomy":"product_cat","embeddable":true,"href":"https:\/\/www.bau-styl.hu\/epitoanyag\/wp-json\/wp\/v2\/product_cat?post=43990"},{"taxonomy":"product_tag","embeddable":true,"href":"https:\/\/www.bau-styl.hu\/epitoanyag\/wp-json\/wp\/v2\/product_tag?post=43990"}],"curies":[{"name":"wp","href":"https:\/\/api.w.org\/{rel}","templated":true}]}}