{"id":44031,"date":"2025-06-13T13:22:05","date_gmt":"2025-06-13T11:22:05","guid":{"rendered":"https:\/\/www.bau-styl.hu\/epitoanyag\/?post_type=product&#038;p=44031"},"modified":"2026-01-19T21:43:40","modified_gmt":"2026-01-19T19:43:40","slug":"leier-durisol-magasagyas-l-szett-szurke","status":"publish","type":"product","link":"https:\/\/www.bau-styl.hu\/epitoanyag\/termek\/leier-durisol-magasagyas-l-szett-szurke\/","title":{"rendered":"Leier Durisol Magas\u00e1gy\u00e1s &#8220;L&#8221;  szett sz\u00fcrke"},"content":{"rendered":"","protected":false},"excerpt":{"rendered":"<p>Az &#8220;L&#8221; alak\u00fa Leier Durisol magas\u00e1gy\u00e1s (230 cm x 80 cm x 230 cm) sz\u00e1mos el\u0151nnyel j\u00e1r a kert\u00e9szked\u00e9s szempontj\u00e1b\u00f3l. M\u00e9retei lehet\u0151v\u00e9 teszik a hat\u00e9kony n\u00f6v\u00e9nytermeszt\u00e9st. A magas\u00e1gy\u00e1s elrendez\u00e9se lehet\u0151v\u00e9 teszi a ter\u00fclet optimaliz\u00e1l\u00e1s\u00e1t \u00e9s a k\u00f6nny\u0171 hozz\u00e1f\u00e9r\u00e9st a n\u00f6v\u00e9nyekhez. Az L alak\u00fa magas\u00e1gy\u00e1s eszt\u00e9tikus megjelen\u00e9st k\u00f6lcs\u00f6n\u00f6z a kertnek.<\/p>\n","protected":false},"featured_media":43808,"template":"","meta":[],"product_brand":[],"product_cat":[168,174,10399],"product_tag":[6599,10408],"class_list":{"0":"post-44031","1":"product","2":"type-product","3":"status-publish","4":"has-post-thumbnail","6":"product_cat-kertepites-es-terburkolat","7":"product_cat-kertszepitok","8":"product_cat-durisol","9":"product_tag-leier","10":"product_tag-leiernew","12":"first","13":"instock","14":"taxable","15":"shipping-taxable","16":"purchasable","17":"product-type-simple"},"aioseo_notices":[],"_links":{"self":[{"href":"https:\/\/www.bau-styl.hu\/epitoanyag\/wp-json\/wp\/v2\/product\/44031","targetHints":{"allow":["GET"]}}],"collection":[{"href":"https:\/\/www.bau-styl.hu\/epitoanyag\/wp-json\/wp\/v2\/product"}],"about":[{"href":"https:\/\/www.bau-styl.hu\/epitoanyag\/wp-json\/wp\/v2\/types\/product"}],"wp:featuredmedia":[{"embeddable":true,"href":"https:\/\/www.bau-styl.hu\/epitoanyag\/wp-json\/wp\/v2\/media\/43808"}],"wp:attachment":[{"href":"https:\/\/www.bau-styl.hu\/epitoanyag\/wp-json\/wp\/v2\/media?parent=44031"}],"wp:term":[{"taxonomy":"product_brand","embeddable":true,"href":"https:\/\/www.bau-styl.hu\/epitoanyag\/wp-json\/wp\/v2\/product_brand?post=44031"},{"taxonomy":"product_cat","embeddable":true,"href":"https:\/\/www.bau-styl.hu\/epitoanyag\/wp-json\/wp\/v2\/product_cat?post=44031"},{"taxonomy":"product_tag","embeddable":true,"href":"https:\/\/www.bau-styl.hu\/epitoanyag\/wp-json\/wp\/v2\/product_tag?post=44031"}],"curies":[{"name":"wp","href":"https:\/\/api.w.org\/{rel}","templated":true}]}}