{"id":4918,"date":"2019-10-24T18:13:19","date_gmt":"2019-10-24T16:13:19","guid":{"rendered":"https:\/\/www.bau-styl.hu\/epitoanyag\/termek\/creaton-tetokibuvo-ablak-szigetelt-antracit-45x55-cm\/"},"modified":"2026-04-29T12:25:38","modified_gmt":"2026-04-29T10:25:38","slug":"swissporton-tetokibuvo-ablak-antracit-45x55-cm","status":"publish","type":"product","link":"https:\/\/www.bau-styl.hu\/epitoanyag\/termek\/swissporton-tetokibuvo-ablak-antracit-45x55-cm\/","title":{"rendered":"SwissporTON Tet\u0151kib\u00fav\u00f3 ablak antracit 45&#215;55 cm"},"content":{"rendered":"","protected":false},"excerpt":{"rendered":"<p>A Tet\u0151kib\u00fav\u00f3 ablak els\u0151sorban a tet\u0151re val\u00f3 egyszer\u0171 kijut\u00e1st teszi lehet\u0151v\u00e9. Ezenk\u00edv\u00fcl biztos\u00edtja a f\u00e9ny be\u00e1raml\u00e1s\u00e1t a tet\u0151t\u00e9rbe, illetve szell\u0151ztet\u0151 szerepe is lehet. C\u00e9lszer\u0171 a kib\u00fav\u00f3t a k\u00e9m\u00e9ny k\u00f6zel\u00e9ben elhelyezni, hogy tiszt\u00edt\u00e1sakor egyszer\u0171en meg lehessen k\u00f6zel\u00edteni. Mindenk\u00e9ppen az \u00e1csszerkezethez r\u00f6gz\u00edts\u00fck. Az ablak k\u00f6r\u00fcl a v\u00edzz\u00e1r\u00e1st gondosan kell elk\u00e9sz\u00edteni.<\/p>\n","protected":false},"featured_media":34937,"template":"","meta":[],"product_brand":[11272],"product_cat":[11362,11351,355,185],"product_tag":[11379],"class_list":{"0":"post-4918","1":"product","2":"type-product","3":"status-publish","4":"has-post-thumbnail","6":"product_brand-creaton","7":"product_cat-fem-es-muanyag-kiegeszito","8":"product_cat-tetokibuvo","9":"product_cat-tetofedes","10":"product_cat-nyilaszarok","11":"product_tag-swissporton","13":"first","14":"instock","15":"taxable","16":"shipping-taxable","17":"purchasable","18":"product-type-simple"},"aioseo_notices":[],"_links":{"self":[{"href":"https:\/\/www.bau-styl.hu\/epitoanyag\/wp-json\/wp\/v2\/product\/4918","targetHints":{"allow":["GET"]}}],"collection":[{"href":"https:\/\/www.bau-styl.hu\/epitoanyag\/wp-json\/wp\/v2\/product"}],"about":[{"href":"https:\/\/www.bau-styl.hu\/epitoanyag\/wp-json\/wp\/v2\/types\/product"}],"wp:featuredmedia":[{"embeddable":true,"href":"https:\/\/www.bau-styl.hu\/epitoanyag\/wp-json\/wp\/v2\/media\/34937"}],"wp:attachment":[{"href":"https:\/\/www.bau-styl.hu\/epitoanyag\/wp-json\/wp\/v2\/media?parent=4918"}],"wp:term":[{"taxonomy":"product_brand","embeddable":true,"href":"https:\/\/www.bau-styl.hu\/epitoanyag\/wp-json\/wp\/v2\/product_brand?post=4918"},{"taxonomy":"product_cat","embeddable":true,"href":"https:\/\/www.bau-styl.hu\/epitoanyag\/wp-json\/wp\/v2\/product_cat?post=4918"},{"taxonomy":"product_tag","embeddable":true,"href":"https:\/\/www.bau-styl.hu\/epitoanyag\/wp-json\/wp\/v2\/product_tag?post=4918"}],"curies":[{"name":"wp","href":"https:\/\/api.w.org\/{rel}","templated":true}]}}

SwissporTON Tetőkibúvó ablak antracit 45&#215;55 cm

<p>A Tetőkibúvó ablak elsősorban a tetőre való egyszerű kijutást teszi lehetővé. Ezenkívül biztosítja a fény beáramlását a tetőtérbe, illetve szellőztető szerepe is lehet. Célszerű a kibúvót a kémény közelében elhelyezni, hogy tisztításakor egyszerűen meg lehessen közelíteni. Mindenképpen az ácsszerkezethez rögzítsük. Az ablak körül a vízzárást gondosan kell elkészíteni.</p>
