{"id":5637,"date":"2019-10-25T07:07:54","date_gmt":"2019-10-25T07:07:54","guid":{"rendered":"https:\/\/www.bau-styl.hu\/epitoanyag\/termek\/velux-edw-2000-sk08-beepito-keszlet-profilos-tetofedo-anyaghoz-114x140-cm\/"},"modified":"2026-04-20T14:07:15","modified_gmt":"2026-04-20T12:07:15","slug":"velux-edw-2000-sk08-beepito-keszlet-profilos-tetofedo-anyaghoz-114x140-cm","status":"publish","type":"product","link":"https:\/\/www.bau-styl.hu\/epitoanyag\/termek\/velux-edw-2000-sk08-beepito-keszlet-profilos-tetofedo-anyaghoz-114x140-cm\/","title":{"rendered":"Velux EDW 2000 SK08 Be\u00e9p\u00edt\u0151 k\u00e9szlet profilos tet\u0151fed\u0151 anyaghoz 114&#215;140 cm"},"content":{"rendered":"","protected":false},"excerpt":{"rendered":"","protected":false},"featured_media":28612,"template":"","meta":[],"product_brand":[11314],"product_cat":[11344,185],"product_tag":[],"class_list":{"0":"post-5637","1":"product","2":"type-product","3":"status-publish","4":"has-post-thumbnail","6":"product_brand-velux","7":"product_cat-beepitotermekek","8":"product_cat-nyilaszarok","10":"first","11":"instock","12":"taxable","13":"shipping-taxable","14":"purchasable","15":"product-type-simple"},"aioseo_notices":[],"_links":{"self":[{"href":"https:\/\/www.bau-styl.hu\/epitoanyag\/wp-json\/wp\/v2\/product\/5637","targetHints":{"allow":["GET"]}}],"collection":[{"href":"https:\/\/www.bau-styl.hu\/epitoanyag\/wp-json\/wp\/v2\/product"}],"about":[{"href":"https:\/\/www.bau-styl.hu\/epitoanyag\/wp-json\/wp\/v2\/types\/product"}],"wp:featuredmedia":[{"embeddable":true,"href":"https:\/\/www.bau-styl.hu\/epitoanyag\/wp-json\/wp\/v2\/media\/28612"}],"wp:attachment":[{"href":"https:\/\/www.bau-styl.hu\/epitoanyag\/wp-json\/wp\/v2\/media?parent=5637"}],"wp:term":[{"taxonomy":"product_brand","embeddable":true,"href":"https:\/\/www.bau-styl.hu\/epitoanyag\/wp-json\/wp\/v2\/product_brand?post=5637"},{"taxonomy":"product_cat","embeddable":true,"href":"https:\/\/www.bau-styl.hu\/epitoanyag\/wp-json\/wp\/v2\/product_cat?post=5637"},{"taxonomy":"product_tag","embeddable":true,"href":"https:\/\/www.bau-styl.hu\/epitoanyag\/wp-json\/wp\/v2\/product_tag?post=5637"}],"curies":[{"name":"wp","href":"https:\/\/api.w.org\/{rel}","templated":true}]}}