{"id":5676,"date":"2019-10-25T08:23:59","date_gmt":"2019-10-25T06:23:59","guid":{"rendered":"https:\/\/www.bau-styl.hu\/epitoanyag\/termek\/baumit-uni-kezi-vakolat-uniputz-25-kg\/"},"modified":"2026-04-22T20:43:35","modified_gmt":"2026-04-22T18:43:35","slug":"baumit-uni-kezi-vakolat-uniputz-25-kg","status":"publish","type":"product","link":"https:\/\/www.bau-styl.hu\/epitoanyag\/termek\/baumit-uni-kezi-vakolat-uniputz-25-kg\/","title":{"rendered":"Baumit Uni k\u00e9zi vakolat (Uniputz) 25 kg"},"content":{"rendered":"","protected":false},"excerpt":{"rendered":"<p>Univerz\u00e1lis m\u00e9sz-cement alap\u00fa vakolat k\u00e9zi bedolgoz\u00e1sra, k\u00fcls\u0151 \u00e9s bels\u0151 felhaszn\u00e1l\u00e1sra, illetve alapvakolatk\u00e9nt \u00e9s sim\u00edt\u00f3vakolatk\u00e9nt alkalmas.<\/p>\n","protected":false},"featured_media":1946,"template":"","meta":[],"product_brand":[11263],"product_cat":[2831,2849],"product_tag":[],"class_list":{"0":"post-5676","1":"product","2":"type-product","3":"status-publish","4":"has-post-thumbnail","6":"product_brand-baumit","7":"product_cat-zsakos-termek","8":"product_cat-vakolat-zsakos-aru-por-termek","10":"first","11":"instock","12":"taxable","13":"shipping-taxable","14":"purchasable","15":"product-type-simple"},"aioseo_notices":[],"_links":{"self":[{"href":"https:\/\/www.bau-styl.hu\/epitoanyag\/wp-json\/wp\/v2\/product\/5676","targetHints":{"allow":["GET"]}}],"collection":[{"href":"https:\/\/www.bau-styl.hu\/epitoanyag\/wp-json\/wp\/v2\/product"}],"about":[{"href":"https:\/\/www.bau-styl.hu\/epitoanyag\/wp-json\/wp\/v2\/types\/product"}],"wp:featuredmedia":[{"embeddable":true,"href":"https:\/\/www.bau-styl.hu\/epitoanyag\/wp-json\/wp\/v2\/media\/1946"}],"wp:attachment":[{"href":"https:\/\/www.bau-styl.hu\/epitoanyag\/wp-json\/wp\/v2\/media?parent=5676"}],"wp:term":[{"taxonomy":"product_brand","embeddable":true,"href":"https:\/\/www.bau-styl.hu\/epitoanyag\/wp-json\/wp\/v2\/product_brand?post=5676"},{"taxonomy":"product_cat","embeddable":true,"href":"https:\/\/www.bau-styl.hu\/epitoanyag\/wp-json\/wp\/v2\/product_cat?post=5676"},{"taxonomy":"product_tag","embeddable":true,"href":"https:\/\/www.bau-styl.hu\/epitoanyag\/wp-json\/wp\/v2\/product_tag?post=5676"}],"curies":[{"name":"wp","href":"https:\/\/api.w.org\/{rel}","templated":true}]}}