{"id":6683,"date":"2019-10-25T14:40:57","date_gmt":"2019-10-25T14:40:57","guid":{"rendered":"https:\/\/www.bau-styl.hu\/epitoanyag\/termek\/bramac-wakaflex-kemeny-es-falszegely-barna-280-mm-x-5-m\/"},"modified":"2026-02-16T22:24:52","modified_gmt":"2026-02-16T20:24:52","slug":"bramac-wakaflex-kemeny-es-falszegely-barna-280-mm-x-5-m","status":"publish","type":"product","link":"https:\/\/www.bau-styl.hu\/epitoanyag\/termek\/bramac-wakaflex-kemeny-es-falszegely-barna-280-mm-x-5-m\/","title":{"rendered":"Bramac Wakaflex K\u00e9m\u00e9ny- \u00e9s falszeg\u00e9ly barna 280 mm x 5 m"},"content":{"rendered":"","protected":false},"excerpt":{"rendered":"<p>A Wakaflex k\u00e9m\u00e9ny- \u00e9s falszeg\u00e9ly lehet\u0151v\u00e9 teszi a tet\u0151fed\u00e9s folyamatos k\u00e9sz\u00edt\u00e9s\u00e9t f\u00e9mlemez munk\u00e1k n\u00e9lk\u00fcl. K\u00fcl\u00f6n\u00f6sen a hornyolt, hull\u00e1mos cserepekn\u00e9l &#8211; a f\u00e9mlemez szerkezetekt\u0151l &#8211; h\u00e9zagmentes z\u00e1r\u00e1st, a fed\u00e9s sz\u00edn\u00e9hez illeszked\u0151 megjelen\u00e9st \u00e9rhet\u00fcnk el vele.<\/p>\n","protected":false},"featured_media":2139,"template":"","meta":[],"product_brand":[],"product_cat":[355,445,447,365],"product_tag":[6586],"class_list":{"0":"post-6683","1":"product","2":"type-product","3":"status-publish","4":"has-post-thumbnail","6":"product_cat-tetofedes","7":"product_cat-tetotartozek","8":"product_cat-fem-es-muanyag-kiegeszito","9":"product_cat-bramac-fem-es-muanyag-kiegeszito","10":"product_tag-bramac","12":"first","13":"instock","14":"taxable","15":"shipping-taxable","16":"purchasable","17":"product-type-simple"},"aioseo_notices":[],"_links":{"self":[{"href":"https:\/\/www.bau-styl.hu\/epitoanyag\/wp-json\/wp\/v2\/product\/6683","targetHints":{"allow":["GET"]}}],"collection":[{"href":"https:\/\/www.bau-styl.hu\/epitoanyag\/wp-json\/wp\/v2\/product"}],"about":[{"href":"https:\/\/www.bau-styl.hu\/epitoanyag\/wp-json\/wp\/v2\/types\/product"}],"wp:featuredmedia":[{"embeddable":true,"href":"https:\/\/www.bau-styl.hu\/epitoanyag\/wp-json\/wp\/v2\/media\/2139"}],"wp:attachment":[{"href":"https:\/\/www.bau-styl.hu\/epitoanyag\/wp-json\/wp\/v2\/media?parent=6683"}],"wp:term":[{"taxonomy":"product_brand","embeddable":true,"href":"https:\/\/www.bau-styl.hu\/epitoanyag\/wp-json\/wp\/v2\/product_brand?post=6683"},{"taxonomy":"product_cat","embeddable":true,"href":"https:\/\/www.bau-styl.hu\/epitoanyag\/wp-json\/wp\/v2\/product_cat?post=6683"},{"taxonomy":"product_tag","embeddable":true,"href":"https:\/\/www.bau-styl.hu\/epitoanyag\/wp-json\/wp\/v2\/product_tag?post=6683"}],"curies":[{"name":"wp","href":"https:\/\/api.w.org\/{rel}","templated":true}]}}