{"id":7096,"date":"2019-10-25T15:35:38","date_gmt":"2019-10-25T15:35:38","guid":{"rendered":"https:\/\/www.bau-styl.hu\/epitoanyag\/termek\/mapei-keraflex-s1-keramiaburkolat-ragaszto-c2te-25-kg\/"},"modified":"2026-04-20T12:13:23","modified_gmt":"2026-04-20T10:13:23","slug":"mapei-keraflex-s1-keramiaburkolat-ragaszto-c2te-25-kg","status":"publish","type":"product","link":"https:\/\/www.bau-styl.hu\/epitoanyag\/termek\/mapei-keraflex-s1-keramiaburkolat-ragaszto-c2te-25-kg\/","title":{"rendered":"Mapei Keraflex S1 Ker\u00e1miaburkolat ragaszt\u00f3 C2TE 25 kg"},"content":{"rendered":"","protected":false},"excerpt":{"rendered":"<p>Fokozott terhelhet\u0151s\u00e9g\u0171, cementk\u00f6t\u00e9s\u0171 ragaszt\u00f3habarcs ker\u00e1mia burkol\u00f3lapokhoz \u00e9s k\u0151lapokhoz. B\u00e1rmilyen ker\u00e1mia burkol\u00f3lap, ker\u00e1miamozaik \u00e9s (nedvess\u00e9gre nem \u00e9rz\u00e9keny) k\u0151lapok ragaszt\u00e1sa bel- \u00e9s k\u00fclt\u00e9ri padl\u00f3n \u00e9s falon hagyom\u00e1nyos cementk\u00f6t\u00e9s\u0171 vakolt falakra, cementk\u00f6t\u00e9s\u0171 esztrichekre, megl\u00e9v\u0151 m\u00e1rv\u00e1ny, fesz\u00fclts\u00e9gmentes betonszerkezetekre, \u00fasz\u00f3medenc\u00e9kben \u00e9s medenc\u00e9kben. Fokozott ig\u00e9nybev\u00e9tel\u0171 padl\u00f3burkolatok ragaszt\u00e1s\u00e1hoz is alkalmas.<\/p>\n","protected":false},"featured_media":2241,"template":"","meta":[],"product_brand":[11291],"product_cat":[129,6632,2831,2832],"product_tag":[],"class_list":{"0":"post-7096","1":"product","2":"type-product","3":"status-publish","4":"has-post-thumbnail","6":"product_brand-mapei","7":"product_cat-hidegburkolas","8":"product_cat-ragasztastechnika","9":"product_cat-zsakos-termek","10":"product_cat-csemperagaszto-zsakos-aru-por-termek","12":"first","13":"instock","14":"taxable","15":"shipping-taxable","16":"purchasable","17":"product-type-simple"},"aioseo_notices":[],"_links":{"self":[{"href":"https:\/\/www.bau-styl.hu\/epitoanyag\/wp-json\/wp\/v2\/product\/7096","targetHints":{"allow":["GET"]}}],"collection":[{"href":"https:\/\/www.bau-styl.hu\/epitoanyag\/wp-json\/wp\/v2\/product"}],"about":[{"href":"https:\/\/www.bau-styl.hu\/epitoanyag\/wp-json\/wp\/v2\/types\/product"}],"wp:featuredmedia":[{"embeddable":true,"href":"https:\/\/www.bau-styl.hu\/epitoanyag\/wp-json\/wp\/v2\/media\/2241"}],"wp:attachment":[{"href":"https:\/\/www.bau-styl.hu\/epitoanyag\/wp-json\/wp\/v2\/media?parent=7096"}],"wp:term":[{"taxonomy":"product_brand","embeddable":true,"href":"https:\/\/www.bau-styl.hu\/epitoanyag\/wp-json\/wp\/v2\/product_brand?post=7096"},{"taxonomy":"product_cat","embeddable":true,"href":"https:\/\/www.bau-styl.hu\/epitoanyag\/wp-json\/wp\/v2\/product_cat?post=7096"},{"taxonomy":"product_tag","embeddable":true,"href":"https:\/\/www.bau-styl.hu\/epitoanyag\/wp-json\/wp\/v2\/product_tag?post=7096"}],"curies":[{"name":"wp","href":"https:\/\/api.w.org\/{rel}","templated":true}]}}