{"id":7120,"date":"2019-10-25T15:35:50","date_gmt":"2019-10-25T15:35:50","guid":{"rendered":"https:\/\/www.bau-styl.hu\/epitoanyag\/termek\/mapei-mapepur-universal-foam-m-szerelohab-kezi-750-ml\/"},"modified":"2026-04-12T13:13:13","modified_gmt":"2026-04-12T11:13:13","slug":"mapei-mapepur-universal-foam-m-szerelohab-kezi-750-ml","status":"publish","type":"product","link":"https:\/\/www.bau-styl.hu\/epitoanyag\/termek\/mapei-mapepur-universal-foam-m-szerelohab-kezi-750-ml\/","title":{"rendered":"Mapei Mapepur Universal Foam M Szerel\u0151hab k\u00e9zi 750 ml"},"content":{"rendered":"","protected":false},"excerpt":{"rendered":"<p>Ny\u00edl\u00e1sz\u00e1r\u00f3khoz, illetve egy\u00e9b \u00e1ltal\u00e1nos \u00e9p\u00edt\u00e9si h\u00e9zag kit\u00f6lt\u00e9s\u00e9hez val\u00f3 univerz\u00e1lis szerel\u0151hab.<\/p>\n","protected":false},"featured_media":2265,"template":"","meta":[],"product_brand":[],"product_cat":[4071,4100,129],"product_tag":[6593],"class_list":{"0":"post-7120","1":"product","2":"type-product","3":"status-publish","4":"has-post-thumbnail","6":"product_cat-kotoanyag","7":"product_cat-purhab","8":"product_cat-hidegburkolas","9":"product_tag-mapei","11":"first","12":"instock","13":"taxable","14":"shipping-taxable","15":"purchasable","16":"product-type-simple"},"aioseo_notices":[],"_links":{"self":[{"href":"https:\/\/www.bau-styl.hu\/epitoanyag\/wp-json\/wp\/v2\/product\/7120","targetHints":{"allow":["GET"]}}],"collection":[{"href":"https:\/\/www.bau-styl.hu\/epitoanyag\/wp-json\/wp\/v2\/product"}],"about":[{"href":"https:\/\/www.bau-styl.hu\/epitoanyag\/wp-json\/wp\/v2\/types\/product"}],"wp:featuredmedia":[{"embeddable":true,"href":"https:\/\/www.bau-styl.hu\/epitoanyag\/wp-json\/wp\/v2\/media\/2265"}],"wp:attachment":[{"href":"https:\/\/www.bau-styl.hu\/epitoanyag\/wp-json\/wp\/v2\/media?parent=7120"}],"wp:term":[{"taxonomy":"product_brand","embeddable":true,"href":"https:\/\/www.bau-styl.hu\/epitoanyag\/wp-json\/wp\/v2\/product_brand?post=7120"},{"taxonomy":"product_cat","embeddable":true,"href":"https:\/\/www.bau-styl.hu\/epitoanyag\/wp-json\/wp\/v2\/product_cat?post=7120"},{"taxonomy":"product_tag","embeddable":true,"href":"https:\/\/www.bau-styl.hu\/epitoanyag\/wp-json\/wp\/v2\/product_tag?post=7120"}],"curies":[{"name":"wp","href":"https:\/\/api.w.org\/{rel}","templated":true}]}}