{"id":7182,"date":"2019-10-25T15:52:14","date_gmt":"2019-10-25T13:52:14","guid":{"rendered":"https:\/\/www.bau-styl.hu\/epitoanyag\/termek\/rockwool-multirock-kozetgyapot-lemez-1000x600x100-mm\/"},"modified":"2026-04-20T12:13:43","modified_gmt":"2026-04-20T10:13:43","slug":"rockwool-multirock-kozetgyapot-lemez-1000x610x100-mm","status":"publish","type":"product","link":"https:\/\/www.bau-styl.hu\/epitoanyag\/termek\/rockwool-multirock-kozetgyapot-lemez-1000x610x100-mm\/","title":{"rendered":"Rockwool Multirock K\u0151zetgyapot lemez 1000x610x100 mm"},"content":{"rendered":"","protected":false},"excerpt":{"rendered":"<p>Padl\u00e1sf\u00f6d\u00e9m, tet\u0151ter ut\u00f3lagos bels\u0151 h\u0151szigetel\u00e9s\u00e9re, illetve faf\u00f6d\u00e9m \u00e9s \u00e1lmennyezetek h\u0151- \u00e9s hangszigetel\u00e9s\u00e9re alkalmas k\u0151zetgyapot.<\/p>\n","protected":false},"featured_media":11959,"template":"","meta":[],"product_brand":[11302],"product_cat":[301,4154],"product_tag":[],"class_list":{"0":"post-7182","1":"product","2":"type-product","3":"status-publish","4":"has-post-thumbnail","6":"product_brand-rockwool","7":"product_cat-ho-es-hangszigeteles","8":"product_cat-asvanygyapot","10":"first","11":"instock","12":"taxable","13":"shipping-taxable","14":"purchasable","15":"product-type-simple"},"aioseo_notices":[],"_links":{"self":[{"href":"https:\/\/www.bau-styl.hu\/epitoanyag\/wp-json\/wp\/v2\/product\/7182","targetHints":{"allow":["GET"]}}],"collection":[{"href":"https:\/\/www.bau-styl.hu\/epitoanyag\/wp-json\/wp\/v2\/product"}],"about":[{"href":"https:\/\/www.bau-styl.hu\/epitoanyag\/wp-json\/wp\/v2\/types\/product"}],"wp:featuredmedia":[{"embeddable":true,"href":"https:\/\/www.bau-styl.hu\/epitoanyag\/wp-json\/wp\/v2\/media\/11959"}],"wp:attachment":[{"href":"https:\/\/www.bau-styl.hu\/epitoanyag\/wp-json\/wp\/v2\/media?parent=7182"}],"wp:term":[{"taxonomy":"product_brand","embeddable":true,"href":"https:\/\/www.bau-styl.hu\/epitoanyag\/wp-json\/wp\/v2\/product_brand?post=7182"},{"taxonomy":"product_cat","embeddable":true,"href":"https:\/\/www.bau-styl.hu\/epitoanyag\/wp-json\/wp\/v2\/product_cat?post=7182"},{"taxonomy":"product_tag","embeddable":true,"href":"https:\/\/www.bau-styl.hu\/epitoanyag\/wp-json\/wp\/v2\/product_tag?post=7182"}],"curies":[{"name":"wp","href":"https:\/\/api.w.org\/{rel}","templated":true}]}}