{"id":7251,"date":"2019-10-25T18:03:37","date_gmt":"2019-10-25T16:03:37","guid":{"rendered":"https:\/\/www.bau-styl.hu\/epitoanyag\/termek\/fenyo-fureszaru-5x10x400-pallo\/"},"modified":"2025-11-12T12:06:05","modified_gmt":"2025-11-12T10:06:05","slug":"fenyo-fureszaru-5x10x400-pallo","status":"publish","type":"product","link":"https:\/\/www.bau-styl.hu\/epitoanyag\/termek\/fenyo-fureszaru-5x10x400-pallo\/","title":{"rendered":"Feny\u0151 f\u0171r\u00e9sz\u00e1ru 5x10x400 pall\u00f3"},"content":{"rendered":"","protected":false},"excerpt":{"rendered":"<p>K\u00c9SZLETR\u0150L AZONNAL EL\u00c9RHET\u0150!<strong><\/p>\n<p>Ha \u00e9p\u00edt\u00e9si faanyagot keres, n\u00e1lunk sz\u00e9les v\u00e1laszt\u00e9kban megtal\u00e1lja.<\/strong><br \/>\n<strong>Ig\u00e9ny szerint gomba \u00e9s rovar elleni v\u00e9delemmel is kezelj\u00fck \u00e1ztat\u00f3 k\u00e1dunkban.<br \/>\nK\u00e9rje a h\u00e1zhoz sz\u00e1ll\u00edt\u00e1st daruz\u00e1ssal!<br \/>\n<\/strong><\/p>\n<p>Kedvez\u0151bb \u00e1r\u00e9rt \u00e1ll\u00edtsa \u00f6ssze \u00e9s k\u00fcldje el nek\u00fcnk aj\u00e1nlatk\u00e9r\u00e9s\u00e9t!<br \/>\n<a href=\"https:\/\/www.bau-styl.hu\/epitoanyag\/faanyag-ajanlat\/\"><span style=\"text-decoration: underline;\"><strong>Ide kattintva egyszer\u0171en \u00e9s gyorsan \u00f6sszerakhatja faanyagos aj\u00e1nlatk\u00e9r\u00e9s\u00e9t!<\/strong><\/span><\/a><\/p>\n","protected":false},"featured_media":6962,"template":"","meta":[],"product_brand":[],"product_cat":[65,6622],"product_tag":[7822],"class_list":{"0":"post-7251","1":"product","2":"type-product","3":"status-publish","4":"has-post-thumbnail","6":"product_cat-faanyag","7":"product_cat-fenyo-fureszaru","8":"product_tag-pallo","10":"first","11":"instock","12":"taxable","13":"shipping-taxable","14":"purchasable","15":"product-type-simple"},"aioseo_notices":[],"_links":{"self":[{"href":"https:\/\/www.bau-styl.hu\/epitoanyag\/wp-json\/wp\/v2\/product\/7251","targetHints":{"allow":["GET"]}}],"collection":[{"href":"https:\/\/www.bau-styl.hu\/epitoanyag\/wp-json\/wp\/v2\/product"}],"about":[{"href":"https:\/\/www.bau-styl.hu\/epitoanyag\/wp-json\/wp\/v2\/types\/product"}],"wp:featuredmedia":[{"embeddable":true,"href":"https:\/\/www.bau-styl.hu\/epitoanyag\/wp-json\/wp\/v2\/media\/6962"}],"wp:attachment":[{"href":"https:\/\/www.bau-styl.hu\/epitoanyag\/wp-json\/wp\/v2\/media?parent=7251"}],"wp:term":[{"taxonomy":"product_brand","embeddable":true,"href":"https:\/\/www.bau-styl.hu\/epitoanyag\/wp-json\/wp\/v2\/product_brand?post=7251"},{"taxonomy":"product_cat","embeddable":true,"href":"https:\/\/www.bau-styl.hu\/epitoanyag\/wp-json\/wp\/v2\/product_cat?post=7251"},{"taxonomy":"product_tag","embeddable":true,"href":"https:\/\/www.bau-styl.hu\/epitoanyag\/wp-json\/wp\/v2\/product_tag?post=7251"}],"curies":[{"name":"wp","href":"https:\/\/api.w.org\/{rel}","templated":true}]}}