{"id":7852,"date":"2019-10-28T06:39:03","date_gmt":"2019-10-28T06:39:03","guid":{"rendered":"https:\/\/www.bau-styl.hu\/epitoanyag\/termek\/baumit-starcontact-homlokzati-ragaszto-es-agyazohabarcs-25-kg\/"},"modified":"2025-04-23T23:50:11","modified_gmt":"2025-04-23T21:50:11","slug":"baumit-starcontact-homlokzati-ragaszto-es-agyazohabarcs-25-kg","status":"publish","type":"product","link":"https:\/\/www.bau-styl.hu\/epitoanyag\/termek\/baumit-starcontact-homlokzati-ragaszto-es-agyazohabarcs-25-kg\/","title":{"rendered":"Baumit StarContact Homlokzati ragaszt\u00f3 \u00e9s \u00e1gyaz\u00f3habarcs 25 kg"},"content":{"rendered":"","protected":false},"excerpt":{"rendered":"<p>Cementb\u00e1zis\u00fa, kiv\u00e1l\u00f3 min\u0151s\u00e9g\u0171, por alak\u00fa ragaszt\u00f3, amely alkalmas polisztirol \u00e9s \u00e1sv\u00e1nyi homlokzati, illetve l\u00e1bazati lemezek ragaszt\u00e1s\u00e1hoz \u00e9s tapaszol\u00e1s\u00e1hoz \u00fcvegsz\u00f6vet be\u00e1gyaz\u00e1s\u00e1hoz.<\/p>\n","protected":false},"featured_media":1944,"template":"","meta":[],"product_brand":[],"product_cat":[301,6642,2831,4062,4384],"product_tag":[6581],"class_list":{"0":"post-7852","1":"product","2":"type-product","3":"status-publish","4":"has-post-thumbnail","6":"product_cat-ho-es-hangszigeteles","7":"product_cat-rendszertartozek","8":"product_cat-zsakos-termek","9":"product_cat-ragasztohabarcs-zsakos-aru-por-termek","10":"product_cat-baumit-ragasztohabarcs-zsakos-aru-por-termek","11":"product_tag-baumit","13":"first","14":"instock","15":"taxable","16":"shipping-taxable","17":"purchasable","18":"product-type-simple"},"aioseo_notices":[],"_links":{"self":[{"href":"https:\/\/www.bau-styl.hu\/epitoanyag\/wp-json\/wp\/v2\/product\/7852","targetHints":{"allow":["GET"]}}],"collection":[{"href":"https:\/\/www.bau-styl.hu\/epitoanyag\/wp-json\/wp\/v2\/product"}],"about":[{"href":"https:\/\/www.bau-styl.hu\/epitoanyag\/wp-json\/wp\/v2\/types\/product"}],"wp:featuredmedia":[{"embeddable":true,"href":"https:\/\/www.bau-styl.hu\/epitoanyag\/wp-json\/wp\/v2\/media\/1944"}],"wp:attachment":[{"href":"https:\/\/www.bau-styl.hu\/epitoanyag\/wp-json\/wp\/v2\/media?parent=7852"}],"wp:term":[{"taxonomy":"product_brand","embeddable":true,"href":"https:\/\/www.bau-styl.hu\/epitoanyag\/wp-json\/wp\/v2\/product_brand?post=7852"},{"taxonomy":"product_cat","embeddable":true,"href":"https:\/\/www.bau-styl.hu\/epitoanyag\/wp-json\/wp\/v2\/product_cat?post=7852"},{"taxonomy":"product_tag","embeddable":true,"href":"https:\/\/www.bau-styl.hu\/epitoanyag\/wp-json\/wp\/v2\/product_tag?post=7852"}],"curies":[{"name":"wp","href":"https:\/\/api.w.org\/{rel}","templated":true}]}}