{"id":7856,"date":"2019-10-28T06:39:06","date_gmt":"2019-10-28T04:39:06","guid":{"rendered":"https:\/\/www.bau-styl.hu\/epitoanyag\/termek\/baumit-thermo-vakolat-thermoputz-40-l\/"},"modified":"2025-04-23T23:55:33","modified_gmt":"2025-04-23T21:55:33","slug":"baumit-thermo-vakolat-thermoputz-40-l","status":"publish","type":"product","link":"https:\/\/www.bau-styl.hu\/epitoanyag\/termek\/baumit-thermo-vakolat-thermoputz-40-l\/","title":{"rendered":"Baumit Thermo vakolat (Thermoputz) 40 l"},"content":{"rendered":"","protected":false},"excerpt":{"rendered":"<p>Gy\u00e1rilag el\u0151kevert, polisztirolgy\u00f6ngy\u00f6t tartalmaz\u00f3, h\u0151szigetel\u0151 alapvakolat g\u00e9pi felhord\u00e1sra \u00e1sv\u00e1nyi alapfel\u00fcletekre, k\u00fcl- \u00e9s belt\u00e9ri felhaszn\u00e1l\u00e1sra.<\/p>\n","protected":false},"featured_media":1997,"template":"","meta":[],"product_brand":[],"product_cat":[2831,2849,2850],"product_tag":[6581,8548],"class_list":{"0":"post-7856","1":"product","2":"type-product","3":"status-publish","4":"has-post-thumbnail","6":"product_cat-zsakos-termek","7":"product_cat-vakolat-zsakos-aru-por-termek","8":"product_cat-baumit-vakolat-zsakos-aru-por-termek","9":"product_tag-baumit","10":"product_tag-zoldhitel","12":"first","13":"instock","14":"taxable","15":"shipping-taxable","16":"purchasable","17":"product-type-simple"},"aioseo_notices":[],"_links":{"self":[{"href":"https:\/\/www.bau-styl.hu\/epitoanyag\/wp-json\/wp\/v2\/product\/7856","targetHints":{"allow":["GET"]}}],"collection":[{"href":"https:\/\/www.bau-styl.hu\/epitoanyag\/wp-json\/wp\/v2\/product"}],"about":[{"href":"https:\/\/www.bau-styl.hu\/epitoanyag\/wp-json\/wp\/v2\/types\/product"}],"wp:featuredmedia":[{"embeddable":true,"href":"https:\/\/www.bau-styl.hu\/epitoanyag\/wp-json\/wp\/v2\/media\/1997"}],"wp:attachment":[{"href":"https:\/\/www.bau-styl.hu\/epitoanyag\/wp-json\/wp\/v2\/media?parent=7856"}],"wp:term":[{"taxonomy":"product_brand","embeddable":true,"href":"https:\/\/www.bau-styl.hu\/epitoanyag\/wp-json\/wp\/v2\/product_brand?post=7856"},{"taxonomy":"product_cat","embeddable":true,"href":"https:\/\/www.bau-styl.hu\/epitoanyag\/wp-json\/wp\/v2\/product_cat?post=7856"},{"taxonomy":"product_tag","embeddable":true,"href":"https:\/\/www.bau-styl.hu\/epitoanyag\/wp-json\/wp\/v2\/product_tag?post=7856"}],"curies":[{"name":"wp","href":"https:\/\/api.w.org\/{rel}","templated":true}]}}