{"id":7883,"date":"2019-10-28T06:39:25","date_gmt":"2019-10-28T06:39:25","guid":{"rendered":"https:\/\/www.bau-styl.hu\/epitoanyag\/termek\/bb-standard-halos-muanyag-elvedo-10x10-cm-x-25-m\/"},"modified":"2026-04-12T13:12:16","modified_gmt":"2026-04-12T11:12:16","slug":"bb-standard-halos-muanyag-elvedo-10x10-cm-x-25-m","status":"publish","type":"product","link":"https:\/\/www.bau-styl.hu\/epitoanyag\/termek\/bb-standard-halos-muanyag-elvedo-10x10-cm-x-25-m\/","title":{"rendered":"BB Standard H\u00e1l\u00f3s m\u0171anyag \u00e9lv\u00e9d\u0151 10&#215;10 cm x 2,5 m"},"content":{"rendered":"","protected":false},"excerpt":{"rendered":"<p>A f\u00f3lia p\u00e1raz\u00e1r\u00f3 \u00e9s h\u0151visszaver\u0151 tulajdons\u00e1ggal rendelkezik.<\/p>\n","protected":false},"featured_media":30921,"template":"","meta":[],"product_brand":[],"product_cat":[301,309],"product_tag":[],"class_list":{"0":"post-7883","1":"product","2":"type-product","3":"status-publish","4":"has-post-thumbnail","6":"product_cat-ho-es-hangszigeteles","7":"product_cat-rendszer-tartozek","9":"first","10":"instock","11":"taxable","12":"shipping-taxable","13":"purchasable","14":"product-type-simple"},"aioseo_notices":[],"_links":{"self":[{"href":"https:\/\/www.bau-styl.hu\/epitoanyag\/wp-json\/wp\/v2\/product\/7883","targetHints":{"allow":["GET"]}}],"collection":[{"href":"https:\/\/www.bau-styl.hu\/epitoanyag\/wp-json\/wp\/v2\/product"}],"about":[{"href":"https:\/\/www.bau-styl.hu\/epitoanyag\/wp-json\/wp\/v2\/types\/product"}],"wp:featuredmedia":[{"embeddable":true,"href":"https:\/\/www.bau-styl.hu\/epitoanyag\/wp-json\/wp\/v2\/media\/30921"}],"wp:attachment":[{"href":"https:\/\/www.bau-styl.hu\/epitoanyag\/wp-json\/wp\/v2\/media?parent=7883"}],"wp:term":[{"taxonomy":"product_brand","embeddable":true,"href":"https:\/\/www.bau-styl.hu\/epitoanyag\/wp-json\/wp\/v2\/product_brand?post=7883"},{"taxonomy":"product_cat","embeddable":true,"href":"https:\/\/www.bau-styl.hu\/epitoanyag\/wp-json\/wp\/v2\/product_cat?post=7883"},{"taxonomy":"product_tag","embeddable":true,"href":"https:\/\/www.bau-styl.hu\/epitoanyag\/wp-json\/wp\/v2\/product_tag?post=7883"}],"curies":[{"name":"wp","href":"https:\/\/api.w.org\/{rel}","templated":true}]}}