{"id":7898,"date":"2019-10-28T06:39:38","date_gmt":"2019-10-28T04:39:38","guid":{"rendered":"https:\/\/www.bau-styl.hu\/epitoanyag\/termek\/betonepag-jardalap-mosott-gyongykavicsos-felulettel-40x40x5-cm-j40\/"},"modified":"2024-05-16T12:49:35","modified_gmt":"2024-05-16T10:49:35","slug":"betonepag-jardalap-mosott-gyongykavicsos-felulettel-40x40x5-cm-j40","status":"publish","type":"product","link":"https:\/\/www.bau-styl.hu\/epitoanyag\/termek\/betonepag-jardalap-mosott-gyongykavicsos-felulettel-40x40x5-cm-j40\/","title":{"rendered":"Betonepag J\u00e1rdalap mosott gy\u00f6ngykavicsos fel\u00fclettel 40x40x5 cm (J40)"},"content":{"rendered":"","protected":false},"excerpt":{"rendered":"<p>Fagy\u00e1ll\u00f3 k\u00fclt\u00e9ri betonlap, aj\u00e1nljuk j\u00e1rd\u00e1k gyalogutak burkol\u00e1s\u00e1ra.<\/p>\n","protected":false},"featured_media":5815,"template":"","meta":[],"product_brand":[],"product_cat":[168,5044],"product_tag":[6783],"class_list":{"0":"post-7898","1":"product","2":"type-product","3":"status-publish","4":"has-post-thumbnail","6":"product_cat-kertepites-es-terburkolat","7":"product_cat-kerti-lapok","8":"product_tag-betonepag","10":"first","11":"instock","12":"taxable","13":"shipping-taxable","14":"purchasable","15":"product-type-simple"},"aioseo_notices":[],"_links":{"self":[{"href":"https:\/\/www.bau-styl.hu\/epitoanyag\/wp-json\/wp\/v2\/product\/7898","targetHints":{"allow":["GET"]}}],"collection":[{"href":"https:\/\/www.bau-styl.hu\/epitoanyag\/wp-json\/wp\/v2\/product"}],"about":[{"href":"https:\/\/www.bau-styl.hu\/epitoanyag\/wp-json\/wp\/v2\/types\/product"}],"wp:featuredmedia":[{"embeddable":true,"href":"https:\/\/www.bau-styl.hu\/epitoanyag\/wp-json\/wp\/v2\/media\/5815"}],"wp:attachment":[{"href":"https:\/\/www.bau-styl.hu\/epitoanyag\/wp-json\/wp\/v2\/media?parent=7898"}],"wp:term":[{"taxonomy":"product_brand","embeddable":true,"href":"https:\/\/www.bau-styl.hu\/epitoanyag\/wp-json\/wp\/v2\/product_brand?post=7898"},{"taxonomy":"product_cat","embeddable":true,"href":"https:\/\/www.bau-styl.hu\/epitoanyag\/wp-json\/wp\/v2\/product_cat?post=7898"},{"taxonomy":"product_tag","embeddable":true,"href":"https:\/\/www.bau-styl.hu\/epitoanyag\/wp-json\/wp\/v2\/product_tag?post=7898"}],"curies":[{"name":"wp","href":"https:\/\/api.w.org\/{rel}","templated":true}]}}