{"id":7994,"date":"2019-10-28T06:46:19","date_gmt":"2019-10-28T04:46:19","guid":{"rendered":"https:\/\/www.bau-styl.hu\/epitoanyag\/termek\/falco-osb-3-lap-egyenes-el-2500x1250x10-mm\/"},"modified":"2025-05-28T20:27:50","modified_gmt":"2025-05-28T18:27:50","slug":"falco-osb-3-lap-egyenes-el-2500x1250x10-mm","status":"publish","type":"product","link":"https:\/\/www.bau-styl.hu\/epitoanyag\/termek\/falco-osb-3-lap-egyenes-el-2500x1250x10-mm\/","title":{"rendered":"Falco OSB-3 Lap egyenes \u00e9l 2500x1250x10 mm"},"content":{"rendered":"","protected":false},"excerpt":{"rendered":"<p>Ir\u00e1ny\u00edtott sz\u00e1lelrendez\u00e9s\u0171 h\u00e1romr\u00e9teg\u0171 lap. A merevs\u00e9g\u00e9r\u0151l, valamint a v\u00edzleperget\u0151 tulajdons\u00e1g\u00e1r\u00f3l h\u0151\u00e1ll\u00f3 \u00e9s v\u00edz\u00e1ll\u00f3 gyanta tartalma gondoskodik.<\/p>\n","protected":false},"featured_media":31411,"template":"","meta":[],"product_brand":[],"product_cat":[65,73],"product_tag":[7818],"class_list":{"0":"post-7994","1":"product","2":"type-product","3":"status-publish","4":"has-post-thumbnail","6":"product_cat-faanyag","7":"product_cat-osb","8":"product_tag-osb","10":"first","11":"instock","12":"taxable","13":"shipping-taxable","14":"purchasable","15":"product-type-simple"},"aioseo_notices":[],"_links":{"self":[{"href":"https:\/\/www.bau-styl.hu\/epitoanyag\/wp-json\/wp\/v2\/product\/7994","targetHints":{"allow":["GET"]}}],"collection":[{"href":"https:\/\/www.bau-styl.hu\/epitoanyag\/wp-json\/wp\/v2\/product"}],"about":[{"href":"https:\/\/www.bau-styl.hu\/epitoanyag\/wp-json\/wp\/v2\/types\/product"}],"wp:featuredmedia":[{"embeddable":true,"href":"https:\/\/www.bau-styl.hu\/epitoanyag\/wp-json\/wp\/v2\/media\/31411"}],"wp:attachment":[{"href":"https:\/\/www.bau-styl.hu\/epitoanyag\/wp-json\/wp\/v2\/media?parent=7994"}],"wp:term":[{"taxonomy":"product_brand","embeddable":true,"href":"https:\/\/www.bau-styl.hu\/epitoanyag\/wp-json\/wp\/v2\/product_brand?post=7994"},{"taxonomy":"product_cat","embeddable":true,"href":"https:\/\/www.bau-styl.hu\/epitoanyag\/wp-json\/wp\/v2\/product_cat?post=7994"},{"taxonomy":"product_tag","embeddable":true,"href":"https:\/\/www.bau-styl.hu\/epitoanyag\/wp-json\/wp\/v2\/product_tag?post=7994"}],"curies":[{"name":"wp","href":"https:\/\/api.w.org\/{rel}","templated":true}]}}