{"id":8060,"date":"2019-10-28T06:47:09","date_gmt":"2019-10-28T04:47:09","guid":{"rendered":"https:\/\/www.bau-styl.hu\/epitoanyag\/termek\/gutta-guttabeta-star-standard-szigetelesvedo-dombornyomott-lemez-2x20-m\/"},"modified":"2024-01-15T21:14:50","modified_gmt":"2024-01-15T19:14:50","slug":"gutta-guttabeta-star-standard-szigetelesvedo-dombornyomott-lemez-2x20-m","status":"publish","type":"product","link":"https:\/\/www.bau-styl.hu\/epitoanyag\/termek\/gutta-guttabeta-star-standard-szigetelesvedo-dombornyomott-lemez-2x20-m\/","title":{"rendered":"Gutta Guttabeta Star Standard Szigetel\u00e9sv\u00e9d\u0151 dombornyomott lemez 2&#215;20 m"},"content":{"rendered":"","protected":false},"excerpt":{"rendered":"<p>Szigetel\u00e9sv\u00e9d\u00f4 dombornyomott lemez. A csillag form\u00e1tum\u00fa domborulatok, s azok elhelyezked\u00e9se, valamint meredeks\u00e9ge nagym\u00e9rt\u00e9kben n\u00f6velik a term\u00e9k nyom\u00f3szil\u00e1rds\u00e1g\u00e1t. <\/p>\n","protected":false},"featured_media":2328,"template":"","meta":[],"product_brand":[],"product_cat":[458,6648],"product_tag":[8567],"class_list":{"0":"post-8060","1":"product","2":"type-product","3":"status-publish","4":"has-post-thumbnail","6":"product_cat-vizszigeteles","7":"product_cat-bitumenes-lemezszigeteles","8":"product_tag-gutta-vizszigeteles","10":"first","11":"instock","12":"taxable","13":"shipping-taxable","14":"purchasable","15":"product-type-simple"},"aioseo_notices":[],"_links":{"self":[{"href":"https:\/\/www.bau-styl.hu\/epitoanyag\/wp-json\/wp\/v2\/product\/8060","targetHints":{"allow":["GET"]}}],"collection":[{"href":"https:\/\/www.bau-styl.hu\/epitoanyag\/wp-json\/wp\/v2\/product"}],"about":[{"href":"https:\/\/www.bau-styl.hu\/epitoanyag\/wp-json\/wp\/v2\/types\/product"}],"wp:featuredmedia":[{"embeddable":true,"href":"https:\/\/www.bau-styl.hu\/epitoanyag\/wp-json\/wp\/v2\/media\/2328"}],"wp:attachment":[{"href":"https:\/\/www.bau-styl.hu\/epitoanyag\/wp-json\/wp\/v2\/media?parent=8060"}],"wp:term":[{"taxonomy":"product_brand","embeddable":true,"href":"https:\/\/www.bau-styl.hu\/epitoanyag\/wp-json\/wp\/v2\/product_brand?post=8060"},{"taxonomy":"product_cat","embeddable":true,"href":"https:\/\/www.bau-styl.hu\/epitoanyag\/wp-json\/wp\/v2\/product_cat?post=8060"},{"taxonomy":"product_tag","embeddable":true,"href":"https:\/\/www.bau-styl.hu\/epitoanyag\/wp-json\/wp\/v2\/product_tag?post=8060"}],"curies":[{"name":"wp","href":"https:\/\/api.w.org\/{rel}","templated":true}]}}