{"id":8082,"date":"2019-10-28T06:47:22","date_gmt":"2019-10-28T04:47:22","guid":{"rendered":"https:\/\/www.bau-styl.hu\/epitoanyag\/termek\/henkel-ceresit-ct-16-vekonyvakolat-alapozo-16-l\/"},"modified":"2025-06-18T23:12:58","modified_gmt":"2025-06-18T21:12:58","slug":"henkel-ceresit-ct-16-vekonyvakolat-alapozo-10-l","status":"publish","type":"product","link":"https:\/\/www.bau-styl.hu\/epitoanyag\/termek\/henkel-ceresit-ct-16-vekonyvakolat-alapozo-10-l\/","title":{"rendered":"Henkel Ceresit CT 16 V\u00e9konyvakolat alapoz\u00f3 10 l"},"content":{"rendered":"","protected":false},"excerpt":{"rendered":"<p>Ceresit vakolatok felhord\u00e1sa el\u0151tt a megfelel\u0151en el\u0151k\u00e9sz\u00edtett fel\u00fclet alapoz\u00e1s\u00e1ra szolg\u00e1l. Feh\u00e9r sz\u00edn\u0171, sz\u00ednezhet\u0151, v\u00edzleperget\u0151 \u00e9s p\u00e1ra\u00e1tereszt\u0151 eszt\u00e9tikus, k\u00fcls\u0151 \u00e9s bels\u0151 t\u00e9rben is alkalmazhat\u00f3. A vakolat alapoz\u00f3 kiv\u00e1l\u00f3an megtapad az \u00faj \u00e9s r\u00e9gi \u00e9p\u00fcletek falazat\u00e1n, valamint az \u00fcvegh\u00e1l\u00f3val er\u0151s\u00edtett \u00e9s ragaszt\u00f3 tapasszal glettelt h\u0151szigetel\u0151 lapokon. UV-\u00e1ll\u00f3. Csak nedvsz\u00edv\u00f3 fel\u00fcletre hordhat\u00f3 fel.<\/p>\n","protected":false},"featured_media":2195,"template":"","meta":[],"product_brand":[],"product_cat":[332,6643],"product_tag":[6601],"class_list":{"0":"post-8082","1":"product","2":"type-product","3":"status-publish","4":"has-post-thumbnail","6":"product_cat-szinezes","7":"product_cat-vakolatalapozo","8":"product_tag-henkel","10":"first","11":"instock","12":"taxable","13":"shipping-taxable","14":"purchasable","15":"product-type-simple"},"aioseo_notices":[],"_links":{"self":[{"href":"https:\/\/www.bau-styl.hu\/epitoanyag\/wp-json\/wp\/v2\/product\/8082","targetHints":{"allow":["GET"]}}],"collection":[{"href":"https:\/\/www.bau-styl.hu\/epitoanyag\/wp-json\/wp\/v2\/product"}],"about":[{"href":"https:\/\/www.bau-styl.hu\/epitoanyag\/wp-json\/wp\/v2\/types\/product"}],"wp:featuredmedia":[{"embeddable":true,"href":"https:\/\/www.bau-styl.hu\/epitoanyag\/wp-json\/wp\/v2\/media\/2195"}],"wp:attachment":[{"href":"https:\/\/www.bau-styl.hu\/epitoanyag\/wp-json\/wp\/v2\/media?parent=8082"}],"wp:term":[{"taxonomy":"product_brand","embeddable":true,"href":"https:\/\/www.bau-styl.hu\/epitoanyag\/wp-json\/wp\/v2\/product_brand?post=8082"},{"taxonomy":"product_cat","embeddable":true,"href":"https:\/\/www.bau-styl.hu\/epitoanyag\/wp-json\/wp\/v2\/product_cat?post=8082"},{"taxonomy":"product_tag","embeddable":true,"href":"https:\/\/www.bau-styl.hu\/epitoanyag\/wp-json\/wp\/v2\/product_tag?post=8082"}],"curies":[{"name":"wp","href":"https:\/\/api.w.org\/{rel}","templated":true}]}}