{"id":8266,"date":"2019-10-28T06:51:14","date_gmt":"2019-10-28T04:51:14","guid":{"rendered":"https:\/\/www.bau-styl.hu\/epitoanyag\/termek\/lb-knauf-szaniter-szilikon-manhattan-310-ml\/"},"modified":"2025-10-21T12:45:46","modified_gmt":"2025-10-21T10:45:46","slug":"cemix-szaniter-szilikon-manhattan-310-ml","status":"publish","type":"product","link":"https:\/\/www.bau-styl.hu\/epitoanyag\/termek\/cemix-szaniter-szilikon-manhattan-310-ml\/","title":{"rendered":"Cemix Szaniter szilikon manhattan 310 ml"},"content":{"rendered":"","protected":false},"excerpt":{"rendered":"<p>Alkalmas vizes helyis\u00e9gekben felragasztott j\u00e1r\u00f3lapok, csemp\u00e9k \u00e9s egy\u00e9b szaniter term\u00e9kek csatlakoz\u00e1si \u00e9s t\u00e1gul\u00e1si h\u00e9zagainak, valamint burkolatok l\u00e1bazatok kapcsolat\u00e1nak kit\u00f6lt\u00e9s\u00e9re. Bel- \u00e9s k\u00fclt\u00e9ri felhaszn\u00e1l\u00e1sra egyar\u00e1nt alkalmas.<br \/>\n&#8211; Gomb\u00e1sod\u00e1sg\u00e1tl\u00f3 adal\u00e9kot tartalmaz<br \/>\n&#8211; Tart\u00f3san rugalmas, v\u00edz\u00e1ll\u00f3 r\u00e9skit\u00f6lt\u00e9s<br \/>\n&#8211; A cement \u00e9s epoxi fug\u00e1z\u00f3anyagokhoz igazod\u00f3 sz\u00ednv\u00e1laszt\u00e9kban<\/p>\n","protected":false},"featured_media":44607,"template":"","meta":[],"product_brand":[],"product_cat":[129,130],"product_tag":[],"class_list":{"0":"post-8266","1":"product","2":"type-product","3":"status-publish","4":"has-post-thumbnail","6":"product_cat-hidegburkolas","7":"product_cat-fugazo-es-szilikon","9":"first","10":"instock","11":"taxable","12":"shipping-taxable","13":"purchasable","14":"product-type-simple"},"aioseo_notices":[],"_links":{"self":[{"href":"https:\/\/www.bau-styl.hu\/epitoanyag\/wp-json\/wp\/v2\/product\/8266","targetHints":{"allow":["GET"]}}],"collection":[{"href":"https:\/\/www.bau-styl.hu\/epitoanyag\/wp-json\/wp\/v2\/product"}],"about":[{"href":"https:\/\/www.bau-styl.hu\/epitoanyag\/wp-json\/wp\/v2\/types\/product"}],"wp:featuredmedia":[{"embeddable":true,"href":"https:\/\/www.bau-styl.hu\/epitoanyag\/wp-json\/wp\/v2\/media\/44607"}],"wp:attachment":[{"href":"https:\/\/www.bau-styl.hu\/epitoanyag\/wp-json\/wp\/v2\/media?parent=8266"}],"wp:term":[{"taxonomy":"product_brand","embeddable":true,"href":"https:\/\/www.bau-styl.hu\/epitoanyag\/wp-json\/wp\/v2\/product_brand?post=8266"},{"taxonomy":"product_cat","embeddable":true,"href":"https:\/\/www.bau-styl.hu\/epitoanyag\/wp-json\/wp\/v2\/product_cat?post=8266"},{"taxonomy":"product_tag","embeddable":true,"href":"https:\/\/www.bau-styl.hu\/epitoanyag\/wp-json\/wp\/v2\/product_tag?post=8266"}],"curies":[{"name":"wp","href":"https:\/\/api.w.org\/{rel}","templated":true}]}}