{"id":8277,"date":"2019-10-28T06:51:22","date_gmt":"2019-10-28T06:51:22","guid":{"rendered":"https:\/\/www.bau-styl.hu\/epitoanyag\/termek\/leier-architektura-keritesko-normal-tortfeher-40x20x20-cm\/"},"modified":"2026-01-19T21:43:24","modified_gmt":"2026-01-19T19:43:24","slug":"leier-architektura-keritesko-normal-tortfeher-40x20x20-cm","status":"publish","type":"product","link":"https:\/\/www.bau-styl.hu\/epitoanyag\/termek\/leier-architektura-keritesko-normal-tortfeher-40x20x20-cm\/","title":{"rendered":"Leier Architekt\u00fara Ker\u00edt\u00e9sk\u0151 norm\u00e1l t\u00f6rtfeh\u00e9r 40x20x20 cm"},"content":{"rendered":"","protected":false},"excerpt":{"rendered":"<p>A val\u00f3di term\u00e9szetes k\u0151 megjelen\u00e9s\u00e9t \u00e9s \u00e9rzet\u00e9t adja. Egy k\u00fcl\u00f6nleges gy\u00e1rt\u00e1si elj\u00e1r\u00e1snak k\u00f6sz\u00f6nhet\u0151en egyik k\u0151 sem hasonl\u00edt t\u00f6k\u00e9letesen a m\u00e1sikra, ez\u00e9rt minden egyes Architekt\u00fara sz\u00e1razfalaz\u00f3b\u00f3l \u00e9p\u00edtett falazat egyedi megjelen\u00e9s\u0171. K\u00f6nnyen be\u00e9p\u00edthet\u0151.<\/p>\n","protected":false},"featured_media":31232,"template":"","meta":[],"product_brand":[],"product_cat":[168,169],"product_tag":[],"class_list":{"0":"post-8277","1":"product","2":"type-product","3":"status-publish","4":"has-post-thumbnail","6":"product_cat-kertepites-es-terburkolat","7":"product_cat-kerites-elemek","9":"first","10":"instock","11":"taxable","12":"shipping-taxable","13":"purchasable","14":"product-type-simple"},"aioseo_notices":[],"_links":{"self":[{"href":"https:\/\/www.bau-styl.hu\/epitoanyag\/wp-json\/wp\/v2\/product\/8277","targetHints":{"allow":["GET"]}}],"collection":[{"href":"https:\/\/www.bau-styl.hu\/epitoanyag\/wp-json\/wp\/v2\/product"}],"about":[{"href":"https:\/\/www.bau-styl.hu\/epitoanyag\/wp-json\/wp\/v2\/types\/product"}],"wp:featuredmedia":[{"embeddable":true,"href":"https:\/\/www.bau-styl.hu\/epitoanyag\/wp-json\/wp\/v2\/media\/31232"}],"wp:attachment":[{"href":"https:\/\/www.bau-styl.hu\/epitoanyag\/wp-json\/wp\/v2\/media?parent=8277"}],"wp:term":[{"taxonomy":"product_brand","embeddable":true,"href":"https:\/\/www.bau-styl.hu\/epitoanyag\/wp-json\/wp\/v2\/product_brand?post=8277"},{"taxonomy":"product_cat","embeddable":true,"href":"https:\/\/www.bau-styl.hu\/epitoanyag\/wp-json\/wp\/v2\/product_cat?post=8277"},{"taxonomy":"product_tag","embeddable":true,"href":"https:\/\/www.bau-styl.hu\/epitoanyag\/wp-json\/wp\/v2\/product_tag?post=8277"}],"curies":[{"name":"wp","href":"https:\/\/api.w.org\/{rel}","templated":true}]}}