{"id":8327,"date":"2019-10-28T06:51:56","date_gmt":"2019-10-28T04:51:56","guid":{"rendered":"https:\/\/www.bau-styl.hu\/epitoanyag\/termek\/leier-leiertherm-20-nf-tegla-48-db-rkl\/"},"modified":"2026-03-23T15:30:48","modified_gmt":"2026-03-23T13:30:48","slug":"leier-leiertherm-20-nf-tegla-48-db-rkl","status":"publish","type":"product","link":"https:\/\/www.bau-styl.hu\/epitoanyag\/termek\/leier-leiertherm-20-nf-tegla-48-db-rkl\/","title":{"rendered":"Leier Leiertherm 20 N+F T\u00e9gla (48 db\/rkl)"},"content":{"rendered":"","protected":false},"excerpt":{"rendered":"<p>Rendk\u00edv\u00fcli hang g\u00e1tl\u00f3 k\u00e9pess\u00e9gekkel rendelkezik.  bels\u0151 teherhord\u00f3 falak \u00e9p\u00edt\u00e9s\u00e9re. <\/p>\n","protected":false},"featured_media":3113,"template":"","meta":[],"product_brand":[],"product_cat":[78,79,86,90],"product_tag":[6599,8565],"class_list":{"0":"post-8327","1":"product","2":"type-product","3":"status-publish","4":"has-post-thumbnail","6":"product_cat-falazat","7":"product_cat-keramia-falazat","8":"product_cat-belso-falazo","9":"product_cat-leier-belso-falazo","10":"product_tag-leier","11":"product_tag-leier-keramia-falazat","13":"first","14":"instock","15":"taxable","16":"shipping-taxable","17":"purchasable","18":"product-type-simple"},"aioseo_notices":[],"_links":{"self":[{"href":"https:\/\/www.bau-styl.hu\/epitoanyag\/wp-json\/wp\/v2\/product\/8327","targetHints":{"allow":["GET"]}}],"collection":[{"href":"https:\/\/www.bau-styl.hu\/epitoanyag\/wp-json\/wp\/v2\/product"}],"about":[{"href":"https:\/\/www.bau-styl.hu\/epitoanyag\/wp-json\/wp\/v2\/types\/product"}],"wp:featuredmedia":[{"embeddable":true,"href":"https:\/\/www.bau-styl.hu\/epitoanyag\/wp-json\/wp\/v2\/media\/3113"}],"wp:attachment":[{"href":"https:\/\/www.bau-styl.hu\/epitoanyag\/wp-json\/wp\/v2\/media?parent=8327"}],"wp:term":[{"taxonomy":"product_brand","embeddable":true,"href":"https:\/\/www.bau-styl.hu\/epitoanyag\/wp-json\/wp\/v2\/product_brand?post=8327"},{"taxonomy":"product_cat","embeddable":true,"href":"https:\/\/www.bau-styl.hu\/epitoanyag\/wp-json\/wp\/v2\/product_cat?post=8327"},{"taxonomy":"product_tag","embeddable":true,"href":"https:\/\/www.bau-styl.hu\/epitoanyag\/wp-json\/wp\/v2\/product_tag?post=8327"}],"curies":[{"name":"wp","href":"https:\/\/api.w.org\/{rel}","templated":true}]}}