{"id":8541,"date":"2019-10-28T08:54:16","date_gmt":"2019-10-28T06:54:16","guid":{"rendered":"https:\/\/www.bau-styl.hu\/epitoanyag\/termek\/mp-biztonsagi-keresztosszekoto-cd-profilhoz\/"},"modified":"2024-05-16T15:19:34","modified_gmt":"2024-05-16T13:19:34","slug":"mp-biztonsagi-keresztosszekoto-cd-profilhoz","status":"publish","type":"product","link":"https:\/\/www.bau-styl.hu\/epitoanyag\/termek\/mp-biztonsagi-keresztosszekoto-cd-profilhoz\/","title":{"rendered":"DK Profifix Biztons\u00e1gi kereszt\u00f6sszek\u00f6t\u0151 CD profilhoz, szintbeli (100db\/dob)"},"content":{"rendered":"","protected":false},"excerpt":{"rendered":"<p>CD profillal k\u00e9sz\u00edtett \u00e1lmennyezetek v\u00e1zszerkezet\u00e9nek \u00e9p\u00edt\u00e9s\u00e9hez haszn\u00e1lhat\u00f3<\/p>\n","protected":false},"featured_media":30715,"template":"","meta":[],"product_brand":[],"product_cat":[120,122],"product_tag":[],"class_list":{"0":"post-8541","1":"product","2":"type-product","3":"status-publish","4":"has-post-thumbnail","6":"product_cat-szarazepiteszet","7":"product_cat-gipszkarton-tartozek","9":"first","10":"instock","11":"taxable","12":"shipping-taxable","13":"purchasable","14":"product-type-simple"},"aioseo_notices":[],"_links":{"self":[{"href":"https:\/\/www.bau-styl.hu\/epitoanyag\/wp-json\/wp\/v2\/product\/8541","targetHints":{"allow":["GET"]}}],"collection":[{"href":"https:\/\/www.bau-styl.hu\/epitoanyag\/wp-json\/wp\/v2\/product"}],"about":[{"href":"https:\/\/www.bau-styl.hu\/epitoanyag\/wp-json\/wp\/v2\/types\/product"}],"wp:featuredmedia":[{"embeddable":true,"href":"https:\/\/www.bau-styl.hu\/epitoanyag\/wp-json\/wp\/v2\/media\/30715"}],"wp:attachment":[{"href":"https:\/\/www.bau-styl.hu\/epitoanyag\/wp-json\/wp\/v2\/media?parent=8541"}],"wp:term":[{"taxonomy":"product_brand","embeddable":true,"href":"https:\/\/www.bau-styl.hu\/epitoanyag\/wp-json\/wp\/v2\/product_brand?post=8541"},{"taxonomy":"product_cat","embeddable":true,"href":"https:\/\/www.bau-styl.hu\/epitoanyag\/wp-json\/wp\/v2\/product_cat?post=8541"},{"taxonomy":"product_tag","embeddable":true,"href":"https:\/\/www.bau-styl.hu\/epitoanyag\/wp-json\/wp\/v2\/product_tag?post=8541"}],"curies":[{"name":"wp","href":"https:\/\/api.w.org\/{rel}","templated":true}]}}