{"id":8683,"date":"2019-10-28T06:55:52","date_gmt":"2019-10-28T06:55:52","guid":{"rendered":"https:\/\/www.bau-styl.hu\/epitoanyag\/termek\/papateszer-bakonytherm-b-30-falazoblokk-i-o-30x175x14-cm\/"},"modified":"2024-05-16T12:50:18","modified_gmt":"2024-05-16T10:50:18","slug":"papateszer-bakonytherm-b-30-falazoblokk-i-o-30x175x14-cm","status":"publish","type":"product","link":"https:\/\/www.bau-styl.hu\/epitoanyag\/termek\/papateszer-bakonytherm-b-30-falazoblokk-i-o-30x175x14-cm\/","title":{"rendered":"P\u00e1patesz\u00e9r Bakonytherm B-30 Falaz\u00f3blokk I. o. 30&#215;17,5&#215;14 cm"},"content":{"rendered":"","protected":false},"excerpt":{"rendered":"","protected":false},"featured_media":31443,"template":"","meta":[],"product_brand":[],"product_cat":[78,79,4455,5598],"product_tag":[6611],"class_list":{"0":"post-8683","1":"product","2":"type-product","3":"status-publish","4":"has-post-thumbnail","6":"product_cat-falazat","7":"product_cat-keramia-falazat","8":"product_cat-kulso-falazo","9":"product_cat-bakonytherm-kulso-falazo","10":"product_tag-papateszer-bakonytherm","12":"first","13":"instock","14":"taxable","15":"shipping-taxable","16":"purchasable","17":"product-type-simple"},"aioseo_notices":[],"_links":{"self":[{"href":"https:\/\/www.bau-styl.hu\/epitoanyag\/wp-json\/wp\/v2\/product\/8683","targetHints":{"allow":["GET"]}}],"collection":[{"href":"https:\/\/www.bau-styl.hu\/epitoanyag\/wp-json\/wp\/v2\/product"}],"about":[{"href":"https:\/\/www.bau-styl.hu\/epitoanyag\/wp-json\/wp\/v2\/types\/product"}],"wp:featuredmedia":[{"embeddable":true,"href":"https:\/\/www.bau-styl.hu\/epitoanyag\/wp-json\/wp\/v2\/media\/31443"}],"wp:attachment":[{"href":"https:\/\/www.bau-styl.hu\/epitoanyag\/wp-json\/wp\/v2\/media?parent=8683"}],"wp:term":[{"taxonomy":"product_brand","embeddable":true,"href":"https:\/\/www.bau-styl.hu\/epitoanyag\/wp-json\/wp\/v2\/product_brand?post=8683"},{"taxonomy":"product_cat","embeddable":true,"href":"https:\/\/www.bau-styl.hu\/epitoanyag\/wp-json\/wp\/v2\/product_cat?post=8683"},{"taxonomy":"product_tag","embeddable":true,"href":"https:\/\/www.bau-styl.hu\/epitoanyag\/wp-json\/wp\/v2\/product_tag?post=8683"}],"curies":[{"name":"wp","href":"https:\/\/api.w.org\/{rel}","templated":true}]}}