{"id":8778,"date":"2019-10-28T06:56:56","date_gmt":"2019-10-28T06:56:56","guid":{"rendered":"https:\/\/www.bau-styl.hu\/epitoanyag\/termek\/roto-q-edw-1x1al-s-szolo-burkolokeret-profilos-tetofedo-anyaghoz-55x78-cm\/"},"modified":"2026-03-06T15:06:27","modified_gmt":"2026-03-06T13:06:27","slug":"roto-q-edw-1x1al-s-szolo-burkolokeret-profilos-tetofedo-anyaghoz-55x78-cm","status":"publish","type":"product","link":"https:\/\/www.bau-styl.hu\/epitoanyag\/termek\/roto-q-edw-1x1al-s-szolo-burkolokeret-profilos-tetofedo-anyaghoz-55x78-cm\/","title":{"rendered":"Roto Q EDW 1x1AL S Sz\u00f3l\u00f3 burkol\u00f3keret profilos tet\u0151fed\u0151 anyaghoz, 55&#215;78 cm"},"content":{"rendered":"","protected":false},"excerpt":{"rendered":"","protected":false},"featured_media":29612,"template":"","meta":[],"product_brand":[],"product_cat":[185,187,193,195],"product_tag":[],"class_list":{"0":"post-8778","1":"product","2":"type-product","3":"status-publish","4":"has-post-thumbnail","6":"product_cat-nyilaszarok","7":"product_cat-tetoteri-ablak","8":"product_cat-roto","9":"product_cat-burkolokeret-roto","11":"first","12":"instock","13":"taxable","14":"shipping-taxable","15":"purchasable","16":"product-type-simple"},"aioseo_notices":[],"_links":{"self":[{"href":"https:\/\/www.bau-styl.hu\/epitoanyag\/wp-json\/wp\/v2\/product\/8778","targetHints":{"allow":["GET"]}}],"collection":[{"href":"https:\/\/www.bau-styl.hu\/epitoanyag\/wp-json\/wp\/v2\/product"}],"about":[{"href":"https:\/\/www.bau-styl.hu\/epitoanyag\/wp-json\/wp\/v2\/types\/product"}],"wp:featuredmedia":[{"embeddable":true,"href":"https:\/\/www.bau-styl.hu\/epitoanyag\/wp-json\/wp\/v2\/media\/29612"}],"wp:attachment":[{"href":"https:\/\/www.bau-styl.hu\/epitoanyag\/wp-json\/wp\/v2\/media?parent=8778"}],"wp:term":[{"taxonomy":"product_brand","embeddable":true,"href":"https:\/\/www.bau-styl.hu\/epitoanyag\/wp-json\/wp\/v2\/product_brand?post=8778"},{"taxonomy":"product_cat","embeddable":true,"href":"https:\/\/www.bau-styl.hu\/epitoanyag\/wp-json\/wp\/v2\/product_cat?post=8778"},{"taxonomy":"product_tag","embeddable":true,"href":"https:\/\/www.bau-styl.hu\/epitoanyag\/wp-json\/wp\/v2\/product_tag?post=8778"}],"curies":[{"name":"wp","href":"https:\/\/api.w.org\/{rel}","templated":true}]}}