{"id":8827,"date":"2019-10-28T08:57:24","date_gmt":"2019-10-28T06:57:24","guid":{"rendered":"https:\/\/www.bau-styl.hu\/epitoanyag\/termek\/roto-wdf-r79-h-wd-fa-tetoteri-ablak-felso-harmadban-billeno-also-kilincs-3-retegu-uveg-06-09\/"},"modified":"2026-03-06T15:06:43","modified_gmt":"2026-03-06T13:06:43","slug":"roto-wdf-r79-h-wd-fa-tetoteri-ablak-felso-harmadban-billeno-also-kilincs-3-retegu-uveg-06-09","status":"publish","type":"product","link":"https:\/\/www.bau-styl.hu\/epitoanyag\/termek\/roto-wdf-r79-h-wd-fa-tetoteri-ablak-felso-harmadban-billeno-also-kilincs-3-retegu-uveg-06-09\/","title":{"rendered":"Roto WDF R79 H WD Fa tet\u0151t\u00e9ri ablak fels\u0151 harmadban billen\u0151, als\u00f3 kilincs, 3 r\u00e9teg\u0171 \u00fcveg 06\/09"},"content":{"rendered":"","protected":false},"excerpt":{"rendered":"","protected":false},"featured_media":29617,"template":"","meta":[],"product_brand":[],"product_cat":[185,187,193,194],"product_tag":[],"class_list":{"0":"post-8827","1":"product","2":"type-product","3":"status-publish","4":"has-post-thumbnail","6":"product_cat-nyilaszarok","7":"product_cat-tetoteri-ablak","8":"product_cat-roto","9":"product_cat-ablak-roto","11":"first","12":"instock","13":"taxable","14":"shipping-taxable","15":"purchasable","16":"product-type-simple"},"aioseo_notices":[],"_links":{"self":[{"href":"https:\/\/www.bau-styl.hu\/epitoanyag\/wp-json\/wp\/v2\/product\/8827","targetHints":{"allow":["GET"]}}],"collection":[{"href":"https:\/\/www.bau-styl.hu\/epitoanyag\/wp-json\/wp\/v2\/product"}],"about":[{"href":"https:\/\/www.bau-styl.hu\/epitoanyag\/wp-json\/wp\/v2\/types\/product"}],"wp:featuredmedia":[{"embeddable":true,"href":"https:\/\/www.bau-styl.hu\/epitoanyag\/wp-json\/wp\/v2\/media\/29617"}],"wp:attachment":[{"href":"https:\/\/www.bau-styl.hu\/epitoanyag\/wp-json\/wp\/v2\/media?parent=8827"}],"wp:term":[{"taxonomy":"product_brand","embeddable":true,"href":"https:\/\/www.bau-styl.hu\/epitoanyag\/wp-json\/wp\/v2\/product_brand?post=8827"},{"taxonomy":"product_cat","embeddable":true,"href":"https:\/\/www.bau-styl.hu\/epitoanyag\/wp-json\/wp\/v2\/product_cat?post=8827"},{"taxonomy":"product_tag","embeddable":true,"href":"https:\/\/www.bau-styl.hu\/epitoanyag\/wp-json\/wp\/v2\/product_tag?post=8827"}],"curies":[{"name":"wp","href":"https:\/\/api.w.org\/{rel}","templated":true}]}}