{"id":8960,"date":"2019-10-28T06:58:43","date_gmt":"2019-10-28T06:58:43","guid":{"rendered":"https:\/\/www.bau-styl.hu\/epitoanyag\/termek\/semmelrock-rivago-kerites-nagyko-vilagos-bezs-60x20x16-cm\/"},"modified":"2026-04-20T12:13:58","modified_gmt":"2026-04-20T10:13:58","slug":"semmelrock-rivago-kerites-nagyko-vilagos-bezs-60x20x16-cm","status":"publish","type":"product","link":"https:\/\/www.bau-styl.hu\/epitoanyag\/termek\/semmelrock-rivago-kerites-nagyko-vilagos-bezs-60x20x16-cm\/","title":{"rendered":"Semmelrock Rivago Ker\u00edt\u00e9s nagyk\u0151 vil\u00e1gos b\u00e9zs 60x20x16 cm"},"content":{"rendered":"","protected":false},"excerpt":{"rendered":"<p>Fagy\u00e1ll\u00f3 (nem s\u00f3\u00e1ll\u00f3). Alkalmaz\u00e1sa: ker\u00edt\u00e9s, dekorat\u00edv oszlopok, r\u00f6gz\u00edtett l\u00e9pcs\u0151elemek oldals\u00f3 eleme, falazott grill- \u00e9s \u00fcl\u0151helyek, magas \u00e1gy\u00e1sok hat\u00e1rol\u00e1sa.<\/p>\n","protected":false},"featured_media":3332,"template":"","meta":[],"product_brand":[11304],"product_cat":[168,169],"product_tag":[],"class_list":{"0":"post-8960","1":"product","2":"type-product","3":"status-publish","4":"has-post-thumbnail","6":"product_brand-semmelrock","7":"product_cat-kertepites-es-terburkolat","8":"product_cat-keritesek-falazoelemek-tamfalak","10":"first","11":"instock","12":"taxable","13":"shipping-taxable","14":"purchasable","15":"product-type-simple"},"aioseo_notices":[],"_links":{"self":[{"href":"https:\/\/www.bau-styl.hu\/epitoanyag\/wp-json\/wp\/v2\/product\/8960","targetHints":{"allow":["GET"]}}],"collection":[{"href":"https:\/\/www.bau-styl.hu\/epitoanyag\/wp-json\/wp\/v2\/product"}],"about":[{"href":"https:\/\/www.bau-styl.hu\/epitoanyag\/wp-json\/wp\/v2\/types\/product"}],"wp:featuredmedia":[{"embeddable":true,"href":"https:\/\/www.bau-styl.hu\/epitoanyag\/wp-json\/wp\/v2\/media\/3332"}],"wp:attachment":[{"href":"https:\/\/www.bau-styl.hu\/epitoanyag\/wp-json\/wp\/v2\/media?parent=8960"}],"wp:term":[{"taxonomy":"product_brand","embeddable":true,"href":"https:\/\/www.bau-styl.hu\/epitoanyag\/wp-json\/wp\/v2\/product_brand?post=8960"},{"taxonomy":"product_cat","embeddable":true,"href":"https:\/\/www.bau-styl.hu\/epitoanyag\/wp-json\/wp\/v2\/product_cat?post=8960"},{"taxonomy":"product_tag","embeddable":true,"href":"https:\/\/www.bau-styl.hu\/epitoanyag\/wp-json\/wp\/v2\/product_tag?post=8960"}],"curies":[{"name":"wp","href":"https:\/\/api.w.org\/{rel}","templated":true}]}}