{"id":9012,"date":"2019-10-28T06:59:18","date_gmt":"2019-10-28T04:59:18","guid":{"rendered":"https:\/\/www.bau-styl.hu\/epitoanyag\/termek\/sw-tokajko-terko-sarga-25x125-cm-5-cm\/"},"modified":"2026-04-20T12:15:45","modified_gmt":"2026-04-20T10:15:45","slug":"sw-tokajko-terko-sarga-25x125-cm-5-cm","status":"publish","type":"product","link":"https:\/\/www.bau-styl.hu\/epitoanyag\/termek\/sw-tokajko-terko-sarga-25x125-cm-5-cm\/","title":{"rendered":"SW Tokajk\u0151 t\u00e9rk\u0151 s\u00e1rga 25&#215;12,5 cm 5 cm"},"content":{"rendered":"<p><strong>Aj\u00e1nlhatunk hozz\u00e1 m\u00e1st is?<\/strong><\/p>\n<p><span style=\"text-decoration: underline;\"><a href=\"https:\/\/www.bau-styl.hu\/epitoanyag\/termek\/lb-knauf-kvarchomok-0-06-mm-40-kg\/\">Cemix Kvarchomok 0-0,6 mm 40 kg<\/a><\/span><br \/>\n<span style=\"text-decoration: underline;\"><a href=\"https:\/\/www.bau-styl.hu\/epitoanyag\/termek\/murva-0-20\/\">Murva 0-20Murva 0-20 \/ tonna<\/a><\/span><br \/>\n<span style=\"text-decoration: underline;\"><a href=\"https:\/\/www.bau-styl.hu\/epitoanyag\/termek\/murva-12-20\/\">Murva 12-20<\/a><\/span><br \/>\n<span style=\"text-decoration: underline;\"><a href=\"https:\/\/www.bau-styl.hu\/epitoanyag\/termek\/homok-0-4\/\">Homok 0-4 \/ tonna<\/a><\/span><\/p>\n","protected":false},"excerpt":{"rendered":"<p>T\u00f6k\u00e9letes v\u00e1laszt\u00e1s, ha nincs ideje a gy\u00e1rt\u00f3ra, besz\u00e1ll\u00edt\u00f3ra v\u00e1rakozni. Kiemelked\u0151 kop\u00e1s\u00e1ll\u00f3s\u00e1g jellemzi. Gyalogos \u00e9s aut\u00f3s forgalomhoz is ide\u00e1lis v\u00e1laszt\u00e1s.<\/p>\n<p>Az SW t\u00e9rk\u00f6vek katal\u00f3gusa <a href=\"https:\/\/www.bau-styl.hu\/epitoanyag\/wp-content\/uploads\/2026\/01\/sw_terkokatalogus.pdf\" target=\"_blank\" rel=\"noopener\"><span style=\"text-decoration: underline;\">innen<\/span><\/a> let\u00f6lthet\u0151.<br \/>\nAz SW t\u00e9rk\u00f6vek technikai \u00fatmutat\u00f3ja <a href=\"https:\/\/www.bau-styl.hu\/epitoanyag\/wp-content\/uploads\/2024\/12\/swterko_alkalmazastechnikai_utmutato_2024.pdf\" target=\"_blank\" rel=\"noopener\"><span style=\"text-decoration: underline;\">innen<\/span><\/a> let\u00f6lthet\u0151.<br \/>\nAz SW t\u00e9rk\u00f6vek inspir\u00e1ci\u00f3s katal\u00f3gusa <a href=\"https:\/\/www.bau-styl.hu\/epitoanyag\/wp-content\/uploads\/2024\/12\/swterko_inspiracios.pdf\" target=\"_blank\" rel=\"noopener\"><span style=\"text-decoration: underline;\">innen<\/span><\/a> let\u00f6lthet\u0151.<\/p>\n","protected":false},"featured_media":42295,"template":"","meta":[],"product_brand":[11309],"product_cat":[168,175],"product_tag":[],"class_list":{"0":"post-9012","1":"product","2":"type-product","3":"status-publish","4":"has-post-thumbnail","6":"product_brand-sw","7":"product_cat-kertepites-es-terburkolat","8":"product_cat-terkovek","10":"first","11":"instock","12":"taxable","13":"shipping-taxable","14":"purchasable","15":"product-type-simple"},"aioseo_notices":[],"_links":{"self":[{"href":"https:\/\/www.bau-styl.hu\/epitoanyag\/wp-json\/wp\/v2\/product\/9012","targetHints":{"allow":["GET"]}}],"collection":[{"href":"https:\/\/www.bau-styl.hu\/epitoanyag\/wp-json\/wp\/v2\/product"}],"about":[{"href":"https:\/\/www.bau-styl.hu\/epitoanyag\/wp-json\/wp\/v2\/types\/product"}],"wp:featuredmedia":[{"embeddable":true,"href":"https:\/\/www.bau-styl.hu\/epitoanyag\/wp-json\/wp\/v2\/media\/42295"}],"wp:attachment":[{"href":"https:\/\/www.bau-styl.hu\/epitoanyag\/wp-json\/wp\/v2\/media?parent=9012"}],"wp:term":[{"taxonomy":"product_brand","embeddable":true,"href":"https:\/\/www.bau-styl.hu\/epitoanyag\/wp-json\/wp\/v2\/product_brand?post=9012"},{"taxonomy":"product_cat","embeddable":true,"href":"https:\/\/www.bau-styl.hu\/epitoanyag\/wp-json\/wp\/v2\/product_cat?post=9012"},{"taxonomy":"product_tag","embeddable":true,"href":"https:\/\/www.bau-styl.hu\/epitoanyag\/wp-json\/wp\/v2\/product_tag?post=9012"}],"curies":[{"name":"wp","href":"https:\/\/api.w.org\/{rel}","templated":true}]}}

SW Tokajkő térkő sárga 25&#215;12,5 cm 5 cm

<p><strong>Ajánlhatunk hozzá mást is?</strong></p>
<p><span style="text-decoration: underline;"><a href="https://www.bau-styl.hu/epitoanyag/termek/lb-knauf-kvarchomok-0-06-mm-40-kg/">Cemix Kvarchomok 0-0,6 mm 40 kg</a></span><br />
<span style="text-decoration: underline;"><a href="https://www.bau-styl.hu/epitoanyag/termek/murva-0-20/">Murva 0-20Murva 0-20 / tonna</a></span><br />
<span style="text-decoration: underline;"><a href="https://www.bau-styl.hu/epitoanyag/termek/murva-12-20/">Murva 12-20</a></span><br />
<span style="text-decoration: underline;"><a href="https://www.bau-styl.hu/epitoanyag/termek/homok-0-4/">Homok 0-4 / tonna</a></span></p>

<p>Tökéletes választás, ha nincs ideje a gyártóra, beszállítóra várakozni. Kiemelkedő kopásállóság jellemzi. Gyalogos és autós forgalomhoz is ideális választás.</p>
<p>Az SW térkövek katalógusa <a href="https://www.bau-styl.hu/epitoanyag/wp-content/uploads/2026/01/sw_terkokatalogus.pdf" target="_blank" rel="noopener"><span style="text-decoration: underline;">innen</span></a> letölthető.<br />
Az SW térkövek technikai útmutatója <a href="https://www.bau-styl.hu/epitoanyag/wp-content/uploads/2024/12/swterko_alkalmazastechnikai_utmutato_2024.pdf" target="_blank" rel="noopener"><span style="text-decoration: underline;">innen</span></a> letölthető.<br />
Az SW térkövek inspirációs katalógusa <a href="https://www.bau-styl.hu/epitoanyag/wp-content/uploads/2024/12/swterko_inspiracios.pdf" target="_blank" rel="noopener"><span style="text-decoration: underline;">innen</span></a> letölthető.</p>
