{"id":9026,"date":"2019-10-28T06:59:33","date_gmt":"2019-10-28T06:59:33","guid":{"rendered":"https:\/\/www.bau-styl.hu\/epitoanyag\/termek\/szeglemez-dereksz-erositett-105x105x90\/"},"modified":"2026-04-20T18:38:26","modified_gmt":"2026-04-20T16:38:26","slug":"szeglemez-dereksz-erositett-105x105x90","status":"publish","type":"product","link":"https:\/\/www.bau-styl.hu\/epitoanyag\/termek\/szeglemez-dereksz-erositett-105x105x90\/","title":{"rendered":"Szeglemez Der\u00e9ksz. Er\u0151s\u00edtett 105x105x90"},"content":{"rendered":"","protected":false},"excerpt":{"rendered":"","protected":false},"featured_media":31449,"template":"","meta":[],"product_brand":[],"product_cat":[11367,65,70,261],"product_tag":[],"class_list":{"0":"post-9026","1":"product","2":"type-product","3":"status-publish","4":"has-post-thumbnail","6":"product_cat-szerkezeti-kotoanyagok","7":"product_cat-faanyag","8":"product_cat-szerkezetikotoanyag","9":"product_cat-barkacs-szerszam-es-munkavedelem","11":"first","12":"instock","13":"taxable","14":"shipping-taxable","15":"purchasable","16":"product-type-simple"},"aioseo_notices":[],"_links":{"self":[{"href":"https:\/\/www.bau-styl.hu\/epitoanyag\/wp-json\/wp\/v2\/product\/9026","targetHints":{"allow":["GET"]}}],"collection":[{"href":"https:\/\/www.bau-styl.hu\/epitoanyag\/wp-json\/wp\/v2\/product"}],"about":[{"href":"https:\/\/www.bau-styl.hu\/epitoanyag\/wp-json\/wp\/v2\/types\/product"}],"wp:featuredmedia":[{"embeddable":true,"href":"https:\/\/www.bau-styl.hu\/epitoanyag\/wp-json\/wp\/v2\/media\/31449"}],"wp:attachment":[{"href":"https:\/\/www.bau-styl.hu\/epitoanyag\/wp-json\/wp\/v2\/media?parent=9026"}],"wp:term":[{"taxonomy":"product_brand","embeddable":true,"href":"https:\/\/www.bau-styl.hu\/epitoanyag\/wp-json\/wp\/v2\/product_brand?post=9026"},{"taxonomy":"product_cat","embeddable":true,"href":"https:\/\/www.bau-styl.hu\/epitoanyag\/wp-json\/wp\/v2\/product_cat?post=9026"},{"taxonomy":"product_tag","embeddable":true,"href":"https:\/\/www.bau-styl.hu\/epitoanyag\/wp-json\/wp\/v2\/product_tag?post=9026"}],"curies":[{"name":"wp","href":"https:\/\/api.w.org\/{rel}","templated":true}]}}