{"id":9231,"date":"2019-10-28T07:05:24","date_gmt":"2019-10-28T07:05:24","guid":{"rendered":"https:\/\/www.bau-styl.hu\/epitoanyag\/termek\/wienerberger-pth-fodemgerenda-425-cm\/"},"modified":"2026-04-20T12:17:06","modified_gmt":"2026-04-20T10:17:06","slug":"wienerberger-pth-fodemgerenda-425-cm","status":"publish","type":"product","link":"https:\/\/www.bau-styl.hu\/epitoanyag\/termek\/wienerberger-pth-fodemgerenda-425-cm\/","title":{"rendered":"Wienerberger Pth F\u00f6d\u00e9mgerenda 425 cm"},"content":{"rendered":"","protected":false},"excerpt":{"rendered":"<p>Ker\u00e1miak\u00f6penyes el\u0151fesz\u00edtett vasbeton f\u00f6d\u00e9mgerenda. K\u00f6nnyen mozgathat\u00f3, emelhet\u0151, illetve j\u00f3l vakolhat\u00f3.<\/p>\n","protected":false},"featured_media":19006,"template":"","meta":[],"product_brand":[11317],"product_cat":[107,115],"product_tag":[],"class_list":{"0":"post-9231","1":"product","2":"type-product","3":"status-publish","4":"has-post-thumbnail","6":"product_brand-wienerberger","7":"product_cat-fodemrendszer","8":"product_cat-keramia-fodemrendszer","10":"first","11":"instock","12":"taxable","13":"shipping-taxable","14":"purchasable","15":"product-type-simple"},"aioseo_notices":[],"_links":{"self":[{"href":"https:\/\/www.bau-styl.hu\/epitoanyag\/wp-json\/wp\/v2\/product\/9231","targetHints":{"allow":["GET"]}}],"collection":[{"href":"https:\/\/www.bau-styl.hu\/epitoanyag\/wp-json\/wp\/v2\/product"}],"about":[{"href":"https:\/\/www.bau-styl.hu\/epitoanyag\/wp-json\/wp\/v2\/types\/product"}],"wp:featuredmedia":[{"embeddable":true,"href":"https:\/\/www.bau-styl.hu\/epitoanyag\/wp-json\/wp\/v2\/media\/19006"}],"wp:attachment":[{"href":"https:\/\/www.bau-styl.hu\/epitoanyag\/wp-json\/wp\/v2\/media?parent=9231"}],"wp:term":[{"taxonomy":"product_brand","embeddable":true,"href":"https:\/\/www.bau-styl.hu\/epitoanyag\/wp-json\/wp\/v2\/product_brand?post=9231"},{"taxonomy":"product_cat","embeddable":true,"href":"https:\/\/www.bau-styl.hu\/epitoanyag\/wp-json\/wp\/v2\/product_cat?post=9231"},{"taxonomy":"product_tag","embeddable":true,"href":"https:\/\/www.bau-styl.hu\/epitoanyag\/wp-json\/wp\/v2\/product_tag?post=9231"}],"curies":[{"name":"wp","href":"https:\/\/api.w.org\/{rel}","templated":true}]}}

Wienerberger Pth Födémgerenda 425 cm

<p>Kerámiaköpenyes előfeszített vasbeton födémgerenda. Könnyen mozgatható, emelhető, illetve jól vakolható.</p>
