{"id":2473,"date":"2015-05-22T11:13:33","date_gmt":"2015-05-22T10:13:33","guid":{"rendered":"http:\/\/www.bau-styl.hu\/?page_id=2473"},"modified":"2023-01-02T10:40:56","modified_gmt":"2023-01-02T09:40:56","slug":"duravit-starck1","status":"publish","type":"page","link":"https:\/\/www.bau-styl.hu\/furdoszobaszalon\/duravit-starck1\/","title":{"rendered":"Duravit &#8211; Starck1"},"content":{"rendered":"\n<style type=\"text\/css\" data-created_by=\"avia_inline_auto\" id=\"style-css-av-120n3mh-a8ab7c29760f85f8c9f33c4a69357ecc\">\n.avia-section.av-120n3mh-a8ab7c29760f85f8c9f33c4a69357ecc{\nbackground-repeat:no-repeat;\nbackground-image:url(https:\/\/www.bau-styl.hu\/furdoszobaszalon\/wp-content\/uploads\/2015\/05\/duravit_starck1_-4.jpg);\nbackground-position:50% 50%;\nbackground-attachment:scroll;\n}\n.avia-section.av-120n3mh-a8ab7c29760f85f8c9f33c4a69357ecc .av-section-color-overlay{\nopacity:0.5;\nbackground-color:#000000;\n}\n<\/style>\n<div id='av_section_1'  class='avia-section av-120n3mh-a8ab7c29760f85f8c9f33c4a69357ecc main_color avia-section-default avia-no-shadow  avia-builder-el-0  el_before_av_section  avia-builder-el-first  avia-full-stretch avia-bg-style-scroll av-section-color-overlay-active container_wrap sidebar_right'  data-section-bg-repeat='stretch'><div class=\"av-section-color-overlay-wrap\"><div class=\"av-section-color-overlay\"><\/div><div class='container av-section-cont-open' ><main  role=\"main\" itemprop=\"mainContentOfPage\"  class='template-page content  av-content-small alpha units'><div class='post-entry post-entry-type-page post-entry-2473'><div class='entry-content-wrapper clearfix'>\n\n<style type=\"text\/css\" data-created_by=\"avia_inline_auto\" id=\"style-css-av-zfi9gp-10af15e7c82273fc2a34c8fd96ca82d6\">\n#top .hr.hr-invisible.av-zfi9gp-10af15e7c82273fc2a34c8fd96ca82d6{\nheight:50px;\n}\n<\/style>\n<div  class='hr av-zfi9gp-10af15e7c82273fc2a34c8fd96ca82d6 hr-invisible  avia-builder-el-1  el_before_av_heading  avia-builder-el-first '><span class='hr-inner '><span class=\"hr-inner-style\"><\/span><\/span><\/div>\n\n<style type=\"text\/css\" data-created_by=\"avia_inline_auto\" id=\"style-css-av-lcem22jh-4d50f1e6e3a0d164c3bfb6c38a217b70\">\n#top .av-special-heading.av-lcem22jh-4d50f1e6e3a0d164c3bfb6c38a217b70{\npadding-bottom:10px;\ncolor:#ffffff;\n}\nbody .av-special-heading.av-lcem22jh-4d50f1e6e3a0d164c3bfb6c38a217b70 .av-special-heading-tag .heading-char{\nfont-size:25px;\n}\n.av-special-heading.av-lcem22jh-4d50f1e6e3a0d164c3bfb6c38a217b70 .special-heading-inner-border{\nborder-color:#ffffff;\n}\n.av-special-heading.av-lcem22jh-4d50f1e6e3a0d164c3bfb6c38a217b70 .av-subheading{\nfont-size:15px;\n}\n<\/style>\n<div  class='av-special-heading av-lcem22jh-4d50f1e6e3a0d164c3bfb6c38a217b70 av-special-heading-h1 custom-color-heading blockquote modern-quote modern-centered  avia-builder-el-2  el_after_av_hr  el_before_av_hr '><h1 class='av-special-heading-tag '  itemprop=\"headline\"  >STARCK1<\/h1><div class='av_custom_color av-subheading av-subheading_below'><p>DURAVIT<\/p>\n<\/div><div class=\"special-heading-border\"><div class=\"special-heading-inner-border\"><\/div><\/div><\/div>\n\n<style type=\"text\/css\" data-created_by=\"avia_inline_auto\" id=\"style-css-av-vy5g1l-d924c2d054e5460eb356d9ed3618da45\">\n#top .hr.hr-invisible.av-vy5g1l-d924c2d054e5460eb356d9ed3618da45{\nheight:50px;\n}\n<\/style>\n<div  class='hr av-vy5g1l-d924c2d054e5460eb356d9ed3618da45 hr-invisible  avia-builder-el-3  el_after_av_heading  avia-builder-el-last '><span class='hr-inner '><span class=\"hr-inner-style\"><\/span><\/span><\/div>\n<\/div><\/div><\/main><!-- close content main element --><\/div><\/div><\/div><div id='av_section_2'  class='avia-section av-ugi2q1-e11fff0f4036c7fd19c6f91ee26f8188 main_color avia-section-default avia-no-shadow  avia-builder-el-4  el_after_av_section  el_before_av_section  avia-bg-style-scroll container_wrap sidebar_right'  ><div class='container av-section-cont-open' ><div class='template-page content  av-content-small alpha units'><div class='post-entry post-entry-type-page post-entry-2473'><div class='entry-content-wrapper clearfix'>\n<section  class='av_textblock_section av-t1l32h-2eae9ff4cf0a8650b9e8834cdf50b229 '   itemscope=\"itemscope\" itemtype=\"https:\/\/schema.org\/CreativeWork\" ><div class='avia_textblock'  itemprop=\"text\" ><p style=\"text-align: justify;\">Ez a Philippe Starck \u00e1ltalt tervezett egyedi kollekci\u00f3 els\u0151 pillant\u00e1sra is \u00f6sszet\u00e9veszthetetlen modern, letisztult, k\u00fcl\u00f6nleges form\u00e1ival. A tervez\u00e9si koncepci\u00f3 sor\u00e1n visszany\u00faltak a tiszt\u00e1lkod\u00e1s t\u00f6rt\u00e9nelem el\u0151tti gy\u00f6kereihez, a v\u00f6d\u00f6rh\u00f6z \u00e9s lav\u00f3rhoz \u00e9s olyan k\u00f6nt\u00f6sbe \u00f6lt\u00f6ztett\u00e9k, mely a mai trendek els\u0151sz\u00e1m\u00fa k\u00e9pvisel\u0151je lehet. Izgalmas wc-, bid\u00e9- \u00e9s mosd\u00f3megold\u00e1sainak k\u00f6sz\u00f6nhet\u0151en ez a kollekci\u00f3 igazi sz\u00ednfoltja lehet f\u00fcrd\u0151szob\u00e1j\u00e1nak.<\/p>\n<\/div><\/section>\n<section  class='av_textblock_section av-pd983y-b1fa89478f6804fa4b17eb2c905af87b '   itemscope=\"itemscope\" itemtype=\"https:\/\/schema.org\/CreativeWork\" ><div class='avia_textblock'  itemprop=\"text\" ><p style=\"text-align: right;\"><mark><strong><a href=\"#ajanlat\">Aj\u00e1nlatot k\u00e9rek!<\/a><\/strong><\/mark><\/p>\n<\/div><\/section>\n\n<style type=\"text\/css\" data-created_by=\"avia_inline_auto\" id=\"style-css-av-r317vt-a1da484b8af800c5dba02b92f84b0696\">\n#top .hr.hr-invisible.av-r317vt-a1da484b8af800c5dba02b92f84b0696{\nheight:50px;\n}\n<\/style>\n<div  class='hr av-r317vt-a1da484b8af800c5dba02b92f84b0696 hr-invisible  avia-builder-el-7  el_after_av_textblock  el_before_av_masonry_gallery  avia-builder-el-last '><span class='hr-inner '><span class=\"hr-inner-style\"><\/span><\/span><\/div>\n<div id='av-masonry-1' class='av-masonry av-lcem32tv-bfa7812a52293ebf66204cc943305841 noHover av-fixed-size av-large-gap av-hover-overlay- av-masonry-animation-active av-masonry-col-5 av-caption-always av-caption-style- av-masonry-gallery av-medium-columns-overwrite av-medium-columns-4 av-small-columns-overwrite av-small-columns-4 av-mini-columns-overwrite av-mini-columns-4 ' data-post_id=\"2473\"><div class=\"av-masonry-container isotope av-js-disabled\"><div class='av-masonry-entry isotope-item av-masonry-item-no-image '><\/div><a href=\"https:\/\/www.bau-styl.hu\/furdoszobaszalon\/wp-content\/uploads\/2015\/05\/duravit_starck1_-5.jpg\" data-srcset=\"https:\/\/www.bau-styl.hu\/furdoszobaszalon\/wp-content\/uploads\/2015\/05\/duravit_starck1_-5.jpg 550w, https:\/\/www.bau-styl.hu\/furdoszobaszalon\/wp-content\/uploads\/2015\/05\/duravit_starck1_-5-300x218.jpg 300w, https:\/\/www.bau-styl.hu\/furdoszobaszalon\/wp-content\/uploads\/2015\/05\/duravit_starck1_-5-450x327.jpg 450w\" data-sizes=\"(max-width: 550px) 100vw, 550px\"  aria-label=\"image Duravit Starck 1\"  id='av-masonry-1-item-3167' data-av-masonry-item='3167' class='av-masonry-entry isotope-item post-3167 attachment type-attachment status-inherit hentry  av-masonry-item-with-image' title=\"Duravit Starck 1\" alt=\"Duravit Starck 1\"    itemprop=\"thumbnailUrl\" ><div class='av-inner-masonry-sizer'><\/div><figure class='av-inner-masonry main_color'><div class=\"av-masonry-outerimage-container\"><div class='av-masonry-image-container' style=\"background-image: url(https:\/\/www.bau-styl.hu\/furdoszobaszalon\/wp-content\/uploads\/2015\/05\/duravit_starck1_-5-495x400.jpg);\"  title=\"Duravit Starck 1\" ><\/div><\/div><\/figure><\/a><!--end av-masonry entry--><a href=\"https:\/\/www.bau-styl.hu\/furdoszobaszalon\/wp-content\/uploads\/2015\/05\/duravit_starck1_-2.jpg\" data-srcset=\"https:\/\/www.bau-styl.hu\/furdoszobaszalon\/wp-content\/uploads\/2015\/05\/duravit_starck1_-2.jpg 581w, https:\/\/www.bau-styl.hu\/furdoszobaszalon\/wp-content\/uploads\/2015\/05\/duravit_starck1_-2-300x207.jpg 300w, https:\/\/www.bau-styl.hu\/furdoszobaszalon\/wp-content\/uploads\/2015\/05\/duravit_starck1_-2-450x310.jpg 450w\" data-sizes=\"(max-width: 581px) 100vw, 581px\"  aria-label=\"image Duravit Starck 1\"  id='av-masonry-1-item-3166' data-av-masonry-item='3166' class='av-masonry-entry isotope-item post-3166 attachment type-attachment status-inherit hentry  av-masonry-item-with-image' title=\"Duravit Starck 1\" alt=\"Duravit Starck 1\"    itemprop=\"thumbnailUrl\" ><div class='av-inner-masonry-sizer'><\/div><figure class='av-inner-masonry main_color'><div class=\"av-masonry-outerimage-container\"><div class='av-masonry-image-container' style=\"background-image: url(https:\/\/www.bau-styl.hu\/furdoszobaszalon\/wp-content\/uploads\/2015\/05\/duravit_starck1_-2-495x400.jpg);\"  title=\"Duravit Starck 1\" ><\/div><\/div><\/figure><\/a><!--end av-masonry entry--><a href=\"https:\/\/www.bau-styl.hu\/furdoszobaszalon\/wp-content\/uploads\/2015\/05\/hansgrohe_axorstarkorganic-1.jpg\" data-srcset=\"https:\/\/www.bau-styl.hu\/furdoszobaszalon\/wp-content\/uploads\/2015\/05\/hansgrohe_axorstarkorganic-1.jpg 674w, https:\/\/www.bau-styl.hu\/furdoszobaszalon\/wp-content\/uploads\/2015\/05\/hansgrohe_axorstarkorganic-1-300x178.jpg 300w, https:\/\/www.bau-styl.hu\/furdoszobaszalon\/wp-content\/uploads\/2015\/05\/hansgrohe_axorstarkorganic-1-450x267.jpg 450w\" data-sizes=\"(max-width: 674px) 100vw, 674px\"  aria-label=\"image Hansgrohe Axor Starck Organic\"  id='av-masonry-1-item-2767' data-av-masonry-item='2767' class='av-masonry-entry isotope-item post-2767 attachment type-attachment status-inherit hentry  av-masonry-item-with-image' title=\"Hansgrohe Axor Starck Organic\" alt=\"Hansgrohe Axor Starck Organic\"    itemprop=\"thumbnailUrl\" ><div class='av-inner-masonry-sizer'><\/div><figure class='av-inner-masonry main_color'><div class=\"av-masonry-outerimage-container\"><div class='av-masonry-image-container' style=\"background-image: url(https:\/\/www.bau-styl.hu\/furdoszobaszalon\/wp-content\/uploads\/2015\/05\/hansgrohe_axorstarkorganic-1-495x400.jpg);\"  title=\"Hansgrohe Axor Starck Organic\" ><\/div><\/div><\/figure><\/a><!--end av-masonry entry--><a href=\"https:\/\/www.bau-styl.hu\/furdoszobaszalon\/wp-content\/uploads\/2015\/05\/duravit_starck1_-4.jpg\" data-srcset=\"https:\/\/www.bau-styl.hu\/furdoszobaszalon\/wp-content\/uploads\/2015\/05\/duravit_starck1_-4.jpg 2200w, https:\/\/www.bau-styl.hu\/furdoszobaszalon\/wp-content\/uploads\/2015\/05\/duravit_starck1_-4-300x207.jpg 300w, https:\/\/www.bau-styl.hu\/furdoszobaszalon\/wp-content\/uploads\/2015\/05\/duravit_starck1_-4-1030x709.jpg 1030w, https:\/\/www.bau-styl.hu\/furdoszobaszalon\/wp-content\/uploads\/2015\/05\/duravit_starck1_-4-1500x1033.jpg 1500w, https:\/\/www.bau-styl.hu\/furdoszobaszalon\/wp-content\/uploads\/2015\/05\/duravit_starck1_-4-705x485.jpg 705w, https:\/\/www.bau-styl.hu\/furdoszobaszalon\/wp-content\/uploads\/2015\/05\/duravit_starck1_-4-450x310.jpg 450w\" data-sizes=\"(max-width: 2200px) 100vw, 2200px\"  aria-label=\"image Duravit Starck 1\"  id='av-masonry-1-item-1780' data-av-masonry-item='1780' class='av-masonry-entry isotope-item post-1780 attachment type-attachment status-inherit hentry  av-masonry-item-with-image' title=\"Duravit Starck 1\" alt=\"Duravit Starck 1\"    itemprop=\"thumbnailUrl\" ><div class='av-inner-masonry-sizer'><\/div><figure class='av-inner-masonry main_color'><div class=\"av-masonry-outerimage-container\"><div class='av-masonry-image-container' style=\"background-image: url(https:\/\/www.bau-styl.hu\/furdoszobaszalon\/wp-content\/uploads\/2015\/05\/duravit_starck1_-4-495x400.jpg);\"  title=\"Duravit Starck 1\" ><\/div><\/div><\/figure><\/a><!--end av-masonry entry--><a href=\"https:\/\/www.bau-styl.hu\/furdoszobaszalon\/wp-content\/uploads\/2015\/05\/duravit_starck1_-3.jpg\" data-srcset=\"https:\/\/www.bau-styl.hu\/furdoszobaszalon\/wp-content\/uploads\/2015\/05\/duravit_starck1_-3.jpg 2200w, https:\/\/www.bau-styl.hu\/furdoszobaszalon\/wp-content\/uploads\/2015\/05\/duravit_starck1_-3-300x207.jpg 300w, https:\/\/www.bau-styl.hu\/furdoszobaszalon\/wp-content\/uploads\/2015\/05\/duravit_starck1_-3-1030x709.jpg 1030w, https:\/\/www.bau-styl.hu\/furdoszobaszalon\/wp-content\/uploads\/2015\/05\/duravit_starck1_-3-1500x1033.jpg 1500w, https:\/\/www.bau-styl.hu\/furdoszobaszalon\/wp-content\/uploads\/2015\/05\/duravit_starck1_-3-705x485.jpg 705w, https:\/\/www.bau-styl.hu\/furdoszobaszalon\/wp-content\/uploads\/2015\/05\/duravit_starck1_-3-450x310.jpg 450w\" data-sizes=\"(max-width: 2200px) 100vw, 2200px\"  aria-label=\"image Duravit Starck 1\"  id='av-masonry-1-item-1779' data-av-masonry-item='1779' class='av-masonry-entry isotope-item post-1779 attachment type-attachment status-inherit hentry  av-masonry-item-with-image' title=\"Duravit Starck 1\" alt=\"Duravit Starck 1\"    itemprop=\"thumbnailUrl\" ><div class='av-inner-masonry-sizer'><\/div><figure class='av-inner-masonry main_color'><div class=\"av-masonry-outerimage-container\"><div class='av-masonry-image-container' style=\"background-image: url(https:\/\/www.bau-styl.hu\/furdoszobaszalon\/wp-content\/uploads\/2015\/05\/duravit_starck1_-3-495x400.jpg);\"  title=\"Duravit Starck 1\" ><\/div><\/div><\/figure><\/a><!--end av-masonry entry--><a href=\"https:\/\/www.bau-styl.hu\/furdoszobaszalon\/wp-content\/uploads\/2015\/05\/duravit_starck1_-1.jpg\" data-srcset=\"https:\/\/www.bau-styl.hu\/furdoszobaszalon\/wp-content\/uploads\/2015\/05\/duravit_starck1_-1.jpg 1920w, https:\/\/www.bau-styl.hu\/furdoszobaszalon\/wp-content\/uploads\/2015\/05\/duravit_starck1_-1-300x212.jpg 300w, https:\/\/www.bau-styl.hu\/furdoszobaszalon\/wp-content\/uploads\/2015\/05\/duravit_starck1_-1-1030x728.jpg 1030w, https:\/\/www.bau-styl.hu\/furdoszobaszalon\/wp-content\/uploads\/2015\/05\/duravit_starck1_-1-1500x1060.jpg 1500w, https:\/\/www.bau-styl.hu\/furdoszobaszalon\/wp-content\/uploads\/2015\/05\/duravit_starck1_-1-260x185.jpg 260w, https:\/\/www.bau-styl.hu\/furdoszobaszalon\/wp-content\/uploads\/2015\/05\/duravit_starck1_-1-705x498.jpg 705w, https:\/\/www.bau-styl.hu\/furdoszobaszalon\/wp-content\/uploads\/2015\/05\/duravit_starck1_-1-450x318.jpg 450w\" data-sizes=\"(max-width: 1920px) 100vw, 1920px\"  aria-label=\"image Duravit Starck 1\"  id='av-masonry-1-item-1777' data-av-masonry-item='1777' class='av-masonry-entry isotope-item post-1777 attachment type-attachment status-inherit hentry  av-masonry-item-with-image' title=\"Duravit Starck 1\" alt=\"Duravit Starck 1\"    itemprop=\"thumbnailUrl\" ><div class='av-inner-masonry-sizer'><\/div><figure class='av-inner-masonry main_color'><div class=\"av-masonry-outerimage-container\"><div class='av-masonry-image-container' style=\"background-image: url(https:\/\/www.bau-styl.hu\/furdoszobaszalon\/wp-content\/uploads\/2015\/05\/duravit_starck1_-1-495x400.jpg);\"  title=\"Duravit Starck 1\" ><\/div><\/div><\/figure><\/a><!--end av-masonry entry--><\/div><\/div>\n\n<style type=\"text\/css\" data-created_by=\"avia_inline_auto\" id=\"style-css-av-oews9l-cb68c984cb3290c0f2dcefdb2502d708\">\n#top .hr.hr-invisible.av-oews9l-cb68c984cb3290c0f2dcefdb2502d708{\nheight:50px;\n}\n<\/style>\n<div  class='hr av-oews9l-cb68c984cb3290c0f2dcefdb2502d708 hr-invisible  avia-builder-el-9  el_after_av_masonry_gallery  el_before_av_one_full  avia-builder-el-first '><span class='hr-inner '><span class=\"hr-inner-style\"><\/span><\/span><\/div>\n\n<style type=\"text\/css\" data-created_by=\"avia_inline_auto\" id=\"style-css-av-tetkvb-3ef41c2f1f640cd589dee9b33c83cf85\">\n.flex_column.av-tetkvb-3ef41c2f1f640cd589dee9b33c83cf85{\nborder-radius:0px 0px 0px 0px;\npadding:0px 0px 0px 0px;\n}\n<\/style>\n<div  class='flex_column av-tetkvb-3ef41c2f1f640cd589dee9b33c83cf85 av_one_full  avia-builder-el-10  el_after_av_hr  avia-builder-el-last  first flex_column_div av-zero-column-padding  '     ><section  class='av_textblock_section av-k6tfxpen-742ec54894f8b28555c7357493501403 '   itemscope=\"itemscope\" itemtype=\"https:\/\/schema.org\/CreativeWork\" ><div class='avia_textblock'  itemprop=\"text\" ><p style=\"text-align: right;\"><a href=\"https:\/\/www.bau-styl.hu\/furdoszobaszalon\/index.php\/duravit\/\">Vissza minden Duravit kollekci\u00f3hoz<\/a><\/p>\n<\/div><\/section><\/div><\/div><\/div><\/div><!-- close content main div --><\/div><\/div>\n<style type=\"text\/css\" data-created_by=\"avia_inline_auto\" id=\"style-css-av-lxbh5l-1ccac9d11c01ad0bc2454e3bf5f26aec\">\n.avia-section.av-lxbh5l-1ccac9d11c01ad0bc2454e3bf5f26aec{\nbackground-repeat:no-repeat;\nbackground-image:url(https:\/\/www.bau-styl.hu\/furdoszobaszalon\/wp-content\/uploads\/2015\/05\/duravit_starck1_-4.jpg);\nbackground-position:50% 50%;\nbackground-attachment:scroll;\n}\n.avia-section.av-lxbh5l-1ccac9d11c01ad0bc2454e3bf5f26aec .av-section-color-overlay{\nopacity:0.5;\nbackground-color:#000000;\n}\n<\/style>\n<div id='ajanlat'  class='avia-section av-lxbh5l-1ccac9d11c01ad0bc2454e3bf5f26aec main_color avia-section-default avia-no-shadow  avia-builder-el-12  el_after_av_section  avia-builder-el-last  avia-full-stretch avia-bg-style-scroll av-section-color-overlay-active container_wrap sidebar_right'  data-section-bg-repeat='stretch'><div class=\"av-section-color-overlay-wrap\"><div class=\"av-section-color-overlay\"><\/div><div class='container av-section-cont-open' ><div class='template-page content  av-content-small alpha units'><div class='post-entry post-entry-type-page post-entry-2473'><div class='entry-content-wrapper clearfix'>\n\n<style type=\"text\/css\" data-created_by=\"avia_inline_auto\" id=\"style-css-av-k2yi2h-cf8f23decf70140cd2096d0e5025d7be\">\n#top .hr.hr-invisible.av-k2yi2h-cf8f23decf70140cd2096d0e5025d7be{\nheight:50px;\n}\n<\/style>\n<div  class='hr av-k2yi2h-cf8f23decf70140cd2096d0e5025d7be hr-invisible  avia-builder-el-13  el_before_av_one_fifth  avia-builder-el-first '><span class='hr-inner '><span class=\"hr-inner-style\"><\/span><\/span><\/div>\n\n<style type=\"text\/css\" data-created_by=\"avia_inline_auto\" id=\"style-css-av-iffl09-eee25e865167ea93664c08b47565633e\">\n.flex_column.av-iffl09-eee25e865167ea93664c08b47565633e{\nborder-radius:0px 0px 0px 0px;\npadding:0px 0px 0px 0px;\n}\n<\/style>\n<div  class='flex_column av-iffl09-eee25e865167ea93664c08b47565633e av_one_fifth  avia-builder-el-14  el_after_av_hr  el_before_av_three_fifth  first flex_column_div av-zero-column-padding  '     ><\/div>\n<style type=\"text\/css\" data-created_by=\"avia_inline_auto\" id=\"style-css-av-av_three_fifth-d16bed752390fb46bb9f8cdd4860f43d\">\n.flex_column.av-av_three_fifth-d16bed752390fb46bb9f8cdd4860f43d{\nborder-radius:0px 0px 0px 0px;\npadding:30px 30px 30px 30px;\nbackground-color:rgba(35,35,35,0.57);\n}\n<\/style>\n<div  class='flex_column av-av_three_fifth-d16bed752390fb46bb9f8cdd4860f43d av_three_fifth  avia-builder-el-15  el_after_av_one_fifth  el_before_av_one_fifth  flex_column_div  '     ><style type=\"text\/css\" data-created_by=\"avia_inline_auto\" id=\"style-css-av-av_textblock-27c4f643a6e4cf7c6096ff03deb9fd6d\">\n#top .av_textblock_section.av-av_textblock-27c4f643a6e4cf7c6096ff03deb9fd6d .avia_textblock{\nfont-size:16px;\ncolor:#ffffff;\n}\n<\/style>\n<section  class='av_textblock_section av-av_textblock-27c4f643a6e4cf7c6096ff03deb9fd6d '   itemscope=\"itemscope\" itemtype=\"https:\/\/schema.org\/CreativeWork\" ><div class='avia_textblock av_inherit_color'  itemprop=\"text\" ><p style=\"text-align: center;\"><strong>Ha elnyerte tetsz\u00e9s\u00e9t ez a kollekci\u00f3, forduljon hozz\u00e1nk bizalommal!<\/strong><\/p>\n<p style=\"text-align: center;\"><strong>Adja meg el\u00e9rhet\u0151s\u00e9g\u00e9t \u00e9s munkat\u00e1rsaink hamarosan felveszik \u00d6nnel a kapcsolatot!\u00a0<\/strong><\/p>\n<\/div><\/section><br \/>\n<form action=\"https:\/\/www.bau-styl.hu\/furdoszobaszalon\/duravit-starck1\/\" method=\"post\" data-fields-with-error=\"Found errors in the following field(s):\" class=\"avia_ajax_form av-form-labels-visible   avia-builder-el-17  el_after_av_textblock  avia-builder-el-last  av-custom-form-color av-light-form \" data-avia-form-id=\"1\" data-avia-redirect='https:\/\/www.bau-styl.hu\/furdoszobaszalon\/koszonjuk-erdeklodeset\/' ><fieldset><p class='  first_form  form_element form_element_third' id='element_avia_1_1'><label for=\"avia_1_1\">N\u00e9v <abbr class=\"required\" title=\"required\">*<\/abbr><\/label> <input name=\"avia_1_1\" class=\"text_input is_empty\" type=\"text\" id=\"avia_1_1\" value=\"\" \/><\/p><p class='  form_element form_element_third' id='element_avia_2_1'><label for=\"avia_2_1\">E-Mail c\u00edm <abbr class=\"required\" title=\"required\">*<\/abbr><\/label> <input name=\"avia_2_1\" class=\"text_input is_email\" type=\"text\" id=\"avia_2_1\" value=\"\" \/><\/p><p class='  form_element form_element_third' id='element_avia_3_1'><label for=\"avia_3_1\">Telefonsz\u00e1m <abbr class=\"required\" title=\"required\">*<\/abbr><\/label> <input name=\"avia_3_1\" class=\"text_input is_phone\" type=\"text\" id=\"avia_3_1\" value=\"\" \/><\/p><p class='  first_form  form_element form_fullwidth' id='element_avia_4_1'><label for=\"avia_4_1\">C\u00edm <abbr class=\"required\" title=\"required\">*<\/abbr><\/label> <input name=\"avia_4_1\" class=\"text_input is_empty\" type=\"text\" id=\"avia_4_1\" value=\"\" \/><\/p><p class='  first_form  form_element form_fullwidth' id='element_avia_5_1'><label for=\"avia_5_1\" class=\"textare_label hidden textare_label_avia_5_1\">Megjegyz\u00e9s<\/label><textarea  name=\"avia_5_1\" class=\"text_area \" cols=\"40\" rows=\"7\" id=\"avia_5_1\" ><\/textarea><\/p><p class=\"hidden\"><input type=\"text\" name=\"avia_6_1\" class=\"hidden \" id=\"avia_6_1\" value=\"\" \/><\/p><p class=' av_form_privacy_check av_contact_privacy_check first_form  form_element form_fullwidth' id='element_avia_7_1'><input  name=\"avia_7_1\" class=\"input_checkbox is_empty\" type=\"checkbox\" id=\"avia_7_1\" value=\"true\"\/><label class=\"input_checkbox_label\" for=\"avia_7_1\">Elfogadom az adatkezel\u00e9si nyilatkozatot <abbr class=\"required\" title=\"required\">*<\/abbr><\/label><\/p><p class=\"form_element \"><input type=\"hidden\" value=\"1\" name=\"avia_generated_form1\" \/><input type=\"submit\" value=\"K\u00fcld\u00e9s\" class=\"button\"  data-sending-label=\"K\u00fcld\u00e9s\"\/><\/p><\/fieldset><\/form><div id=\"ajaxresponse_1\" class=\"ajaxresponse ajaxresponse_1 hidden\"><\/div><\/p><\/div>\n<style type=\"text\/css\" data-created_by=\"avia_inline_auto\" id=\"style-css-av-4t0el5-54fd5e67fa9a1deaf844a4d87e5369c3\">\n.flex_column.av-4t0el5-54fd5e67fa9a1deaf844a4d87e5369c3{\nborder-radius:0px 0px 0px 0px;\npadding:0px 0px 0px 0px;\n}\n<\/style>\n<div  class='flex_column av-4t0el5-54fd5e67fa9a1deaf844a4d87e5369c3 av_one_fifth  avia-builder-el-18  el_after_av_three_fifth  el_before_av_hr  flex_column_div av-zero-column-padding  '     ><\/div>\n<style type=\"text\/css\" data-created_by=\"avia_inline_auto\" id=\"style-css-av-2g1uk9-556042e60d184816a639aeb1cfe14a42\">\n#top .hr.hr-invisible.av-2g1uk9-556042e60d184816a639aeb1cfe14a42{\nheight:50px;\n}\n<\/style>\n<div  class='hr av-2g1uk9-556042e60d184816a639aeb1cfe14a42 hr-invisible  avia-builder-el-19  el_after_av_one_fifth  avia-builder-el-last '><span class='hr-inner '><span class=\"hr-inner-style\"><\/span><\/span><\/div>\n<\/div><\/div><\/div><!-- close content main div --><\/div><\/div><\/div><div id='after_section_3'  class='main_color av_default_container_wrap container_wrap sidebar_right'  ><div class='container av-section-cont-open' ><div class='template-page content  av-content-small alpha units'><div class='post-entry post-entry-type-page post-entry-2473'><div class='entry-content-wrapper clearfix'><\/p>\n","protected":false},"excerpt":{"rendered":"","protected":false},"author":2,"featured_media":0,"parent":0,"menu_order":0,"comment_status":"closed","ping_status":"closed","template":"","meta":{"footnotes":""},"class_list":["post-2473","page","type-page","status-publish","hentry"],"aioseo_notices":[],"_links":{"self":[{"href":"https:\/\/www.bau-styl.hu\/furdoszobaszalon\/wp-json\/wp\/v2\/pages\/2473","targetHints":{"allow":["GET"]}}],"collection":[{"href":"https:\/\/www.bau-styl.hu\/furdoszobaszalon\/wp-json\/wp\/v2\/pages"}],"about":[{"href":"https:\/\/www.bau-styl.hu\/furdoszobaszalon\/wp-json\/wp\/v2\/types\/page"}],"author":[{"embeddable":true,"href":"https:\/\/www.bau-styl.hu\/furdoszobaszalon\/wp-json\/wp\/v2\/users\/2"}],"replies":[{"embeddable":true,"href":"https:\/\/www.bau-styl.hu\/furdoszobaszalon\/wp-json\/wp\/v2\/comments?post=2473"}],"version-history":[{"count":0,"href":"https:\/\/www.bau-styl.hu\/furdoszobaszalon\/wp-json\/wp\/v2\/pages\/2473\/revisions"}],"wp:attachment":[{"href":"https:\/\/www.bau-styl.hu\/furdoszobaszalon\/wp-json\/wp\/v2\/media?parent=2473"}],"curies":[{"name":"wp","href":"https:\/\/api.w.org\/{rel}","templated":true}]}}